{"id":46455,"date":"2019-11-30T00:00:00","date_gmt":"2019-11-30T00:00:00","guid":{"rendered":"https:\/\/wydawnictwo.ug.edu.pl\/ksiegarnia-online\/uncategorized\/rok-1918-w-mojej-wsi-w-moim-miescie-w-moim-kraju-w-moim-swiecie\/"},"modified":"2026-02-11T14:35:28","modified_gmt":"2026-02-11T14:35:28","slug":"rok-1918-w-mojej-wsi-w-moim-miescie-w-moim-kraju-w-moim-swiecie","status":"publish","type":"product","link":"https:\/\/wydawnictwo.ug.edu.pl\/en\/ksiegarnia-online\/historia\/rok-1918-w-mojej-wsi-w-moim-miescie-w-moim-kraju-w-moim-swiecie\/","title":{"rendered":"Rok 1918 w mojej wsi, w moim mie\u015bcie, w moim kraju, w moim \u015bwiecie"},"content":{"rendered":"","protected":false},"excerpt":{"rendered":"<p>Rok 1918 to prze\u0142omowa data nie tylko w dziejach Polski czy Europy, ale i ca\u0142ego \u015bwiata. W wyniku Wielkiej Wojny, b\u0119d\u0105cej kulminacj\u0105 konflikt\u00f3w mi\u0119dzy nowymi a starymi imperiami prze\u0142omu XIX i XX w., powsta\u0142 nowy \u0142ad polityczny na naszym kontynencie. Dawne mocarstwa uleg\u0142y przeobra\u017ceniu, os\u0142abieniu b\u0105d\u017a ca\u0142kowicie znikn\u0119\u0142y z mapy. Na ich gruzach utworzono za\u015b nowe twory polityczne, odrodzi\u0142y si\u0119 r\u00f3wnie\u017c stare pa\u0144stwa, w tym Polska. Historia nie toczy si\u0119 jednak tylko na szczeblu politycznym w wymiarze mi\u0119dzynarodowym. Toczy si\u0119 w rodzinach, spo\u0142eczno\u015bciach lokalnych, r\u00f3\u017cnych \u015brodowiskach.<\/p>\n<p>W niniejszym tomie, b\u0119d\u0105cym pok\u0142osiem konferencji \u201eRok 1918 w mojej wsi, w moim mie\u015bcie, w moim kraju, w moim \u015bwiecie\u201d, zorganizowanej przez Wydzia\u0142 Historyczny Uniwersytetu Gda\u0144skiego, Academi\u0119 Europa Nostra oraz Muzeum Hymnu Narodowego w B\u0119dominie oddzia\u0142 Muzeum Narodowego w Gda\u0144sku, kt\u00f3ra odby\u0142a si\u0119 w dniach 11\u201312 pa\u017adziernika 2018 r., pragniemy zwr\u00f3ci\u0107 uwag\u0119 na ten w\u0142a\u015bnie wymiar, pokaza\u0107, jak \u00f3w rok przebiega\u0142 w konkretnych wsiach, miastach, regionach, krajach.<\/p>\n<p>Zawarte w ksi\u0105\u017cce teksty nie ograniczaj\u0105 si\u0119 wy\u0142\u0105cznie do szeroko rozumianych teren\u00f3w polskich (od Ba\u0142tyku poprzez \u015al\u0105sk a\u017c po Podole), ale prezentuj\u0105 rok 1918 z szerszej \u2013 zar\u00f3wno europejskiej, jak i ameryka\u0144skiej perspektywy.<\/p>\n","protected":false},"featured_media":15324,"template":"","meta":{"_acf_changed":false},"journal":[],"rodzaj":[],"seria":[],"product_brand":[],"product_cat":[6958],"product_tag":[432],"class_list":{"0":"post-46455","1":"product","2":"type-product","3":"status-publish","4":"has-post-thumbnail","6":"product_cat-historia","7":"product_tag-piotr-derengowski","9":"first","10":"instock","11":"taxable","12":"shipping-taxable","13":"purchasable","14":"product-type-simple"},"acf":[],"_links":{"self":[{"href":"https:\/\/wydawnictwo.ug.edu.pl\/en\/wp-json\/wp\/v2\/product\/46455","targetHints":{"allow":["GET"]}}],"collection":[{"href":"https:\/\/wydawnictwo.ug.edu.pl\/en\/wp-json\/wp\/v2\/product"}],"about":[{"href":"https:\/\/wydawnictwo.ug.edu.pl\/en\/wp-json\/wp\/v2\/types\/product"}],"wp:featuredmedia":[{"embeddable":true,"href":"https:\/\/wydawnictwo.ug.edu.pl\/en\/wp-json\/wp\/v2\/media\/15324"}],"wp:attachment":[{"href":"https:\/\/wydawnictwo.ug.edu.pl\/en\/wp-json\/wp\/v2\/media?parent=46455"}],"wp:term":[{"taxonomy":"journal","embeddable":true,"href":"https:\/\/wydawnictwo.ug.edu.pl\/en\/wp-json\/wp\/v2\/journal?post=46455"},{"taxonomy":"rodzaj","embeddable":true,"href":"https:\/\/wydawnictwo.ug.edu.pl\/en\/wp-json\/wp\/v2\/rodzaj?post=46455"},{"taxonomy":"seria","embeddable":true,"href":"https:\/\/wydawnictwo.ug.edu.pl\/en\/wp-json\/wp\/v2\/seria?post=46455"},{"taxonomy":"product_brand","embeddable":true,"href":"https:\/\/wydawnictwo.ug.edu.pl\/en\/wp-json\/wp\/v2\/product_brand?post=46455"},{"taxonomy":"product_cat","embeddable":true,"href":"https:\/\/wydawnictwo.ug.edu.pl\/en\/wp-json\/wp\/v2\/product_cat?post=46455"},{"taxonomy":"product_tag","embeddable":true,"href":"https:\/\/wydawnictwo.ug.edu.pl\/en\/wp-json\/wp\/v2\/product_tag?post=46455"}],"curies":[{"name":"wp","href":"https:\/\/api.w.org\/{rel}","templated":true}]}}

Rok 1918 w mojej wsi, w moim mieście, w moim kraju, w moim świecie

<p>Rok 1918 to przełomowa data nie tylko w dziejach Polski czy Europy, ale i całego świata. W wyniku Wielkiej Wojny, będącej kulminacją konfliktów między nowymi a starymi imperiami przełomu XIX i XX w., powstał nowy ład polityczny na naszym kontynencie. Dawne mocarstwa uległy przeobrażeniu, osłabieniu bądź całkowicie zniknęły z mapy. Na ich gruzach utworzono zaś nowe twory polityczne, odrodziły się również stare państwa, w tym Polska. Historia nie toczy się jednak tylko na szczeblu politycznym w wymiarze międzynarodowym. Toczy się w rodzinach, społecznościach lokalnych, różnych środowiskach.</p>
<p>W niniejszym tomie, będącym pokłosiem konferencji „Rok 1918 w mojej wsi, w moim mieście, w moim kraju, w moim świecie”, zorganizowanej przez Wydział Historyczny Uniwersytetu Gdańskiego, Academię Europa Nostra oraz Muzeum Hymnu Narodowego w Będominie oddział Muzeum Narodowego w Gdańsku, która odbyła się w dniach 11–12 października 2018 r., pragniemy zwrócić uwagę na ten właśnie wymiar, pokazać, jak ów rok przebiegał w konkretnych wsiach, miastach, regionach, krajach.</p>
<p>Zawarte w książce teksty nie ograniczają się wyłącznie do szeroko rozumianych terenów polskich (od Bałtyku poprzez Śląsk aż po Podole), ale prezentują rok 1918 z szerszej – zarówno europejskiej, jak i amerykańskiej perspektywy.</p>
