{"id":46449,"date":"2019-11-30T01:00:00","date_gmt":"2019-11-30T01:00:00","guid":{"rendered":"https:\/\/wydawnictwo.ug.edu.pl\/ksiegarnia-online\/uncategorized\/tax-culture-polsih-and-russian-approach\/"},"modified":"2026-02-11T14:34:12","modified_gmt":"2026-02-11T14:34:12","slug":"tax-culture-polsih-and-russian-approach","status":"publish","type":"product","link":"https:\/\/wydawnictwo.ug.edu.pl\/en\/ksiegarnia-online\/prawo-i-administracja\/tax-culture-polsih-and-russian-approach\/","title":{"rendered":"Tax culture. Polsih and Russian approach"},"content":{"rendered":"","protected":false},"excerpt":{"rendered":"<p>Prawo podatkowe jest z\u0142o\u017conym i obszernym zagadnieniem. Z uwagi na sw\u00f3j zakres stanowi przedmiot zainteresowania og\u00f3\u0142u spo\u0142ecze\u0144stwa. Jest dziedzina\u0328 spajaj\u0105c\u0105 wiele ga\u0142\u0119zi prawa \u2013 ze wzgl\u0119du na swoja\u0328 uniwersalno\u015b\u0107 wywiera skutki niemal w ka\u017cdym aspekcie \u017cycia. Jednak badania nad prawem podatkowym skupione s\u0105 si\u0119 wok\u00f3\u0142 analizy i oceny przepis\u00f3w, a tak\u017ce formalnych instytucji, rzadko za\u015b podejmuj\u0105 problem podatk\u00f3w w szerszej perspektywie. Dlatego w publikacji przyj\u0119ta zosta\u0142a perspektywa kultury jako miernika osi\u0105gni\u0119\u0107 w zakresie prawa podatkowego.<\/p>\n<p>Dzi\u0119ki pos\u0142ugiwaniu si\u0119 poj\u0119ciem kultury podatkowej rozszerza si\u0119 obszar bada\u0144. Z jednej strony zakorzenione s\u0105 one w sferze obiektywnej, bowiem dotycz\u0105 obowi\u0105zuj\u0105cych przepis\u00f3w prawnych, a z drugiej strony dotykaj\u0105 obszar\u00f3w niesformalizowanych oraz subiektywnych, jak emocje, my\u015bli, postawy, reakcje.<\/p>\n<p>Kultur\u0119 podatkow\u0105 buduj\u0105 elementy, takie jak: tworzenie i stosowanie prawa podatkowego oraz poziom \u015bwiadomo\u015bci prawnej podatnik\u00f3w. Te trzy sfery kultury podatkowej przenikaj\u0105 si\u0119. Wszystkie oparte s\u0105 na warto\u015bciach. Dzia\u0142anie ustawodawcy podatkowego i organ\u00f3w stosuj\u0105cych prawo podatkowe kszta\u0142tuje \u015bwiadomo\u015b\u0107 prawn\u0105 i zachowania podatnik\u00f3w, jednocze\u015bnie zachowania podatnik\u00f3w i ich \u015bwiadomo\u015b\u0107 prawna stanowi\u0105 fakt, z kt\u00f3rym musz\u0105 liczy\u0107 si\u0119 te podmioty, aby m\u00f3c realizowa\u0107 swoje zadania. Wszystkie aspekty kultury prawa podatkowego nacechowane s\u0105 pewnymi krajowymi odr\u0119bno\u015bciami.<\/p>\n<p>Celem niniejszej publikacji jest pr\u00f3ba zdefiniowania kultury podatkowej oraz analiza stanu kultury podatkowej w Polsce i Rosji, a tak\u017ce ukazanie, \u017ce kszta\u0142t prawa podatkowego jest determinowany kulturowo. Analiza polskiej i rosyjskiej kultury podatkowej stanowi przestrze\u0144 dla rozwa\u017ca\u0144 nad kierunkami, w kt\u00f3rych pod\u0105\u017caj\u0105 oba kraje.<\/p>\n","protected":false},"featured_media":16056,"template":"","meta":{"_acf_changed":false},"journal":[],"rodzaj":[],"seria":[],"product_brand":[],"product_cat":[232],"product_tag":[444,947],"class_list":{"0":"post-46449","1":"product","2":"type-product","3":"status-publish","4":"has-post-thumbnail","6":"product_cat-prawo-i-administracja","7":"product_tag-anna-drywa","8":"product_tag-anna-reut","9":"pa_rok-wydania-849","11":"first","12":"instock","13":"taxable","14":"shipping-taxable","15":"purchasable","16":"product-type-simple"},"acf":[],"_links":{"self":[{"href":"https:\/\/wydawnictwo.ug.edu.pl\/en\/wp-json\/wp\/v2\/product\/46449","targetHints":{"allow":["GET"]}}],"collection":[{"href":"https:\/\/wydawnictwo.ug.edu.pl\/en\/wp-json\/wp\/v2\/product"}],"about":[{"href":"https:\/\/wydawnictwo.ug.edu.pl\/en\/wp-json\/wp\/v2\/types\/product"}],"wp:featuredmedia":[{"embeddable":true,"href":"https:\/\/wydawnictwo.ug.edu.pl\/en\/wp-json\/wp\/v2\/media\/16056"}],"wp:attachment":[{"href":"https:\/\/wydawnictwo.ug.edu.pl\/en\/wp-json\/wp\/v2\/media?parent=46449"}],"wp:term":[{"taxonomy":"journal","embeddable":true,"href":"https:\/\/wydawnictwo.ug.edu.pl\/en\/wp-json\/wp\/v2\/journal?post=46449"},{"taxonomy":"rodzaj","embeddable":true,"href":"https:\/\/wydawnictwo.ug.edu.pl\/en\/wp-json\/wp\/v2\/rodzaj?post=46449"},{"taxonomy":"seria","embeddable":true,"href":"https:\/\/wydawnictwo.ug.edu.pl\/en\/wp-json\/wp\/v2\/seria?post=46449"},{"taxonomy":"product_brand","embeddable":true,"href":"https:\/\/wydawnictwo.ug.edu.pl\/en\/wp-json\/wp\/v2\/product_brand?post=46449"},{"taxonomy":"product_cat","embeddable":true,"href":"https:\/\/wydawnictwo.ug.edu.pl\/en\/wp-json\/wp\/v2\/product_cat?post=46449"},{"taxonomy":"product_tag","embeddable":true,"href":"https:\/\/wydawnictwo.ug.edu.pl\/en\/wp-json\/wp\/v2\/product_tag?post=46449"}],"curies":[{"name":"wp","href":"https:\/\/api.w.org\/{rel}","templated":true}]}}

<p>Prawo podatkowe jest złożonym i obszernym zagadnieniem. Z uwagi na swój zakres stanowi przedmiot zainteresowania ogółu społeczeństwa. Jest dziedziną spajającą wiele gałęzi prawa – ze względu na swoją uniwersalność wywiera skutki niemal w każdym aspekcie życia. Jednak badania nad prawem podatkowym skupione są się wokół analizy i oceny przepisów, a także formalnych instytucji, rzadko zaś podejmują problem podatków w szerszej perspektywie. Dlatego w publikacji przyjęta została perspektywa kultury jako miernika osiągnięć w zakresie prawa podatkowego.</p>
<p>Dzięki posługiwaniu się pojęciem kultury podatkowej rozszerza się obszar badań. Z jednej strony zakorzenione są one w sferze obiektywnej, bowiem dotyczą obowiązujących przepisów prawnych, a z drugiej strony dotykają obszarów niesformalizowanych oraz subiektywnych, jak emocje, myśli, postawy, reakcje.</p>
<p>Kulturę podatkową budują elementy, takie jak: tworzenie i stosowanie prawa podatkowego oraz poziom świadomości prawnej podatników. Te trzy sfery kultury podatkowej przenikają się. Wszystkie oparte są na wartościach. Działanie ustawodawcy podatkowego i organów stosujących prawo podatkowe kształtuje świadomość prawną i zachowania podatników, jednocześnie zachowania podatników i ich świadomość prawna stanowią fakt, z którym muszą liczyć się te podmioty, aby móc realizować swoje zadania. Wszystkie aspekty kultury prawa podatkowego nacechowane są pewnymi krajowymi odrębnościami.</p>
<p>Celem niniejszej publikacji jest próba zdefiniowania kultury podatkowej oraz analiza stanu kultury podatkowej w Polsce i Rosji, a także ukazanie, że kształt prawa podatkowego jest determinowany kulturowo. Analiza polskiej i rosyjskiej kultury podatkowej stanowi przestrzeń dla rozważań nad kierunkami, w których podążają oba kraje.</p>
