{"id":46448,"date":"2019-11-30T10:00:00","date_gmt":"2019-11-30T10:00:00","guid":{"rendered":"https:\/\/wydawnictwo.ug.edu.pl\/ksiegarnia-online\/uncategorized\/slownik-biograficzny-historykow-uniwersytetu-gdanskiego\/"},"modified":"2026-02-11T14:32:36","modified_gmt":"2026-02-11T14:32:36","slug":"slownik-biograficzny-historykow-uniwersytetu-gdanskiego","status":"publish","type":"product","link":"https:\/\/wydawnictwo.ug.edu.pl\/en\/ksiegarnia-online\/historia\/slownik-biograficzny-historykow-uniwersytetu-gdanskiego\/","title":{"rendered":"S\u0142ownik biograficzny historyk\u00f3w Uniwersytetu Gda\u0144skiego"},"content":{"rendered":"","protected":false},"excerpt":{"rendered":"<p>Jako historyk historiografii od lat zajmuj\u0105cy si\u0119 dziejami nauki historycznej w Polsce Ludowej z rado\u015bci\u0105 witam ksi\u0105\u017ck\u0119 przygotowan\u0105 przez zesp\u00f3\u0142 historyk\u00f3w gda\u0144skich. Mimo znacznego post\u0119pu w badaniach nad fenomenem historiografii PRL wci\u0105\u017c jeszcze brakuje opracowa\u0144 o charakterze syntetycznym dotycz\u0105cych poszczeg\u00f3lnych \u015brodowisk badaczy i monografii po\u015bwi\u0119conych o\u015brodkom nauki historycznej, stanowi\u0105cych istotn\u0105 cz\u0119\u015b\u0107 dorobku polskich historyk\u00f3w po drugiej wojnie \u015bwiatowej.<\/p>\n<p>Nale\u017cy zaznaczy\u0107, \u017ce wi\u0119kszo\u015b\u0107 szkic\u00f3w powsta\u0142a w wyniku wnikliwej kwerendy archiwalnej, obejmuj\u0105cej nie tylko Archiwum Uniwersytetu Gda\u0144skiego. To niew\u0105tpliwie atut tej publikacji. Wykorzystane w tekstach ankiety personalne, recenzje w przewodach, wspomnienia najbli\u017cszej rodziny, listy sprawiaj\u0105, \u017ce otrzymali\u015bmy w wi\u0119kszo\u015bci portrety rzetelne, dobrze osadzone w materiale \u017ar\u00f3d\u0142owym, nieograniczaj\u0105ce si\u0119 jedynie do kompilacji opinii z nekrolog\u00f3w i wspomnie\u0144.<\/p>\n<p><em>Z recenzji prof dr. hab. Rafa\u0142a Stobieckiego<\/em><\/p>\n<p>Rozmowa z redaktorami naukowymi ksi\u0105\u017cki ukaza\u0142a si\u0119 na \u0142amach <a href=\"https:\/\/wydawnictwo.ug.edu.pl\/rozmowy\/rozmowa-z-redaktorami-naukowymi-slownika-biograficznego-historykow-uniwersytetu-gdanskiego-w-gazecie-uniwersyteckiej\/\">Gazety Uniwersyteckiej<\/a>.<\/p>\n<p><a href=\"https:\/\/wydawnictwo.ug.edu.pl\/wp-content\/uploads\/2021\/09\/ZH_86-4_11_Rec-Dygdala_N.pdf\">Recenzja<\/a> ksi\u0105\u017cki w czasopi\u015bmie \u201eZapiski Historyczne\u201d t. 86, 2021, z. 4, (s. 191\u2013197) autorstwa Jerzego Dygda\u0142y (Instytut Historii, Polska Akademia Nauk).<\/p>\n<p><iframe title=\"YouTube video player\" src=\"https:\/\/www.youtube.com\/embed\/7WX4X-mbalo\" width=\"560\" height=\"315\" frameborder=\"0\"><\/iframe><\/p>\n","protected":false},"featured_media":15515,"template":"","meta":{"_acf_changed":false},"journal":[],"rodzaj":[],"seria":[],"product_brand":[],"product_cat":[229],"product_tag":[765,609],"class_list":{"0":"post-46448","1":"product","2":"type-product","3":"status-publish","4":"has-post-thumbnail","6":"product_cat-historia","7":"product_tag-eugeniusz-koko","8":"product_tag-zbigniew-opacki","9":"pa_rok-wydania-849","11":"first","12":"instock","13":"taxable","14":"shipping-taxable","15":"purchasable","16":"product-type-simple"},"acf":[],"_links":{"self":[{"href":"https:\/\/wydawnictwo.ug.edu.pl\/en\/wp-json\/wp\/v2\/product\/46448","targetHints":{"allow":["GET"]}}],"collection":[{"href":"https:\/\/wydawnictwo.ug.edu.pl\/en\/wp-json\/wp\/v2\/product"}],"about":[{"href":"https:\/\/wydawnictwo.ug.edu.pl\/en\/wp-json\/wp\/v2\/types\/product"}],"wp:featuredmedia":[{"embeddable":true,"href":"https:\/\/wydawnictwo.ug.edu.pl\/en\/wp-json\/wp\/v2\/media\/15515"}],"wp:attachment":[{"href":"https:\/\/wydawnictwo.ug.edu.pl\/en\/wp-json\/wp\/v2\/media?parent=46448"}],"wp:term":[{"taxonomy":"journal","embeddable":true,"href":"https:\/\/wydawnictwo.ug.edu.pl\/en\/wp-json\/wp\/v2\/journal?post=46448"},{"taxonomy":"rodzaj","embeddable":true,"href":"https:\/\/wydawnictwo.ug.edu.pl\/en\/wp-json\/wp\/v2\/rodzaj?post=46448"},{"taxonomy":"seria","embeddable":true,"href":"https:\/\/wydawnictwo.ug.edu.pl\/en\/wp-json\/wp\/v2\/seria?post=46448"},{"taxonomy":"product_brand","embeddable":true,"href":"https:\/\/wydawnictwo.ug.edu.pl\/en\/wp-json\/wp\/v2\/product_brand?post=46448"},{"taxonomy":"product_cat","embeddable":true,"href":"https:\/\/wydawnictwo.ug.edu.pl\/en\/wp-json\/wp\/v2\/product_cat?post=46448"},{"taxonomy":"product_tag","embeddable":true,"href":"https:\/\/wydawnictwo.ug.edu.pl\/en\/wp-json\/wp\/v2\/product_tag?post=46448"}],"curies":[{"name":"wp","href":"https:\/\/api.w.org\/{rel}","templated":true}]}}

Słownik biograficzny historyków Uniwersytetu Gdańskiego

<p>Jako historyk historiografii od lat zajmujący się dziejami nauki historycznej w Polsce Ludowej z radością witam książkę przygotowaną przez zespół historyków gdańskich. Mimo znacznego postępu w badaniach nad fenomenem historiografii PRL wciąż jeszcze brakuje opracowań o charakterze syntetycznym dotyczących poszczególnych środowisk badaczy i monografii poświęconych ośrodkom nauki historycznej, stanowiących istotną część dorobku polskich historyków po drugiej wojnie światowej.</p>
<p>Należy zaznaczyć, że większość szkiców powstała w wyniku wnikliwej kwerendy archiwalnej, obejmującej nie tylko Archiwum Uniwersytetu Gdańskiego. To niewątpliwie atut tej publikacji. Wykorzystane w tekstach ankiety personalne, recenzje w przewodach, wspomnienia najbliższej rodziny, listy sprawiają, że otrzymaliśmy w większości portrety rzetelne, dobrze osadzone w materiale źródłowym, nieograniczające się jedynie do kompilacji opinii z nekrologów i wspomnień.</p>
<p><em>Z recenzji prof dr. hab. Rafała Stobieckiego</em></p>
<p>Rozmowa z redaktorami naukowymi książki ukazała się na łamach <a href="https://wydawnictwo.ug.edu.pl/rozmowy/rozmowa-z-redaktorami-naukowymi-slownika-biograficznego-historykow-uniwersytetu-gdanskiego-w-gazecie-uniwersyteckiej/">Gazety Uniwersyteckiej</a>.</p>
<p><a href="https://wydawnictwo.ug.edu.pl/wp-content/uploads/2021/09/ZH_86-4_11_Rec-Dygdala_N.pdf">Recenzja</a> książki w czasopiśmie „Zapiski Historyczne” t. 86, 2021, z. 4, (s. 191–197) autorstwa Jerzego Dygdały (Instytut Historii, Polska Akademia Nauk).</p>
<p><iframe title="YouTube video player" src="https://www.youtube.com/embed/7WX4X-mbalo" width="560" height="315" frameborder="0"></iframe></p>
