{"id":46440,"date":"2019-12-01T00:00:00","date_gmt":"2019-12-01T00:00:00","guid":{"rendered":"https:\/\/wydawnictwo.ug.edu.pl\/ksiegarnia-online\/uncategorized\/samoregulacyjne-ksztaltowanie-zachowan-rynkowych-przedsiebiorstw\/"},"modified":"2026-02-11T14:19:34","modified_gmt":"2026-02-11T14:19:34","slug":"samoregulacyjne-ksztaltowanie-zachowan-rynkowych-przedsiebiorstw","status":"publish","type":"product","link":"https:\/\/wydawnictwo.ug.edu.pl\/en\/ksiegarnia-online\/ekonomia\/samoregulacyjne-ksztaltowanie-zachowan-rynkowych-przedsiebiorstw\/","title":{"rendered":"Samoregulacyjne kszta\u0142towanie zachowa\u0144 rynkowych przedsi\u0119biorstw"},"content":{"rendered":"","protected":false},"excerpt":{"rendered":"<p>Oddawana do Pa\u0144stwa r\u0105k publikacja powsta\u0142a w dziwnych czasach. Rok 2020 zostanie zapami\u0119tany przede wszystkim jako czas rozprzestrzeniaj\u0105cego si\u0119 na ca\u0142ym \u015bwiecie wirusa COVID-19. Pandemia, kt\u00f3ra wstrz\u0105sn\u0119\u0142a og\u00f3lno\u015bwiatowym spo\u0142ecze\u0144stwem, dotykaj\u0105c cz\u0119sto bardzo bole\u015bnie nas samych i naszych najbli\u017cszych, spowodowa\u0142a te\u017c wiele zaburze\u0144 w sferze gospodarczej. W\u0142a\u015bciwie jeszcze nie mo\u017cna z ca\u0142kowit\u0105 pewno\u015bci\u0105 stwierdzi\u0107, jakie d\u0142ugofalowe skutki b\u0119dzie mia\u0142a ta sytuacja dla system\u00f3w spo\u0142eczno-gospodarczych, do oceny kt\u00f3rych trzeba pewnej perspektywy, r\u00f3wnie\u017c czasowej. Jedno wszak\u017ce wiadomo na pewno, ka\u017cdy podmiot gospodaruj\u0105cy\u00a0w jakim\u015b stopniu zosta\u0142 lub zostanie dotkni\u0119ty skutkami chaosu w systemach spo\u0142eczno-gospodarczych \u015bwiata, kt\u00f3re wynikaj\u0105 z pandemii. W tym kontek\u015bcie zrozumienie i w konsekwencji rozw\u00f3j zdolno\u015bci samoregulacyjnych podmiot\u00f3w gospodaruj\u0105cych oraz \u015bwiadome kszta\u0142towanie ich zachowa\u0144 rynkowych, a tak\u017ce wykorzystywanie wielu, cz\u0119sto z\u0142o\u017conych i wielopostaciowych narz\u0119dzi ochrony trwania podmiot\u00f3w w d\u0142ugim okresie, wydaje si\u0119 by\u0107 jedynym sposobem na poradzenie sobie w tym, jak\u017ce turbulentnym, otoczeniu spo\u0142eczno-gospodarczym.<\/p>\n<p>Autorzy maj\u0105 nadziej\u0119, \u017ce publikacja dostarczy pewnych koncepcji, a tak\u017ce cho\u0107by w minimalny spos\u00f3b zwr\u00f3ci uwag\u0119 na konieczno\u015b\u0107 rozwijania przez podmioty gospodaruj\u0105ce innych ni\u017c do tej pory umiej\u0119tno\u015bci, czyli umiej\u0119tno\u015bci samoregulacyjnych, kt\u00f3re s\u0105 odpowiedzialne za elastyczno\u015b\u0107 funkcjonaln\u0105 podmiot\u00f3w i maj\u0105 im pomaga\u0107 w\u0142a\u015bnie w radzeniu sobie z nieprzewidywalnymi sytuacjami. Jest to tak\u017ce pr\u00f3ba sprowokowania uporz\u0105dkowania problematyki opisu proces\u00f3w i cel\u00f3w gospodarowania przedsi\u0119biorstw, przyczyniaj\u0105ca si\u0119 do lepszego ich zrozumienia, zar\u00f3wno przez teoretyk\u00f3w (w zakresie metodologii opisu proces\u00f3w gospodarowania przedsi\u0119biorstw), jak i praktyk\u00f3w (w zakresie \u0142atwiejszego identyfikowania proces\u00f3w samoregulacji). W konsekwencji zatem wp\u0142ynie na sprawniejsz\u0105 realizacj\u0119 celu g\u0142\u00f3wnego podmiot\u00f3w gospodaruj\u0105cych, jakim jest przetrwanie i zachowywanie d\u0142ugookresowej dynamicznej r\u00f3wnowagi funkcjonalnej, przyczyniaj\u0105c si\u0119 do rozwoju system\u00f3w gospodaruj\u0105cych i spo\u0142eczno-gospodarczych.<\/p>\n","protected":false},"featured_media":15242,"template":"","meta":{"_acf_changed":false},"journal":[],"rodzaj":[],"seria":[],"product_brand":[],"product_cat":[6934],"product_tag":[7901,7902],"class_list":{"0":"post-46440","1":"product","2":"type-product","3":"status-publish","4":"has-post-thumbnail","6":"product_cat-ekonomia","7":"product_tag-andrzej-letkiewiczandrzej-letkiewicz","8":"product_tag-beata-majeckabeata-majecka","10":"first","11":"instock","12":"taxable","13":"shipping-taxable","14":"product-type-simple"},"acf":[],"_links":{"self":[{"href":"https:\/\/wydawnictwo.ug.edu.pl\/en\/wp-json\/wp\/v2\/product\/46440","targetHints":{"allow":["GET"]}}],"collection":[{"href":"https:\/\/wydawnictwo.ug.edu.pl\/en\/wp-json\/wp\/v2\/product"}],"about":[{"href":"https:\/\/wydawnictwo.ug.edu.pl\/en\/wp-json\/wp\/v2\/types\/product"}],"wp:featuredmedia":[{"embeddable":true,"href":"https:\/\/wydawnictwo.ug.edu.pl\/en\/wp-json\/wp\/v2\/media\/15242"}],"wp:attachment":[{"href":"https:\/\/wydawnictwo.ug.edu.pl\/en\/wp-json\/wp\/v2\/media?parent=46440"}],"wp:term":[{"taxonomy":"journal","embeddable":true,"href":"https:\/\/wydawnictwo.ug.edu.pl\/en\/wp-json\/wp\/v2\/journal?post=46440"},{"taxonomy":"rodzaj","embeddable":true,"href":"https:\/\/wydawnictwo.ug.edu.pl\/en\/wp-json\/wp\/v2\/rodzaj?post=46440"},{"taxonomy":"seria","embeddable":true,"href":"https:\/\/wydawnictwo.ug.edu.pl\/en\/wp-json\/wp\/v2\/seria?post=46440"},{"taxonomy":"product_brand","embeddable":true,"href":"https:\/\/wydawnictwo.ug.edu.pl\/en\/wp-json\/wp\/v2\/product_brand?post=46440"},{"taxonomy":"product_cat","embeddable":true,"href":"https:\/\/wydawnictwo.ug.edu.pl\/en\/wp-json\/wp\/v2\/product_cat?post=46440"},{"taxonomy":"product_tag","embeddable":true,"href":"https:\/\/wydawnictwo.ug.edu.pl\/en\/wp-json\/wp\/v2\/product_tag?post=46440"}],"curies":[{"name":"wp","href":"https:\/\/api.w.org\/{rel}","templated":true}]}}

Samoregulacyjne kształtowanie zachowań rynkowych przedsiębiorstw

<p>Oddawana do Państwa rąk publikacja powstała w dziwnych czasach. Rok 2020 zostanie zapamiętany przede wszystkim jako czas rozprzestrzeniającego się na całym świecie wirusa COVID-19. Pandemia, która wstrząsnęła ogólnoświatowym społeczeństwem, dotykając często bardzo boleśnie nas samych i naszych najbliższych, spowodowała też wiele zaburzeń w sferze gospodarczej. Właściwie jeszcze nie można z całkowitą pewnością stwierdzić, jakie długofalowe skutki będzie miała ta sytuacja dla systemów społeczno-gospodarczych, do oceny których trzeba pewnej perspektywy, również czasowej. Jedno wszakże wiadomo na pewno, każdy podmiot gospodarujący w jakimś stopniu został lub zostanie dotknięty skutkami chaosu w systemach społeczno-gospodarczych świata, które wynikają z pandemii. W tym kontekście zrozumienie i w konsekwencji rozwój zdolności samoregulacyjnych podmiotów gospodarujących oraz świadome kształtowanie ich zachowań rynkowych, a także wykorzystywanie wielu, często złożonych i wielopostaciowych narzędzi ochrony trwania podmiotów w długim okresie, wydaje się być jedynym sposobem na poradzenie sobie w tym, jakże turbulentnym, otoczeniu społeczno-gospodarczym.</p>
<p>Autorzy mają nadzieję, że publikacja dostarczy pewnych koncepcji, a także choćby w minimalny sposób zwróci uwagę na konieczność rozwijania przez podmioty gospodarujące innych niż do tej pory umiejętności, czyli umiejętności samoregulacyjnych, które są odpowiedzialne za elastyczność funkcjonalną podmiotów i mają im pomagać właśnie w radzeniu sobie z nieprzewidywalnymi sytuacjami. Jest to także próba sprowokowania uporządkowania problematyki opisu procesów i celów gospodarowania przedsiębiorstw, przyczyniająca się do lepszego ich zrozumienia, zarówno przez teoretyków (w zakresie metodologii opisu procesów gospodarowania przedsiębiorstw), jak i praktyków (w zakresie łatwiejszego identyfikowania procesów samoregulacji). W konsekwencji zatem wpłynie na sprawniejszą realizację celu głównego podmiotów gospodarujących, jakim jest przetrwanie i zachowywanie długookresowej dynamicznej równowagi funkcjonalnej, przyczyniając się do rozwoju systemów gospodarujących i społeczno-gospodarczych.</p>
