{"id":46439,"date":"2019-12-01T00:00:00","date_gmt":"2019-12-01T00:00:00","guid":{"rendered":"https:\/\/wydawnictwo.ug.edu.pl\/ksiegarnia-online\/uncategorized\/logistyczne-aspekty-racjonalnego-wykorzystania-systemow-informatycznych\/"},"modified":"2026-02-11T14:23:53","modified_gmt":"2026-02-11T14:23:53","slug":"logistyczne-aspekty-racjonalnego-wykorzystania-systemow-informatycznych","status":"publish","type":"product","link":"https:\/\/wydawnictwo.ug.edu.pl\/en\/ksiegarnia-online\/ekonomia\/logistyczne-aspekty-racjonalnego-wykorzystania-systemow-informatycznych\/","title":{"rendered":"Logistyczne aspekty racjonalnego wykorzystania system\u00f3w informatycznych"},"content":{"rendered":"","protected":false},"excerpt":{"rendered":"<p>Celem niniejszego opracowania jest przybli\u017cenie specyfiki element\u00f3w systemu logistyki informacji zarz\u0105dczej i ich roli w funkcjonowaniu wsp\u00f3\u0142czesnych organizacji, dok\u0142adniej \u2013 roli we wspieraniu realizacji proces\u00f3w biznesowych. Szczeg\u00f3lnie du\u017c\u0105 uwag\u0119 po\u015bwi\u0119cono w nim technologiom automatycznej identyfikacji i elektronicznej wymianie danych oraz wybranym, najbardziej popularnym narz\u0119dziom, kt\u00f3re je wykorzystuj\u0105 \u2013 systemom klasy ERP, WMS, elektronicznym gie\u0142dom transportowym. Ksi\u0105\u017cka ma wprowadzi\u0107 czytelnika w tematyk\u0119 zintegrowanych system\u00f3w informatycznych w logistyce oraz zwi\u0105zanych z nimi technologii. W celu zaprezentowania praktycznego wymiaru logistyki informacji opr\u00f3cz podstawowych poj\u0119\u0107 om\u00f3wiono r\u00f3wnie\u017c praktyczne przyk\u0142ady zastosowania rozwi\u0105za\u0144\u00a0logistycznych, elektronicznych, telematycznych i informatycznych.<\/p>\n<p><strong>Ksi\u0105\u017cka finansowana w ramach Programu ProUG.<\/strong><\/p>\n","protected":false},"featured_media":16291,"template":"","meta":{"_acf_changed":false},"journal":[],"rodzaj":[],"seria":[],"product_brand":[],"product_cat":[6934],"product_tag":[7900],"class_list":{"0":"post-46439","1":"product","2":"type-product","3":"status-publish","4":"has-post-thumbnail","6":"product_cat-ekonomia","7":"product_tag-agnieszka-szmelter-jarosz","8":"pa_rok-wydania-2020-en","10":"first","11":"instock","12":"taxable","13":"shipping-taxable","14":"product-type-external"},"acf":[],"_links":{"self":[{"href":"https:\/\/wydawnictwo.ug.edu.pl\/en\/wp-json\/wp\/v2\/product\/46439","targetHints":{"allow":["GET"]}}],"collection":[{"href":"https:\/\/wydawnictwo.ug.edu.pl\/en\/wp-json\/wp\/v2\/product"}],"about":[{"href":"https:\/\/wydawnictwo.ug.edu.pl\/en\/wp-json\/wp\/v2\/types\/product"}],"wp:featuredmedia":[{"embeddable":true,"href":"https:\/\/wydawnictwo.ug.edu.pl\/en\/wp-json\/wp\/v2\/media\/16291"}],"wp:attachment":[{"href":"https:\/\/wydawnictwo.ug.edu.pl\/en\/wp-json\/wp\/v2\/media?parent=46439"}],"wp:term":[{"taxonomy":"journal","embeddable":true,"href":"https:\/\/wydawnictwo.ug.edu.pl\/en\/wp-json\/wp\/v2\/journal?post=46439"},{"taxonomy":"rodzaj","embeddable":true,"href":"https:\/\/wydawnictwo.ug.edu.pl\/en\/wp-json\/wp\/v2\/rodzaj?post=46439"},{"taxonomy":"seria","embeddable":true,"href":"https:\/\/wydawnictwo.ug.edu.pl\/en\/wp-json\/wp\/v2\/seria?post=46439"},{"taxonomy":"product_brand","embeddable":true,"href":"https:\/\/wydawnictwo.ug.edu.pl\/en\/wp-json\/wp\/v2\/product_brand?post=46439"},{"taxonomy":"product_cat","embeddable":true,"href":"https:\/\/wydawnictwo.ug.edu.pl\/en\/wp-json\/wp\/v2\/product_cat?post=46439"},{"taxonomy":"product_tag","embeddable":true,"href":"https:\/\/wydawnictwo.ug.edu.pl\/en\/wp-json\/wp\/v2\/product_tag?post=46439"}],"curies":[{"name":"wp","href":"https:\/\/api.w.org\/{rel}","templated":true}]}}

Logistyczne aspekty racjonalnego wykorzystania systemów informatycznych

<p>Celem niniejszego opracowania jest przybliżenie specyfiki elementów systemu logistyki informacji zarządczej i ich roli w funkcjonowaniu współczesnych organizacji, dokładniej – roli we wspieraniu realizacji procesów biznesowych. Szczególnie dużą uwagę poświęcono w nim technologiom automatycznej identyfikacji i elektronicznej wymianie danych oraz wybranym, najbardziej popularnym narzędziom, które je wykorzystują – systemom klasy ERP, WMS, elektronicznym giełdom transportowym. Książka ma wprowadzić czytelnika w tematykę zintegrowanych systemów informatycznych w logistyce oraz związanych z nimi technologii. W celu zaprezentowania praktycznego wymiaru logistyki informacji oprócz podstawowych pojęć omówiono również praktyczne przykłady zastosowania rozwiązań logistycznych, elektronicznych, telematycznych i informatycznych.</p>
<p><strong>Książka finansowana w ramach Programu ProUG.</strong></p>
