{"id":46436,"date":"2019-12-01T00:00:00","date_gmt":"2019-12-01T00:00:00","guid":{"rendered":"https:\/\/wydawnictwo.ug.edu.pl\/ksiegarnia-online\/uncategorized\/swiat-wirtualnych-obrazow-a-edukacja\/"},"modified":"2026-02-11T14:24:24","modified_gmt":"2026-02-11T14:24:24","slug":"swiat-wirtualnych-obrazow-a-edukacja","status":"publish","type":"product","link":"https:\/\/wydawnictwo.ug.edu.pl\/en\/ksiegarnia-online\/pedagogika-i-psychologia\/swiat-wirtualnych-obrazow-a-edukacja\/","title":{"rendered":"\u015awiat wirtualnych obraz\u00f3w a edukacja"},"content":{"rendered":"","protected":false},"excerpt":{"rendered":"<p>Publikacja sk\u0142ada si\u0119 z trzech odr\u0119bnych cz\u0119\u015bci. Pierwsza ma charakter wprowadzaj\u0105cy i definije poj\u0119cie wirtualnej rzeczywisto\u015bci. Rzeczywisto\u015b\u0107 mo\u017ce by\u0107 ujmowana w kategoriach: empirycznej, potencjalnej\u00a0 i quasi-rzeczywisto\u015bci. W tre\u015bciach zosta\u0142y wyr\u00f3\u017cnione dwa obszary: epistemologii filozoficznei metafizykipoznania. Trudno dokonywa\u0107 analiz spo\u0142ecznych aspekt\u00f3w medi\u00f3w bez odniesie\u0144 do wsp\u00f3\u0142czesnej flozofi. Pierwsz\u0105 cz\u0119\u015b\u0107 ko\u0144czy rozdzia\u0142 po\u015bwi\u0119cony edukacyjnym aspektom medi\u00f3w. Ma\u0142gorzata Lewartowska-Zychowicz dostrzega dwa podej\u015bcia do medi\u00f3w: krytyczne (ukierunkowane na zagro\u017cenia) oraz entuzjastyczne. Wok\u00f3\u0142 tych dw\u00f3ch orientacji koncentruje swoj\u0105 wypowied\u017a.<\/p>\n<p>Druga cz\u0119\u015b\u0107 ksi\u0105\u017cki zawiera tre\u015bci odnosz\u0105ce si\u0119 do wizualno\u015bci w relacji cz\u0142owiek\u2013\u015bwiat, do transformacji kultury w epoce globalnych medi\u00f3w cyfrowych. Zwraca uwag\u0119 na zjawisko nadprodukcji informacji oraz masowo\u015b\u0107 komunikat\u00f3w medialnych. Z tej perspektywy Gra\u017cyna Penkowska przechodzi w bardzo uporz\u0105dkowany spos\u00f3b do kwestii zwi\u0105zanych z komunikacj\u0105 wizualn\u0105. Zdanie \u201eDwa odmienne podej\u015bcia otwieraj\u0105 dyskusj\u0119 nie tylko o tym, co jest dominuj\u0105cym sposobem komunikowania, ale i o tym, jakie s\u0105 relacje mi\u0119dzy systemami: werbalnym i wizualnym\u201d zapowiada tre\u015bci dalej uszczeg\u00f3\u0142awiane, kt\u00f3re odnosz\u0105 si\u0119 do znaczenia wizualno\u015bci w edukacji.<\/p>\n<p>W trzeciej cz\u0119\u015bci pracy Michalina Rutka wskazuje, \u017ce popularyzacja wynalazku, kt\u00f3rym jest Internet, wp\u0142yn\u0119\u0142a na ekspresj\u0119 \u201eja\u201d. \u201eWyra\u017canie siebie\u201d w przestrzeni Internetu jest pozbawione kontroli spo\u0142ecznej. Trafnie konkluduje, \u017ce \u201ena naszych oczach dokonuje si\u0119 rewolucja dyskursywna, podczas kt\u00f3rej dawniej obowi\u0105zuj\u0105ce regu\u0142y spo\u0142eczne przestaj\u0105 obowi\u0105zywa\u0107, a w ich miejsce tworz\u0105 si\u0119 nowe\u201d.Publikacj\u0119 uwa\u017cam za ciekaw\u0105 propozycj\u0119 skierowan\u0105 do student\u00f3w, nauczycieli i wszystkich os\u00f3b zainteresowanych problematyk\u0105 wizualizacji i to\u017csamo\u015bci w przestrzeni medi\u00f3w.<\/p>\n<p><em>Z recenzji dr hab. Doroty Siemienickiej, prof. UMK<\/em><\/p>\n<p>Ksi\u0105\u017cka otrzyma\u0142a III nagrod\u0119 w <a href=\"https:\/\/wydawnictwo.ug.edu.pl\/nominacje-i-nagrody\/nagroda\/rozstrzygniecie-konkursu-wydawnictwa-uniwersytetu-gdanskiego-2020\/\">Konkursie Wydawnictwa Uniwersytetu Gda\u0144skiego<\/a> 2020 w kategorii Najlepsza ksi\u0105\u017cka naukowa.<\/p>\n","protected":false},"featured_media":15924,"template":"","meta":{"_acf_changed":false},"journal":[],"rodzaj":[],"seria":[],"product_brand":[],"product_cat":[7007],"product_tag":[7481,7895],"class_list":{"0":"post-46436","1":"product","2":"type-product","3":"status-publish","4":"has-post-thumbnail","6":"product_cat-pedagogika-i-psychologia","7":"product_tag-grazyna-penkowska","8":"product_tag-michalina-rutka","9":"pa_rok-wydania-2020-en","11":"first","12":"instock","13":"taxable","14":"shipping-taxable","15":"product-type-simple"},"acf":[],"_links":{"self":[{"href":"https:\/\/wydawnictwo.ug.edu.pl\/en\/wp-json\/wp\/v2\/product\/46436","targetHints":{"allow":["GET"]}}],"collection":[{"href":"https:\/\/wydawnictwo.ug.edu.pl\/en\/wp-json\/wp\/v2\/product"}],"about":[{"href":"https:\/\/wydawnictwo.ug.edu.pl\/en\/wp-json\/wp\/v2\/types\/product"}],"wp:featuredmedia":[{"embeddable":true,"href":"https:\/\/wydawnictwo.ug.edu.pl\/en\/wp-json\/wp\/v2\/media\/15924"}],"wp:attachment":[{"href":"https:\/\/wydawnictwo.ug.edu.pl\/en\/wp-json\/wp\/v2\/media?parent=46436"}],"wp:term":[{"taxonomy":"journal","embeddable":true,"href":"https:\/\/wydawnictwo.ug.edu.pl\/en\/wp-json\/wp\/v2\/journal?post=46436"},{"taxonomy":"rodzaj","embeddable":true,"href":"https:\/\/wydawnictwo.ug.edu.pl\/en\/wp-json\/wp\/v2\/rodzaj?post=46436"},{"taxonomy":"seria","embeddable":true,"href":"https:\/\/wydawnictwo.ug.edu.pl\/en\/wp-json\/wp\/v2\/seria?post=46436"},{"taxonomy":"product_brand","embeddable":true,"href":"https:\/\/wydawnictwo.ug.edu.pl\/en\/wp-json\/wp\/v2\/product_brand?post=46436"},{"taxonomy":"product_cat","embeddable":true,"href":"https:\/\/wydawnictwo.ug.edu.pl\/en\/wp-json\/wp\/v2\/product_cat?post=46436"},{"taxonomy":"product_tag","embeddable":true,"href":"https:\/\/wydawnictwo.ug.edu.pl\/en\/wp-json\/wp\/v2\/product_tag?post=46436"}],"curies":[{"name":"wp","href":"https:\/\/api.w.org\/{rel}","templated":true}]}}

Świat wirtualnych obrazów a edukacja

<p>Publikacja składa się z trzech odrębnych części. Pierwsza ma charakter wprowadzający i definije pojęcie wirtualnej rzeczywistości. Rzeczywistość może być ujmowana w kategoriach: empirycznej, potencjalnej  i quasi-rzeczywistości. W treściach zostały wyróżnione dwa obszary: epistemologii filozoficznei metafizykipoznania. Trudno dokonywać analiz społecznych aspektów mediów bez odniesień do współczesnej flozofi. Pierwszą część kończy rozdział poświęcony edukacyjnym aspektom mediów. Małgorzata Lewartowska-Zychowicz dostrzega dwa podejścia do mediów: krytyczne (ukierunkowane na zagrożenia) oraz entuzjastyczne. Wokół tych dwóch orientacji koncentruje swoją wypowiedź.</p>
<p>Druga część książki zawiera treści odnoszące się do wizualności w relacji człowiek–świat, do transformacji kultury w epoce globalnych mediów cyfrowych. Zwraca uwagę na zjawisko nadprodukcji informacji oraz masowość komunikatów medialnych. Z tej perspektywy Grażyna Penkowska przechodzi w bardzo uporządkowany sposób do kwestii związanych z komunikacją wizualną. Zdanie „Dwa odmienne podejścia otwierają dyskusję nie tylko o tym, co jest dominującym sposobem komunikowania, ale i o tym, jakie są relacje między systemami: werbalnym i wizualnym” zapowiada treści dalej uszczegóławiane, które odnoszą się do znaczenia wizualności w edukacji.</p>
<p>W trzeciej części pracy Michalina Rutka wskazuje, że popularyzacja wynalazku, którym jest Internet, wpłynęła na ekspresję „ja”. „Wyrażanie siebie” w przestrzeni Internetu jest pozbawione kontroli społecznej. Trafnie konkluduje, że „na naszych oczach dokonuje się rewolucja dyskursywna, podczas której dawniej obowiązujące reguły społeczne przestają obowiązywać, a w ich miejsce tworzą się nowe”.Publikację uważam za ciekawą propozycję skierowaną do studentów, nauczycieli i wszystkich osób zainteresowanych problematyką wizualizacji i tożsamości w przestrzeni mediów.</p>
<p><em>Z recenzji dr hab. Doroty Siemienickiej, prof. UMK</em></p>
<p>Książka otrzymała III nagrodę w <a href="https://wydawnictwo.ug.edu.pl/nominacje-i-nagrody/nagroda/rozstrzygniecie-konkursu-wydawnictwa-uniwersytetu-gdanskiego-2020/">Konkursie Wydawnictwa Uniwersytetu Gdańskiego</a> 2020 w kategorii Najlepsza książka naukowa.</p>
