{"id":46433,"date":"2019-12-01T00:00:00","date_gmt":"2019-12-01T00:00:00","guid":{"rendered":"https:\/\/wydawnictwo.ug.edu.pl\/ksiegarnia-online\/uncategorized\/gospodarka-wybranych-krajow-europy-srodkowo-wschodniej-w-latach-2004-2019-w-swietle-danych-statystycznych\/"},"modified":"2026-02-11T14:24:41","modified_gmt":"2026-02-11T14:24:41","slug":"gospodarka-wybranych-krajow-europy-srodkowo-wschodniej-w-latach-2004-2019-w-swietle-danych-statystycznych","status":"publish","type":"product","link":"https:\/\/wydawnictwo.ug.edu.pl\/en\/ksiegarnia-online\/ekonomia\/gospodarka-wybranych-krajow-europy-srodkowo-wschodniej-w-latach-2004-2019-w-swietle-danych-statystycznych\/","title":{"rendered":"Gospodarka wybranych kraj\u00f3w Europy \u015arodkowo-Wschodniej w latach 2004\u20132019 w \u015bwietle danych statystycznych"},"content":{"rendered":"","protected":false},"excerpt":{"rendered":"<p>Okres obj\u0119ty badaniem to lata 2004\u20132018 (2019 w zale\u017cno\u015bci od dost\u0119pno\u015bci danych). Zosta\u0142 on podzielony na dwa podokresy: 2004\u20132009 i 2010\u20132018 (2019), czyli lata przed kryzysem na rynkach finansowych i rozwijaj\u0105cego si\u0119 kryzysu, przenikaj\u0105cego tak\u017ce do sfery realnej poszczeg\u00f3lnych gospodarek, oraz lata wychodzenia z kryzysu, nast\u0119puj\u0105cej stabilizacji i rozwoju gospodarki \u015bwiatowej.<\/p>\n<p>Za pierwszy rok badanego okresu przyj\u0119to rok, w kt\u00f3rym cz\u0119\u015b\u0107 poddanych badaniom kraj\u00f3w przyst\u0105pi\u0142a do Unii Europejskiej (Czechy, Polska, S\u0142owacja, W\u0119gry). Bu\u0142garia i Rumunia sta\u0142y si\u0119 cz\u0142onkami Unii Europejskiej 1 stycznia 2007 roku, a Chorwacja 1 lipca 2013 roku. W przypadku tych kraj\u00f3w prezentacja danych od roku 2004 pozwala, w niekt\u00f3rych przypadkach, zaobserwowa\u0107 zmiany, jakie zasz\u0142y po przyst\u0105pieniu do Unii Europejskiej. Ograniczono si\u0119 jednak do zwr\u00f3cenia uwagi na zmiany w kszta\u0142towaniu si\u0119 poszczeg\u00f3lnych wska\u017anik\u00f3w ekonomicznych, gdy\u017c prezentowany materia\u0142 statystyczny nie pozwala na przeprowadzenie g\u0142\u0119bszych analiz.<\/p>\n<p>W tabelach, w kt\u00f3rych przedstawiono \u015brednie warto\u015bci dla Unii Europejskiej, traktowano Uni\u0119 jako zrzeszaj\u0105c\u0105 wszystkie 28 kraj\u00f3w, niezale\u017cnie od tego, kiedy sta\u0142y si\u0119 jej cz\u0142onkami.<\/p>\n<p>G\u0142\u00f3wnym celem pracy jest przedstawienie materia\u0142u statystycznego dotycz\u0105cego wybranych element\u00f3w gospodarki analizowanych kraj\u00f3w, opatrzenie go komentarzami i wyci\u0105gni\u0119cie wniosk\u00f3w na temat kszta\u0142towania si\u0119 w poszczeg\u00f3lnych krajach zjawisk ekonomicznych opisywanych przez te dane. W zwi\u0105zku z tym praca sytuuje si\u0119 w empirycznym nurcie bada\u0144 ekonomicznych.<\/p>\n","protected":false},"featured_media":15356,"template":"","meta":{"_acf_changed":false},"journal":[],"rodzaj":[],"seria":[],"product_brand":[],"product_cat":[6934],"product_tag":[],"class_list":{"0":"post-46433","1":"product","2":"type-product","3":"status-publish","4":"has-post-thumbnail","6":"product_cat-ekonomia","8":"first","9":"outofstock","10":"taxable","11":"shipping-taxable","12":"purchasable","13":"product-type-simple"},"acf":[],"_links":{"self":[{"href":"https:\/\/wydawnictwo.ug.edu.pl\/en\/wp-json\/wp\/v2\/product\/46433","targetHints":{"allow":["GET"]}}],"collection":[{"href":"https:\/\/wydawnictwo.ug.edu.pl\/en\/wp-json\/wp\/v2\/product"}],"about":[{"href":"https:\/\/wydawnictwo.ug.edu.pl\/en\/wp-json\/wp\/v2\/types\/product"}],"wp:featuredmedia":[{"embeddable":true,"href":"https:\/\/wydawnictwo.ug.edu.pl\/en\/wp-json\/wp\/v2\/media\/15356"}],"wp:attachment":[{"href":"https:\/\/wydawnictwo.ug.edu.pl\/en\/wp-json\/wp\/v2\/media?parent=46433"}],"wp:term":[{"taxonomy":"journal","embeddable":true,"href":"https:\/\/wydawnictwo.ug.edu.pl\/en\/wp-json\/wp\/v2\/journal?post=46433"},{"taxonomy":"rodzaj","embeddable":true,"href":"https:\/\/wydawnictwo.ug.edu.pl\/en\/wp-json\/wp\/v2\/rodzaj?post=46433"},{"taxonomy":"seria","embeddable":true,"href":"https:\/\/wydawnictwo.ug.edu.pl\/en\/wp-json\/wp\/v2\/seria?post=46433"},{"taxonomy":"product_brand","embeddable":true,"href":"https:\/\/wydawnictwo.ug.edu.pl\/en\/wp-json\/wp\/v2\/product_brand?post=46433"},{"taxonomy":"product_cat","embeddable":true,"href":"https:\/\/wydawnictwo.ug.edu.pl\/en\/wp-json\/wp\/v2\/product_cat?post=46433"},{"taxonomy":"product_tag","embeddable":true,"href":"https:\/\/wydawnictwo.ug.edu.pl\/en\/wp-json\/wp\/v2\/product_tag?post=46433"}],"curies":[{"name":"wp","href":"https:\/\/api.w.org\/{rel}","templated":true}]}}

Gospodarka wybranych krajów Europy Środkowo-Wschodniej w latach 2004–2019 w świetle danych statystycznych

<p>Okres objęty badaniem to lata 2004–2018 (2019 w zależności od dostępności danych). Został on podzielony na dwa podokresy: 2004–2009 i 2010–2018 (2019), czyli lata przed kryzysem na rynkach finansowych i rozwijającego się kryzysu, przenikającego także do sfery realnej poszczególnych gospodarek, oraz lata wychodzenia z kryzysu, następującej stabilizacji i rozwoju gospodarki światowej.</p>
<p>Za pierwszy rok badanego okresu przyjęto rok, w którym część poddanych badaniom krajów przystąpiła do Unii Europejskiej (Czechy, Polska, Słowacja, Węgry). Bułgaria i Rumunia stały się członkami Unii Europejskiej 1 stycznia 2007 roku, a Chorwacja 1 lipca 2013 roku. W przypadku tych krajów prezentacja danych od roku 2004 pozwala, w niektórych przypadkach, zaobserwować zmiany, jakie zaszły po przystąpieniu do Unii Europejskiej. Ograniczono się jednak do zwrócenia uwagi na zmiany w kształtowaniu się poszczególnych wskaźników ekonomicznych, gdyż prezentowany materiał statystyczny nie pozwala na przeprowadzenie głębszych analiz.</p>
<p>W tabelach, w których przedstawiono średnie wartości dla Unii Europejskiej, traktowano Unię jako zrzeszającą wszystkie 28 krajów, niezależnie od tego, kiedy stały się jej członkami.</p>
<p>Głównym celem pracy jest przedstawienie materiału statystycznego dotyczącego wybranych elementów gospodarki analizowanych krajów, opatrzenie go komentarzami i wyciągnięcie wniosków na temat kształtowania się w poszczególnych krajach zjawisk ekonomicznych opisywanych przez te dane. W związku z tym praca sytuuje się w empirycznym nurcie badań ekonomicznych.</p>
