{"id":46424,"date":"2019-12-01T00:00:00","date_gmt":"2019-12-01T00:00:00","guid":{"rendered":"https:\/\/wydawnictwo.ug.edu.pl\/ksiegarnia-online\/uncategorized\/w-kregu-bliskich-przyjaciol-i-znajomych-z-korespondencji-franciszka-rawity-gawronskiego\/"},"modified":"2026-02-11T14:24:40","modified_gmt":"2026-02-11T14:24:40","slug":"w-kregu-bliskich-przyjaciol-i-znajomych-z-korespondencji-franciszka-rawity-gawronskiego","status":"publish","type":"product","link":"https:\/\/wydawnictwo.ug.edu.pl\/en\/ksiegarnia-online\/historia\/w-kregu-bliskich-przyjaciol-i-znajomych-z-korespondencji-franciszka-rawity-gawronskiego\/","title":{"rendered":"W kr\u0119gu bliskich, przyjaci\u00f3\u0142 i znajomych. Z korespondencji Franciszka Rawity-Gawro\u0144skiego"},"content":{"rendered":"","protected":false},"excerpt":{"rendered":"<p>Niniejszy tom poszerza i pog\u0142\u0119bia nasz\u0105 wiedz\u0119 o Franciszku Rawicie-Gawro\u0144skim (1846-1930), znanym w swoim czasie publicy\u015bcie, pisarzu i historyku. Zamiar ten zosta\u0142 zrealizowany poprzez edycj\u0119 jego korespondencji z r\u00f3\u017cnymi osobami, z kt\u00f3rymi jego zwi\u0105zki pozostawa\u0142y wa\u017cne, cho\u0107 ich charakter by\u0142 zr\u00f3\u017cnicowany. Z cz\u0119\u015bci\u0105 z nich uk\u0142ada\u0142y si\u0119 one na stopie kole\u017ce\u0144skiej lub przyjacielskiej. Takimi by\u0142y jego relacje z W\u0142adys\u0142awem Be\u0142z\u0105, Adamem Krechowieckim, Aleksandrem Brzostowskim i Kazimierzem Kr\u00f3lem. Odmienny charakter mia\u0142y z Eliz\u0105 Orzeszkow\u0105, kt\u00f3r\u0105 traktowa\u0142 g\u0142\u00f3wnie jako mentora w\u0142asnych poczyna\u0144 na polu literackim, oraz z Zygmuntem Mi\u0142kowskim &#8211; jego te\u015bciem. Nale\u017cy przy tym zaznaczy\u0107, \u017ce listy stanowi\u0105 r\u00f3wnie\u017c \u017ar\u00f3d\u0142o informacji o respondentach Rawity.<\/p>\n<p>Znawca historiografii polskiej XIX i XX wieku Jerzy Maternicki, podkre\u015blaj\u0105c warto\u015b\u0107 \u017ar\u00f3d\u0142ow\u0105 korespondencji, pisa\u0142: \u201eTeksty powsta\u0142e w toku opisywanych wydarze\u0144 lub te\u017c po ich zako\u0144czeniu maj\u0105 z regu\u0142y walor \u017ar\u00f3d\u0142a pierwotnego, nieska\u017conego p\u00f3\u017aniejszymi nalecia\u0142o\u015bciami, a tak\u017ce b\u0142\u0119dami wynikaj\u0105cymi z up\u0142ywu czasu, os\u0142abienia pami\u0119ci, patrzenia na wydarzenia i zjawiska przez pryzmat p\u00f3\u017aniejszych do\u015bwiadcze\u0144 itd.&#8221;<\/p>\n<p><em>Od Autora<\/em><\/p>\n","protected":false},"featured_media":15406,"template":"","meta":{"_acf_changed":false},"journal":[],"rodzaj":[2602],"seria":[],"product_brand":[],"product_cat":[229],"product_tag":[765],"class_list":{"0":"post-46424","1":"product","2":"type-product","3":"status-publish","4":"has-post-thumbnail","6":"rodzaj-ksiazki","7":"product_cat-historia","8":"product_tag-eugeniusz-koko","10":"first","11":"instock","12":"taxable","13":"shipping-taxable","14":"purchasable","15":"product-type-simple"},"acf":[],"_links":{"self":[{"href":"https:\/\/wydawnictwo.ug.edu.pl\/en\/wp-json\/wp\/v2\/product\/46424","targetHints":{"allow":["GET"]}}],"collection":[{"href":"https:\/\/wydawnictwo.ug.edu.pl\/en\/wp-json\/wp\/v2\/product"}],"about":[{"href":"https:\/\/wydawnictwo.ug.edu.pl\/en\/wp-json\/wp\/v2\/types\/product"}],"wp:featuredmedia":[{"embeddable":true,"href":"https:\/\/wydawnictwo.ug.edu.pl\/en\/wp-json\/wp\/v2\/media\/15406"}],"wp:attachment":[{"href":"https:\/\/wydawnictwo.ug.edu.pl\/en\/wp-json\/wp\/v2\/media?parent=46424"}],"wp:term":[{"taxonomy":"journal","embeddable":true,"href":"https:\/\/wydawnictwo.ug.edu.pl\/en\/wp-json\/wp\/v2\/journal?post=46424"},{"taxonomy":"rodzaj","embeddable":true,"href":"https:\/\/wydawnictwo.ug.edu.pl\/en\/wp-json\/wp\/v2\/rodzaj?post=46424"},{"taxonomy":"seria","embeddable":true,"href":"https:\/\/wydawnictwo.ug.edu.pl\/en\/wp-json\/wp\/v2\/seria?post=46424"},{"taxonomy":"product_brand","embeddable":true,"href":"https:\/\/wydawnictwo.ug.edu.pl\/en\/wp-json\/wp\/v2\/product_brand?post=46424"},{"taxonomy":"product_cat","embeddable":true,"href":"https:\/\/wydawnictwo.ug.edu.pl\/en\/wp-json\/wp\/v2\/product_cat?post=46424"},{"taxonomy":"product_tag","embeddable":true,"href":"https:\/\/wydawnictwo.ug.edu.pl\/en\/wp-json\/wp\/v2\/product_tag?post=46424"}],"curies":[{"name":"wp","href":"https:\/\/api.w.org\/{rel}","templated":true}]}}

W kręgu bliskich, przyjaciół i znajomych. Z korespondencji Franciszka Rawity-Gawrońskiego

<p>Niniejszy tom poszerza i pogłębia naszą wiedzę o Franciszku Rawicie-Gawrońskim (1846-1930), znanym w swoim czasie publicyście, pisarzu i historyku. Zamiar ten został zrealizowany poprzez edycję jego korespondencji z różnymi osobami, z którymi jego związki pozostawały ważne, choć ich charakter był zróżnicowany. Z częścią z nich układały się one na stopie koleżeńskiej lub przyjacielskiej. Takimi były jego relacje z Władysławem Bełzą, Adamem Krechowieckim, Aleksandrem Brzostowskim i Kazimierzem Królem. Odmienny charakter miały z Elizą Orzeszkową, którą traktował głównie jako mentora własnych poczynań na polu literackim, oraz z Zygmuntem Miłkowskim &#8211; jego teściem. Należy przy tym zaznaczyć, że listy stanowią również źródło informacji o respondentach Rawity.</p>
<p>Znawca historiografii polskiej XIX i XX wieku Jerzy Maternicki, podkreślając wartość źródłową korespondencji, pisał: „Teksty powstałe w toku opisywanych wydarzeń lub też po ich zakończeniu mają z reguły walor źródła pierwotnego, nieskażonego późniejszymi naleciałościami, a także błędami wynikającymi z upływu czasu, osłabienia pamięci, patrzenia na wydarzenia i zjawiska przez pryzmat późniejszych doświadczeń itd.&#8221;</p>
<p><em>Od Autora</em></p>
