{"id":46419,"date":"2021-08-18T10:18:07","date_gmt":"2021-08-18T10:18:07","guid":{"rendered":"https:\/\/wydawnictwo.ug.edu.pl\/ksiegarnia-online\/uncategorized\/historia-fonetica-de-la-peninsula-iberica\/"},"modified":"2026-02-18T10:47:24","modified_gmt":"2026-02-18T10:47:24","slug":"historia-fonetica-de-la-peninsula-iberica","status":"publish","type":"product","link":"https:\/\/wydawnictwo.ug.edu.pl\/en\/ksiegarnia-online\/jezykoznawstwo\/historia-fonetica-de-la-peninsula-iberica\/","title":{"rendered":"Historia Fon\u00e9tica de la Pen\u00ednsula Ib\u00e9rica"},"content":{"rendered":"","protected":false},"excerpt":{"rendered":"<p>Las lenguas de la Pen\u00ednsula Ib\u00e9rica constituyen un todo tipol\u00f3gicamente homog\u00e9neo (romance) que presenta una infinidad de variaciones. El obje-tivo de este libro es proponer un an\u00e1lisis diacr\u00f3nico (descriptivo) de la evo-luci\u00f3n fon\u00e9tica de las lenguas iberorromances junto con una descripci\u00f3n hist\u00f3rica (causal) de estas evoluciones. Con este fin, dividimos nuestra pre-sentaci\u00f3n en tres partes: una primera parte que describe el contexto hist\u00f3-rico, en otras palabras, lo que sabemos sobre las lenguas iberorromances y las que las precedieron, una segunda parte es dedicada a la descripci\u00f3n comparativa de los cambios fon\u00e9ticos, y una tercera parte sint\u00e9tica que rela-ciona las partes I y II.<\/p>\n","protected":false},"featured_media":14954,"template":"","meta":{"_acf_changed":false},"journal":[],"rodzaj":[],"seria":[],"product_brand":[],"product_cat":[7310,6924],"product_tag":[7880,8333],"class_list":{"0":"post-46419","1":"product","2":"type-product","3":"status-publish","4":"has-post-thumbnail","6":"product_cat-nauka-jezykow-obcych","7":"product_cat-jezykoznawstwo","8":"product_tag-gilles-quentel","9":"product_tag-marta-kazmierczak","11":"first","12":"instock","13":"taxable","14":"shipping-taxable","15":"product-type-simple"},"acf":[],"_links":{"self":[{"href":"https:\/\/wydawnictwo.ug.edu.pl\/en\/wp-json\/wp\/v2\/product\/46419","targetHints":{"allow":["GET"]}}],"collection":[{"href":"https:\/\/wydawnictwo.ug.edu.pl\/en\/wp-json\/wp\/v2\/product"}],"about":[{"href":"https:\/\/wydawnictwo.ug.edu.pl\/en\/wp-json\/wp\/v2\/types\/product"}],"wp:featuredmedia":[{"embeddable":true,"href":"https:\/\/wydawnictwo.ug.edu.pl\/en\/wp-json\/wp\/v2\/media\/14954"}],"wp:attachment":[{"href":"https:\/\/wydawnictwo.ug.edu.pl\/en\/wp-json\/wp\/v2\/media?parent=46419"}],"wp:term":[{"taxonomy":"journal","embeddable":true,"href":"https:\/\/wydawnictwo.ug.edu.pl\/en\/wp-json\/wp\/v2\/journal?post=46419"},{"taxonomy":"rodzaj","embeddable":true,"href":"https:\/\/wydawnictwo.ug.edu.pl\/en\/wp-json\/wp\/v2\/rodzaj?post=46419"},{"taxonomy":"seria","embeddable":true,"href":"https:\/\/wydawnictwo.ug.edu.pl\/en\/wp-json\/wp\/v2\/seria?post=46419"},{"taxonomy":"product_brand","embeddable":true,"href":"https:\/\/wydawnictwo.ug.edu.pl\/en\/wp-json\/wp\/v2\/product_brand?post=46419"},{"taxonomy":"product_cat","embeddable":true,"href":"https:\/\/wydawnictwo.ug.edu.pl\/en\/wp-json\/wp\/v2\/product_cat?post=46419"},{"taxonomy":"product_tag","embeddable":true,"href":"https:\/\/wydawnictwo.ug.edu.pl\/en\/wp-json\/wp\/v2\/product_tag?post=46419"}],"curies":[{"name":"wp","href":"https:\/\/api.w.org\/{rel}","templated":true}]}}

Historia Fonética de la Península Ibérica

<p>Las lenguas de la Península Ibérica constituyen un todo tipológicamente homogéneo (romance) que presenta una infinidad de variaciones. El obje-tivo de este libro es proponer un análisis diacrónico (descriptivo) de la evo-lución fonética de las lenguas iberorromances junto con una descripción histórica (causal) de estas evoluciones. Con este fin, dividimos nuestra pre-sentación en tres partes: una primera parte que describe el contexto histó-rico, en otras palabras, lo que sabemos sobre las lenguas iberorromances y las que las precedieron, una segunda parte es dedicada a la descripción comparativa de los cambios fonéticos, y una tercera parte sintética que rela-ciona las partes I y II.</p>
