{"id":46417,"date":"2021-08-25T09:44:43","date_gmt":"2021-08-25T09:44:43","guid":{"rendered":"https:\/\/wydawnictwo.ug.edu.pl\/ksiegarnia-online\/uncategorized\/afazja-poudarowa-wyzwanie-dla-funkcjonowania-w-zwiazku-malzenskim\/"},"modified":"2026-02-11T14:20:25","modified_gmt":"2026-02-11T14:20:25","slug":"afazja-poudarowa-wyzwanie-dla-funkcjonowania-w-zwiazku-malzenskim","status":"publish","type":"product","link":"https:\/\/wydawnictwo.ug.edu.pl\/en\/ksiegarnia-online\/pedagogika-i-psychologia\/afazja-poudarowa-wyzwanie-dla-funkcjonowania-w-zwiazku-malzenskim\/","title":{"rendered":"Afazja poudarowa. Wyzwanie dla funkcjonowania w zwi\u0105zku ma\u0142\u017ce\u0144skim"},"content":{"rendered":"","protected":false},"excerpt":{"rendered":"<p>Wydarzeniem modyfikuj\u0105cym funkcjonowanie ma\u0142\u017conk\u00f3w, kt\u00f3re wymaga od nich zaadaptowania si\u0119 do nowo zaistnia\u0142ej sytuacji \u017cyciowej, jest d\u0142ugotrwa\u0142a choroba jednego z nich, a wyst\u0105pienie afazji poudarowej stanowi tego dobry przyk\u0142ad. Powoduje ono cz\u0119sto nag\u0142e i d\u0142ugotrwa\u0142e zmiany w r\u00f3\u017cnych obszarach \u017cycia codziennego zar\u00f3wno samej osoby chorej, jak i jej najbli\u017cszych. Rol\u0119 opiekuna\u00a0chorego najcz\u0119\u015bciej przyjmuje na siebie ma\u0142\u017conek, kt\u00f3ry jednocze\u015bnie jest tak\u017ce g\u0142\u00f3wnym \u017ar\u00f3d\u0142em wsparcia dla osoby z afazj\u0105. Z tym zobowi\u0105zaniem wi\u0105\u017c\u0105 si\u0119 jednak liczne konsekwencje natury ekonomicznej, spo\u0142ecznej i emocjonalnej. Stanowi\u0105 one du\u017ce obci\u0105\u017cenie zar\u00f3wno dla samego opiekuna, jak i dla diady ma\u0142\u017ce\u0144skiej. W niniejszej monografii autorka podejmuje pr\u00f3b\u0119 odpowiedzi na pytanie o obszary relacji ma\u0142\u017ce\u0144skich, kt\u00f3re ulegaj\u0105 najwi\u0119kszym zmianom pod wp\u0142ywem do\u015bwiadczanego kryzysu oraz o czynniki modyfikuj\u0105ce dynamik\u0119 zwi\u0105zku. Odwo\u0142uje si\u0119 przy tym do teorii opisuj\u0105cych funkcjonowanie rodziny, jak r\u00f3wnie\u017c przedstawia afazj\u0119 jako niepe\u0142nosprawno\u015b\u0107. Pozycja ta prezentuje tak\u017ce zmiany w relacjach ma\u0142\u017ce\u0144skich par borykaj\u0105cych si\u0119 z chorob\u0105 w \u015bwietle Mi\u0119dzynarodowej Klasyfikacji Funkcjonowania, Niepe\u0142nosprawno\u015bci i Zdrowia (ICF).<\/p>\n","protected":false},"featured_media":15075,"template":"","meta":{"_acf_changed":false},"journal":[],"rodzaj":[],"seria":[],"product_brand":[],"product_cat":[7007],"product_tag":[7879],"class_list":{"0":"post-46417","1":"product","2":"type-product","3":"status-publish","4":"has-post-thumbnail","6":"product_cat-pedagogika-i-psychologia","7":"product_tag-edyta-orlowska","9":"first","10":"instock","11":"taxable","12":"shipping-taxable","13":"purchasable","14":"product-type-simple"},"acf":[],"_links":{"self":[{"href":"https:\/\/wydawnictwo.ug.edu.pl\/en\/wp-json\/wp\/v2\/product\/46417","targetHints":{"allow":["GET"]}}],"collection":[{"href":"https:\/\/wydawnictwo.ug.edu.pl\/en\/wp-json\/wp\/v2\/product"}],"about":[{"href":"https:\/\/wydawnictwo.ug.edu.pl\/en\/wp-json\/wp\/v2\/types\/product"}],"wp:featuredmedia":[{"embeddable":true,"href":"https:\/\/wydawnictwo.ug.edu.pl\/en\/wp-json\/wp\/v2\/media\/15075"}],"wp:attachment":[{"href":"https:\/\/wydawnictwo.ug.edu.pl\/en\/wp-json\/wp\/v2\/media?parent=46417"}],"wp:term":[{"taxonomy":"journal","embeddable":true,"href":"https:\/\/wydawnictwo.ug.edu.pl\/en\/wp-json\/wp\/v2\/journal?post=46417"},{"taxonomy":"rodzaj","embeddable":true,"href":"https:\/\/wydawnictwo.ug.edu.pl\/en\/wp-json\/wp\/v2\/rodzaj?post=46417"},{"taxonomy":"seria","embeddable":true,"href":"https:\/\/wydawnictwo.ug.edu.pl\/en\/wp-json\/wp\/v2\/seria?post=46417"},{"taxonomy":"product_brand","embeddable":true,"href":"https:\/\/wydawnictwo.ug.edu.pl\/en\/wp-json\/wp\/v2\/product_brand?post=46417"},{"taxonomy":"product_cat","embeddable":true,"href":"https:\/\/wydawnictwo.ug.edu.pl\/en\/wp-json\/wp\/v2\/product_cat?post=46417"},{"taxonomy":"product_tag","embeddable":true,"href":"https:\/\/wydawnictwo.ug.edu.pl\/en\/wp-json\/wp\/v2\/product_tag?post=46417"}],"curies":[{"name":"wp","href":"https:\/\/api.w.org\/{rel}","templated":true}]}}

Afazja poudarowa. Wyzwanie dla funkcjonowania w związku małżeńskim

<p>Wydarzeniem modyfikującym funkcjonowanie małżonków, które wymaga od nich zaadaptowania się do nowo zaistniałej sytuacji życiowej, jest długotrwała choroba jednego z nich, a wystąpienie afazji poudarowej stanowi tego dobry przykład. Powoduje ono często nagłe i długotrwałe zmiany w różnych obszarach życia codziennego zarówno samej osoby chorej, jak i jej najbliższych. Rolę opiekuna chorego najczęściej przyjmuje na siebie małżonek, który jednocześnie jest także głównym źródłem wsparcia dla osoby z afazją. Z tym zobowiązaniem wiążą się jednak liczne konsekwencje natury ekonomicznej, społecznej i emocjonalnej. Stanowią one duże obciążenie zarówno dla samego opiekuna, jak i dla diady małżeńskiej. W niniejszej monografii autorka podejmuje próbę odpowiedzi na pytanie o obszary relacji małżeńskich, które ulegają największym zmianom pod wpływem doświadczanego kryzysu oraz o czynniki modyfikujące dynamikę związku. Odwołuje się przy tym do teorii opisujących funkcjonowanie rodziny, jak również przedstawia afazję jako niepełnosprawność. Pozycja ta prezentuje także zmiany w relacjach małżeńskich par borykających się z chorobą w świetle Międzynarodowej Klasyfikacji Funkcjonowania, Niepełnosprawności i Zdrowia (ICF).</p>
