{"id":46402,"date":"2021-08-26T09:43:36","date_gmt":"2021-08-26T09:43:36","guid":{"rendered":"https:\/\/wydawnictwo.ug.edu.pl\/ksiegarnia-online\/uncategorized\/uniwersytet-gdanski-struktury-postacie-wydarzenia-tom-2\/"},"modified":"2026-02-11T14:17:44","modified_gmt":"2026-02-11T14:17:44","slug":"uniwersytet-gdanski-struktury-postacie-wydarzenia-tom-2","status":"publish","type":"product","link":"https:\/\/wydawnictwo.ug.edu.pl\/en\/ksiegarnia-online\/historia\/uniwersytet-gdanski-struktury-postacie-wydarzenia-tom-2\/","title":{"rendered":"Uniwersytet Gda\u0144ski \u2013 struktury, postacie, wydarzenia. Tom 2"},"content":{"rendered":"","protected":false},"excerpt":{"rendered":"<p>Bod\u017acem do powstania niniejszego zbioru by\u0142 konkurs na wspomnienia o Wy\u017cszej Szkole Pedagogicznej, Wy\u017cszej Szkole Ekonomicznej i Uniwersytecie Gda\u0144skim oraz planowana na marzec 2020 r. konferencja \u201eUniwersytet Gda\u0144ski i jego historia&#8221; (nie odby\u0142a si\u0119 w tym terminie ze wzgl\u0119du na obostrzenia zwi\u0105zane z pandemi\u0105 COVID-19). Nades\u0142ane teksty zawieraj\u0105 wspomnienia i wywiady z absolwentami oraz pracownikami tych trzech uczelni oraz prezentuj\u0105 poszczeg\u00f3lne jednostki UG.<\/p>\n<p>W pierwszym tomie znalaz\u0142y si\u0119 artyku\u0142y o charakterze popularnonaukowym, wspomnienia i wywiady, drugi tom mie\u015bci z kolei teksty opatrzone aparatem naukowym \u2013 razem doskonale si\u0119 uzupe\u0142niaj\u0105 i tworz\u0105 pewn\u0105 ca\u0142o\u015b\u0107, przybli\u017caj\u0105c czytelnikom \u015brodowisko akademickie naszej Alma Mater. W za\u0142o\u017ceniu obydwa tomy stanowi\u0105 pocz\u0105tek cyklu, a jego kolejne cz\u0119\u015bci b\u0119d\u0105 si\u0119 ukazywa\u0107 po planowanych na nast\u0119pne lata konferencjach, kt\u00f3rych tematem wiod\u0105cym ma by\u0107 nasz Uniwersytet.<\/p>\n<p>Autorami tekst\u00f3w s\u0105 nie tylko do\u015bwiadczeni badacze, przedstawiciele w\u0142adz poszczeg\u00f3lnych jednostek, ale tak\u017ce m.in. m\u0142odzi naukowcy, dawni studenci i pracownicy. Otwarta koncepcja publikacji ma zach\u0119ci\u0107 przedstawicieli r\u00f3\u017cnych grup, bez wzgl\u0119du na ich wiek czy status w hierarchii akademickiej, do udzia\u0142u w tworzeniu kolejnych tom\u00f3w cyklu, a jedynym wymogiem stawianym autorom jest obecno\u015b\u0107 Uniwersytetu Gda\u0144skiego na kartach ich tekst\u00f3w.<\/p>\n","protected":false},"featured_media":15158,"template":"","meta":{"_acf_changed":false},"journal":[],"rodzaj":[2602],"seria":[],"product_brand":[],"product_cat":[229],"product_tag":[339],"class_list":{"0":"post-46402","1":"product","2":"type-product","3":"status-publish","4":"has-post-thumbnail","6":"rodzaj-ksiazki","7":"product_cat-historia","8":"product_tag-dominik-bien","10":"first","11":"instock","12":"taxable","13":"shipping-taxable","14":"purchasable","15":"product-type-simple"},"acf":[],"_links":{"self":[{"href":"https:\/\/wydawnictwo.ug.edu.pl\/en\/wp-json\/wp\/v2\/product\/46402","targetHints":{"allow":["GET"]}}],"collection":[{"href":"https:\/\/wydawnictwo.ug.edu.pl\/en\/wp-json\/wp\/v2\/product"}],"about":[{"href":"https:\/\/wydawnictwo.ug.edu.pl\/en\/wp-json\/wp\/v2\/types\/product"}],"wp:featuredmedia":[{"embeddable":true,"href":"https:\/\/wydawnictwo.ug.edu.pl\/en\/wp-json\/wp\/v2\/media\/15158"}],"wp:attachment":[{"href":"https:\/\/wydawnictwo.ug.edu.pl\/en\/wp-json\/wp\/v2\/media?parent=46402"}],"wp:term":[{"taxonomy":"journal","embeddable":true,"href":"https:\/\/wydawnictwo.ug.edu.pl\/en\/wp-json\/wp\/v2\/journal?post=46402"},{"taxonomy":"rodzaj","embeddable":true,"href":"https:\/\/wydawnictwo.ug.edu.pl\/en\/wp-json\/wp\/v2\/rodzaj?post=46402"},{"taxonomy":"seria","embeddable":true,"href":"https:\/\/wydawnictwo.ug.edu.pl\/en\/wp-json\/wp\/v2\/seria?post=46402"},{"taxonomy":"product_brand","embeddable":true,"href":"https:\/\/wydawnictwo.ug.edu.pl\/en\/wp-json\/wp\/v2\/product_brand?post=46402"},{"taxonomy":"product_cat","embeddable":true,"href":"https:\/\/wydawnictwo.ug.edu.pl\/en\/wp-json\/wp\/v2\/product_cat?post=46402"},{"taxonomy":"product_tag","embeddable":true,"href":"https:\/\/wydawnictwo.ug.edu.pl\/en\/wp-json\/wp\/v2\/product_tag?post=46402"}],"curies":[{"name":"wp","href":"https:\/\/api.w.org\/{rel}","templated":true}]}}

Uniwersytet Gdański – struktury, postacie, wydarzenia. Tom 2

<p>Bodźcem do powstania niniejszego zbioru był konkurs na wspomnienia o Wyższej Szkole Pedagogicznej, Wyższej Szkole Ekonomicznej i Uniwersytecie Gdańskim oraz planowana na marzec 2020 r. konferencja „Uniwersytet Gdański i jego historia&#8221; (nie odbyła się w tym terminie ze względu na obostrzenia związane z pandemią COVID-19). Nadesłane teksty zawierają wspomnienia i wywiady z absolwentami oraz pracownikami tych trzech uczelni oraz prezentują poszczególne jednostki UG.</p>
<p>W pierwszym tomie znalazły się artykuły o charakterze popularnonaukowym, wspomnienia i wywiady, drugi tom mieści z kolei teksty opatrzone aparatem naukowym – razem doskonale się uzupełniają i tworzą pewną całość, przybliżając czytelnikom środowisko akademickie naszej Alma Mater. W założeniu obydwa tomy stanowią początek cyklu, a jego kolejne części będą się ukazywać po planowanych na następne lata konferencjach, których tematem wiodącym ma być nasz Uniwersytet.</p>
<p>Autorami tekstów są nie tylko doświadczeni badacze, przedstawiciele władz poszczególnych jednostek, ale także m.in. młodzi naukowcy, dawni studenci i pracownicy. Otwarta koncepcja publikacji ma zachęcić przedstawicieli różnych grup, bez względu na ich wiek czy status w hierarchii akademickiej, do udziału w tworzeniu kolejnych tomów cyklu, a jedynym wymogiem stawianym autorom jest obecność Uniwersytetu Gdańskiego na kartach ich tekstów.</p>
