{"id":46398,"date":"2021-08-26T10:48:33","date_gmt":"2021-08-26T10:48:33","guid":{"rendered":"https:\/\/wydawnictwo.ug.edu.pl\/ksiegarnia-online\/uncategorized\/polsko-skandynawskie-stosunki-kulturalne-naukowe-i-polityczne-od-xvi-do-xx-wieku\/"},"modified":"2026-02-11T14:17:58","modified_gmt":"2026-02-11T14:17:58","slug":"polsko-skandynawskie-stosunki-kulturalne-naukowe-i-polityczne-od-xvi-do-xx-wieku","status":"publish","type":"product","link":"https:\/\/wydawnictwo.ug.edu.pl\/en\/ksiegarnia-online\/historia\/polsko-skandynawskie-stosunki-kulturalne-naukowe-i-polityczne-od-xvi-do-xx-wieku\/","title":{"rendered":"Polsko-skandynawskie stosunki kulturalne, naukowe i polityczne od XVI do XX wieku"},"content":{"rendered":"","protected":false},"excerpt":{"rendered":"<p>Kontakty pomi\u0119dzy Polsk\u0105 a pa\u0144stwami skandynawskimi od dekad ciesz\u0105 si\u0119 zainteresowaniem historyk\u00f3w reprezentuj\u0105cych r\u00f3\u017cne o\u015brodki akademickie. Ju\u017c w 1977 r. ukaza\u0142a si\u0119 ksi\u0105\u017cka Kazimierza \u015alaskiego pt. Tysi\u0105clecie polsko-skandynawskich stosunk\u00f3w kulturalnych, w kt\u00f3rej zebrano dotychczasowy dorobek historiografii w tym zakresie. Synteza ta wskaza\u0142a, jak wiele obszar\u00f3w wymaga bli\u017cszego poznania. W kolejnych latach powstawa\u0142y prace, kt\u00f3re poszerza\u0142y wiedz\u0119 na temat relacji polsko-skandynawskich w dziedzinie wymiany gospodarczej, stosunk\u00f3w politycznych i kontakt\u00f3w kulturalnych ze wskazaniem na rol\u0119 wybitnych osobowo\u015bci \u0142\u0105cz\u0105cych Polsk\u0119 i kraje skandynawskie na przestrzeni wiek\u00f3w. Znacz\u0105c\u0105 rol\u0119 odegra\u0142 w tych badaniach Instytut Polsko-Skandynawski, kt\u00f3ry powsta\u0142 w Kopenhadze w 1985 r. Energicznie kierowany przez prof. Eugeniusza S. Kruszewskiego wydaje monografie, periodyk naukowy \u201eRocznik Instytutu Polsko-Skandynawskiego\u201d i organizuje seminaria naukowe b\u0119d\u0105ce forum dyskusji naukowych dotycz\u0105cych, nierzadko skomplikowanych, kontakt\u00f3w Polski z krajami P\u00f3\u0142nocy. Podobn\u0105 rol\u0119 pe\u0142ni\u0105 badacze zwi\u0105zani z Uniwersytetem Gda\u0144skim,\u00a0kt\u00f3rzy kontynuuj\u0105c zapocz\u0105tkowane przez prof. Jana Szyma\u0144skiego1 spotkania naukowe, staraj\u0105 si\u0119 stwarza\u0107 przestrze\u0144 do cyklicznych spotka\u0144 historyk\u00f3w zajmuj\u0105cych si\u0119 t\u0105 tematyk\u0105.<\/p>\n<p>Zar\u00f3wno Instytut Polsko-Skandynawski, jak i Uniwersytet Gda\u0144ski \u0142\u0105cz\u0105 osoby z nimi zwi\u0105zane, dlatego kolejne spotkania historyk\u00f3w by\u0142y wsp\u00f3\u0142organizowane przez obie instytucje. Pierwsze z nich odby\u0142o si\u0119 21 wrze\u015bnia 2015 r. w Gda\u0144sku z okazji 30-lecia Instytutu Polsko-Skandynawskiego2. Spotkania te kontynuowano w nast\u0119pnych latach. Drugie \u2013 pod has\u0142em \u201eSkandynawia \u2013 Polska. Ludzie, polityka, gospodarka i kultura\u201d mia\u0142o miejsce 24 listopada 2017 r., za\u015b w 2019 r. historycy spotkali si\u0119 w Gda\u0144sku po raz trzeci. Odby\u0142a si\u0119 w\u00f3wczas konferencja \u201ePolsko-skandynawskie stosunki kulturalne, naukowe i polityczne od XVI do XX wieku\u201d.<\/p>\n<p>Organizowane spotkania maj\u0105 na celu przedstawienie aktualnego stanu bada\u0144 w odniesieniu do relacji polsko-skandynawskich\u00a0w uj\u0119ciu historycznym oraz dyskusj\u0119 nad nowymi perspektywami badawczymi w zakresie tych relacji. Na niniejsz\u0105 publikacj\u0119 sk\u0142adaj\u0105 si\u0119 artyku\u0142y, kt\u00f3re by\u0142y prezentowane i dyskutowane podczas ostatniego z wymienionych spotka\u0144.<\/p>\n<p><em>Fragment Wst\u0119pu<\/em><\/p>\n","protected":false},"featured_media":15177,"template":"","meta":{"_acf_changed":false},"journal":[],"rodzaj":[],"seria":[],"product_brand":[],"product_cat":[6958],"product_tag":[],"class_list":{"0":"post-46398","1":"product","2":"type-product","3":"status-publish","4":"has-post-thumbnail","6":"product_cat-historia","8":"first","9":"outofstock","10":"taxable","11":"shipping-taxable","12":"purchasable","13":"product-type-simple"},"acf":[],"_links":{"self":[{"href":"https:\/\/wydawnictwo.ug.edu.pl\/en\/wp-json\/wp\/v2\/product\/46398","targetHints":{"allow":["GET"]}}],"collection":[{"href":"https:\/\/wydawnictwo.ug.edu.pl\/en\/wp-json\/wp\/v2\/product"}],"about":[{"href":"https:\/\/wydawnictwo.ug.edu.pl\/en\/wp-json\/wp\/v2\/types\/product"}],"wp:featuredmedia":[{"embeddable":true,"href":"https:\/\/wydawnictwo.ug.edu.pl\/en\/wp-json\/wp\/v2\/media\/15177"}],"wp:attachment":[{"href":"https:\/\/wydawnictwo.ug.edu.pl\/en\/wp-json\/wp\/v2\/media?parent=46398"}],"wp:term":[{"taxonomy":"journal","embeddable":true,"href":"https:\/\/wydawnictwo.ug.edu.pl\/en\/wp-json\/wp\/v2\/journal?post=46398"},{"taxonomy":"rodzaj","embeddable":true,"href":"https:\/\/wydawnictwo.ug.edu.pl\/en\/wp-json\/wp\/v2\/rodzaj?post=46398"},{"taxonomy":"seria","embeddable":true,"href":"https:\/\/wydawnictwo.ug.edu.pl\/en\/wp-json\/wp\/v2\/seria?post=46398"},{"taxonomy":"product_brand","embeddable":true,"href":"https:\/\/wydawnictwo.ug.edu.pl\/en\/wp-json\/wp\/v2\/product_brand?post=46398"},{"taxonomy":"product_cat","embeddable":true,"href":"https:\/\/wydawnictwo.ug.edu.pl\/en\/wp-json\/wp\/v2\/product_cat?post=46398"},{"taxonomy":"product_tag","embeddable":true,"href":"https:\/\/wydawnictwo.ug.edu.pl\/en\/wp-json\/wp\/v2\/product_tag?post=46398"}],"curies":[{"name":"wp","href":"https:\/\/api.w.org\/{rel}","templated":true}]}}

<p>Kontakty pomiędzy Polską a państwami skandynawskimi od dekad cieszą się zainteresowaniem historyków reprezentujących różne ośrodki akademickie. Już w 1977 r. ukazała się książka Kazimierza Ślaskiego pt. Tysiąclecie polsko-skandynawskich stosunków kulturalnych, w której zebrano dotychczasowy dorobek historiografii w tym zakresie. Synteza ta wskazała, jak wiele obszarów wymaga bliższego poznania. W kolejnych latach powstawały prace, które poszerzały wiedzę na temat relacji polsko-skandynawskich w dziedzinie wymiany gospodarczej, stosunków politycznych i kontaktów kulturalnych ze wskazaniem na rolę wybitnych osobowości łączących Polskę i kraje skandynawskie na przestrzeni wieków. Znaczącą rolę odegrał w tych badaniach Instytut Polsko-Skandynawski, który powstał w Kopenhadze w 1985 r. Energicznie kierowany przez prof. Eugeniusza S. Kruszewskiego wydaje monografie, periodyk naukowy „Rocznik Instytutu Polsko-Skandynawskiego” i organizuje seminaria naukowe będące forum dyskusji naukowych dotyczących, nierzadko skomplikowanych, kontaktów Polski z krajami Północy. Podobną rolę pełnią badacze związani z Uniwersytetem Gdańskim, którzy kontynuując zapoczątkowane przez prof. Jana Szymańskiego1 spotkania naukowe, starają się stwarzać przestrzeń do cyklicznych spotkań historyków zajmujących się tą tematyką.</p>
<p>Zarówno Instytut Polsko-Skandynawski, jak i Uniwersytet Gdański łączą osoby z nimi związane, dlatego kolejne spotkania historyków były współorganizowane przez obie instytucje. Pierwsze z nich odbyło się 21 września 2015 r. w Gdańsku z okazji 30-lecia Instytutu Polsko-Skandynawskiego2. Spotkania te kontynuowano w następnych latach. Drugie – pod hasłem „Skandynawia – Polska. Ludzie, polityka, gospodarka i kultura” miało miejsce 24 listopada 2017 r., zaś w 2019 r. historycy spotkali się w Gdańsku po raz trzeci. Odbyła się wówczas konferencja „Polsko-skandynawskie stosunki kulturalne, naukowe i polityczne od XVI do XX wieku”.</p>
<p>Organizowane spotkania mają na celu przedstawienie aktualnego stanu badań w odniesieniu do relacji polsko-skandynawskich w ujęciu historycznym oraz dyskusję nad nowymi perspektywami badawczymi w zakresie tych relacji. Na niniejszą publikację składają się artykuły, które były prezentowane i dyskutowane podczas ostatniego z wymienionych spotkań.</p>
<p><em>Fragment Wstępu</em></p>
