{"id":46385,"date":"2021-09-10T12:57:50","date_gmt":"2021-09-10T12:57:50","guid":{"rendered":"https:\/\/wydawnictwo.ug.edu.pl\/ksiegarnia-online\/uncategorized\/w-poszukiwaniu-inspiracji-metropolie-w-ujeciu-porownawczym\/"},"modified":"2026-02-11T14:12:39","modified_gmt":"2026-02-11T14:12:39","slug":"w-poszukiwaniu-inspiracji-metropolie-w-ujeciu-porownawczym","status":"publish","type":"product","link":"https:\/\/wydawnictwo.ug.edu.pl\/en\/ksiegarnia-online\/prawo-i-administracja\/w-poszukiwaniu-inspiracji-metropolie-w-ujeciu-porownawczym\/","title":{"rendered":"W poszukiwaniu inspiracji. Metropolie w uj\u0119ciu por\u00f3wnawczym"},"content":{"rendered":"","protected":false},"excerpt":{"rendered":"<p>Grupa naukowc\u00f3w r\u00f3\u017cnej proweniencji (prawnik\u00f3w, administratywist\u00f3w, geograf\u00f3w, urbanist\u00f3w, ekonomist\u00f3w i politolog\u00f3w) zdecydowa\u0142a si\u0119 wsp\u00f3lnymi si\u0142ami i wielokrotnie dzia\u0142aj\u0105c w multi- czy bilateralnych relacjach \u2013 przygotowa\u0107 niniejsz\u0105 ksi\u0105\u017ck\u0119. W poszukiwaniu inspiracji. Metropolie w uj\u0119ciu por\u00f3wnawczym to publikacja interdyscyplinarna, prezentuj\u0105ca bogactwo rozwi\u0105za\u0144 organizacyjnych i funkcjonalnych w zakresie samorz\u0105du metropolitalnego, ukazuj\u0105ca r\u00f3\u017cnorodne modele i przyk\u0142ady ze \u015bwiata. W zamy\u015ble autor\u00f3w ma ona stanowi\u0107 z jednej strony g\u0142os w naukowej debacie, w kt\u00f3rej metropolie pojawiaj\u0105 si\u0119 coraz cz\u0119\u015bciej i w r\u00f3\u017cnych kontekstach, za\u015b z drugiej \u2013 inspiracj\u0119 dla prawodawcy krajowego, kt\u00f3ry b\u0119dzie w przysz\u0142o\u015bci zobligowany do zmierzenia si\u0119 z t\u0105 problematyk\u0105.<\/p>\n","protected":false},"featured_media":16008,"template":"","meta":{"_acf_changed":false},"journal":[],"rodzaj":[],"seria":[],"product_brand":[],"product_cat":[6932],"product_tag":[7501],"class_list":{"0":"post-46385","1":"product","2":"type-product","3":"status-publish","4":"has-post-thumbnail","6":"product_cat-prawo-i-administracja","7":"product_tag-jakub-szlachetko","8":"pa_rok-wydania-2021-en","10":"first","11":"instock","12":"taxable","13":"shipping-taxable","14":"product-type-simple"},"acf":[],"_links":{"self":[{"href":"https:\/\/wydawnictwo.ug.edu.pl\/en\/wp-json\/wp\/v2\/product\/46385","targetHints":{"allow":["GET"]}}],"collection":[{"href":"https:\/\/wydawnictwo.ug.edu.pl\/en\/wp-json\/wp\/v2\/product"}],"about":[{"href":"https:\/\/wydawnictwo.ug.edu.pl\/en\/wp-json\/wp\/v2\/types\/product"}],"wp:featuredmedia":[{"embeddable":true,"href":"https:\/\/wydawnictwo.ug.edu.pl\/en\/wp-json\/wp\/v2\/media\/16008"}],"wp:attachment":[{"href":"https:\/\/wydawnictwo.ug.edu.pl\/en\/wp-json\/wp\/v2\/media?parent=46385"}],"wp:term":[{"taxonomy":"journal","embeddable":true,"href":"https:\/\/wydawnictwo.ug.edu.pl\/en\/wp-json\/wp\/v2\/journal?post=46385"},{"taxonomy":"rodzaj","embeddable":true,"href":"https:\/\/wydawnictwo.ug.edu.pl\/en\/wp-json\/wp\/v2\/rodzaj?post=46385"},{"taxonomy":"seria","embeddable":true,"href":"https:\/\/wydawnictwo.ug.edu.pl\/en\/wp-json\/wp\/v2\/seria?post=46385"},{"taxonomy":"product_brand","embeddable":true,"href":"https:\/\/wydawnictwo.ug.edu.pl\/en\/wp-json\/wp\/v2\/product_brand?post=46385"},{"taxonomy":"product_cat","embeddable":true,"href":"https:\/\/wydawnictwo.ug.edu.pl\/en\/wp-json\/wp\/v2\/product_cat?post=46385"},{"taxonomy":"product_tag","embeddable":true,"href":"https:\/\/wydawnictwo.ug.edu.pl\/en\/wp-json\/wp\/v2\/product_tag?post=46385"}],"curies":[{"name":"wp","href":"https:\/\/api.w.org\/{rel}","templated":true}]}}

W poszukiwaniu inspiracji. Metropolie w ujęciu porównawczym

<p>Grupa naukowców różnej proweniencji (prawników, administratywistów, geografów, urbanistów, ekonomistów i politologów) zdecydowała się wspólnymi siłami i wielokrotnie działając w multi- czy bilateralnych relacjach – przygotować niniejszą książkę. W poszukiwaniu inspiracji. Metropolie w ujęciu porównawczym to publikacja interdyscyplinarna, prezentująca bogactwo rozwiązań organizacyjnych i funkcjonalnych w zakresie samorządu metropolitalnego, ukazująca różnorodne modele i przykłady ze świata. W zamyśle autorów ma ona stanowić z jednej strony głos w naukowej debacie, w której metropolie pojawiają się coraz częściej i w różnych kontekstach, zaś z drugiej – inspirację dla prawodawcy krajowego, który będzie w przyszłości zobligowany do zmierzenia się z tą problematyką.</p>
