{"id":46381,"date":"2021-09-15T09:24:31","date_gmt":"2021-09-15T09:24:31","guid":{"rendered":"https:\/\/wydawnictwo.ug.edu.pl\/ksiegarnia-online\/uncategorized\/osada-w-debczynie-ze-studiow-nad-przemianami-osadniczymi-i-kulturowymi-na-pomorzu-zachodnim\/"},"modified":"2026-02-11T14:12:41","modified_gmt":"2026-02-11T14:12:41","slug":"osada-w-debczynie-ze-studiow-nad-przemianami-osadniczymi-i-kulturowymi-na-pomorzu-zachodnim","status":"publish","type":"product","link":"https:\/\/wydawnictwo.ug.edu.pl\/en\/ksiegarnia-online\/historia\/osada-w-debczynie-ze-studiow-nad-przemianami-osadniczymi-i-kulturowymi-na-pomorzu-zachodnim\/","title":{"rendered":"Osada w D\u0119bczynie. Ze studi\u00f3w nad przemianami osadniczymi i kulturowymi na Pomorzu Zachodnim"},"content":{"rendered":"","protected":false},"excerpt":{"rendered":"<p>Opracowano dzieje osady w D\u0119bczynie, powiat Bia\u0142ogard, stanowisko 6, jednej z wa\u017cniejszych w \u017ar\u00f3d\u0142ach archeologicznych pochodz\u0105cych z Pomorza. Wyniki tych ustale\u0144 uj\u0119to na tle problematyki skupiska osadniczego w rejonie tej osady (dorzecze Pars\u0119ty), a nast\u0119pnie owe ustalenia prze\u0142o\u017cono na zagadnienia osadnicze i kulturowe Pomorza Zachodniego i Przedniego, co stanowi o nowatorskim uj\u0119ciu tej problematyki. W ksi\u0105\u017cce nakre\u015blono now\u0105 narracj\u0119 o kierunkach i inspiracjach przemieszczania si\u0119 r\u00f3\u017cnych spo\u0142eczno\u015bci zamieszkuj\u0105cych rejon basenu Morza Ba\u0142tyckiego. Czytelnik znajdzie w tej pracy zarys oblicza kulturowego Pomorza Zachodniego i Przedniego u schy\u0142ku staro\u017cytno\u015bci (II\u2013VI w.) w czasie w\u0119dr\u00f3wek r\u00f3\u017cnych plemion germa\u0144skich przemieszczaj\u0105cych si\u0119 po terenie Barbaricum a\u017c do czas\u00f3w pojawienia si\u0119 na nim S\u0142owian.<\/p>\n","protected":false},"featured_media":16005,"template":"","meta":{"_acf_changed":false},"journal":[],"rodzaj":[],"seria":[],"product_brand":[],"product_cat":[6958],"product_tag":[],"class_list":{"0":"post-46381","1":"product","2":"type-product","3":"status-publish","4":"has-post-thumbnail","6":"product_cat-historia","7":"pa_rok-wydania-2021-en","9":"first","10":"instock","11":"taxable","12":"shipping-taxable","13":"purchasable","14":"product-type-simple"},"acf":[],"_links":{"self":[{"href":"https:\/\/wydawnictwo.ug.edu.pl\/en\/wp-json\/wp\/v2\/product\/46381","targetHints":{"allow":["GET"]}}],"collection":[{"href":"https:\/\/wydawnictwo.ug.edu.pl\/en\/wp-json\/wp\/v2\/product"}],"about":[{"href":"https:\/\/wydawnictwo.ug.edu.pl\/en\/wp-json\/wp\/v2\/types\/product"}],"wp:featuredmedia":[{"embeddable":true,"href":"https:\/\/wydawnictwo.ug.edu.pl\/en\/wp-json\/wp\/v2\/media\/16005"}],"wp:attachment":[{"href":"https:\/\/wydawnictwo.ug.edu.pl\/en\/wp-json\/wp\/v2\/media?parent=46381"}],"wp:term":[{"taxonomy":"journal","embeddable":true,"href":"https:\/\/wydawnictwo.ug.edu.pl\/en\/wp-json\/wp\/v2\/journal?post=46381"},{"taxonomy":"rodzaj","embeddable":true,"href":"https:\/\/wydawnictwo.ug.edu.pl\/en\/wp-json\/wp\/v2\/rodzaj?post=46381"},{"taxonomy":"seria","embeddable":true,"href":"https:\/\/wydawnictwo.ug.edu.pl\/en\/wp-json\/wp\/v2\/seria?post=46381"},{"taxonomy":"product_brand","embeddable":true,"href":"https:\/\/wydawnictwo.ug.edu.pl\/en\/wp-json\/wp\/v2\/product_brand?post=46381"},{"taxonomy":"product_cat","embeddable":true,"href":"https:\/\/wydawnictwo.ug.edu.pl\/en\/wp-json\/wp\/v2\/product_cat?post=46381"},{"taxonomy":"product_tag","embeddable":true,"href":"https:\/\/wydawnictwo.ug.edu.pl\/en\/wp-json\/wp\/v2\/product_tag?post=46381"}],"curies":[{"name":"wp","href":"https:\/\/api.w.org\/{rel}","templated":true}]}}

Osada w Dębczynie. Ze studiów nad przemianami osadniczymi i kulturowymi na Pomorzu Zachodnim

<p>Opracowano dzieje osady w Dębczynie, powiat Białogard, stanowisko 6, jednej z ważniejszych w źródłach archeologicznych pochodzących z Pomorza. Wyniki tych ustaleń ujęto na tle problematyki skupiska osadniczego w rejonie tej osady (dorzecze Parsęty), a następnie owe ustalenia przełożono na zagadnienia osadnicze i kulturowe Pomorza Zachodniego i Przedniego, co stanowi o nowatorskim ujęciu tej problematyki. W książce nakreślono nową narrację o kierunkach i inspiracjach przemieszczania się różnych społeczności zamieszkujących rejon basenu Morza Bałtyckiego. Czytelnik znajdzie w tej pracy zarys oblicza kulturowego Pomorza Zachodniego i Przedniego u schyłku starożytności (II–VI w.) w czasie wędrówek różnych plemion germańskich przemieszczających się po terenie Barbaricum aż do czasów pojawienia się na nim Słowian.</p>
