{"id":46379,"date":"2021-09-16T06:42:12","date_gmt":"2021-09-16T06:42:12","guid":{"rendered":"https:\/\/wydawnictwo.ug.edu.pl\/ksiegarnia-online\/uncategorized\/zasady-relacji-miedzy-rzeczapospolita-polska-a-kosciolem-katolickim-w-zakresie-ochrony-koscielnych-dobr-kultury\/"},"modified":"2026-02-11T14:12:43","modified_gmt":"2026-02-11T14:12:43","slug":"zasady-relacji-miedzy-rzeczapospolita-polska-a-kosciolem-katolickim-w-zakresie-ochrony-koscielnych-dobr-kultury","status":"publish","type":"product","link":"https:\/\/wydawnictwo.ug.edu.pl\/en\/ksiegarnia-online\/prawo-i-administracja\/zasady-relacji-miedzy-rzeczapospolita-polska-a-kosciolem-katolickim-w-zakresie-ochrony-koscielnych-dobr-kultury\/","title":{"rendered":"Zasady relacji mi\u0119dzy Rzecz\u0105pospolit\u0105 Polsk\u0105 a Ko\u015bcio\u0142em katolickim w zakresie ochrony ko\u015bcielnych d\u00f3br kultury"},"content":{"rendered":"","protected":false},"excerpt":{"rendered":"<p>Na ok\u0142adce ksi\u0105\u017cki znajduje si\u0119 obraz Giovanniego Paolo Panniniego zatytu\u0142owany <em>Wej\u015bcie do Panteonu w Rzymie<\/em>. To osiemnastowieczne dzie\u0142o w\u0142oskiego artysty doskonale oddaje zagadnienia poruszane w ksi\u0105\u017cce, sytuacj\u0119, kiedy w ramach jednej przestrzeni to, co sakralne, miesza si\u0119 z tym, co \u015bwieckie. I jak r\u00f3\u017cne mog\u0105 by\u0107 motywacje os\u00f3b odwiedzaj\u0105cych Panteon, tak r\u00f3\u017cne mog\u0105 by\u0107 warto\u015bci wyst\u0119puj\u0105ce w ramach jednej przestrzeni. Wystarczy nadmieni\u0107, \u017ce Panteon jest jednym z najlepiej zachowanych antycznych budynk\u00f3w staro\u017cytnego Rzymu, o unikatowej architekturze, miejscem spoczynku Rafaela, pierwszych kr\u00f3l\u00f3w zjednoczonych W\u0142och, a jednocze\u015bnie jest ko\u015bcio\u0142em katolickim pw. Naj\u015bwi\u0119tszej Maryi Panny od M\u0119czennik\u00f3w. Panteon zawiera wi\u0119c warto\u015bci artystyczne, historyczne, naukowe, patriotyczne i religijne, a warto\u015bci te si\u0119 nie wykluczaj\u0105. W ksi\u0105\u017cce, przenosz\u0105c zagadnienie wsp\u00f3\u0142istnienia warto\u015bci sakralnej i zabytkowej na grunt Polski, staram si\u0119 wykaza\u0107, \u017ce umiej\u0119tne i odpowiedzialne zarz\u0105dzanie zabytkami podnosi ich warto\u015b\u0107 oraz s\u0142u\u017cy ochronie, a do\u015bwiadczenie pi\u0119kna i <em>sacrum<\/em> si\u0119 nie wykluczaj\u0105.<\/p>\n<p style=\"text-align: right;\"><em>Od Autora<\/em><\/p>\n<p>Praca ma wa\u017cne i aktualne znaczenie w opisie, analizie i wyja\u015bnieniu kszta\u0142towania si\u0119 relacji mi\u0119dzy Rzecz\u0105pospolit\u0105 Polsk\u0105 a Ko\u015bcio\u0142em katolickim oraz wyodr\u0119bnienia si\u0119 osobnej ga\u0142\u0119zi prawa. (\u2026) Podj\u0119ty temat, chocia\u017c wydaje si\u0119 w tytule klarowny, ostatecznie nie jest \u0142atwy w opracowaniu.<\/p>\n<p style=\"text-align: right;\"><em>Z recenzji ks. prof. Tomasza Barankiewicza<\/em><\/p>\n<p>Za najistotniejsze ustalenie szczeg\u00f3\u0142owe uwa\u017cam postulat wprowadzenia do polskiego obrotu prawnego kategorii warto\u015bci religijnej dobra kultury. Za interesuj\u0105ce socjologicznoprawnie uwa\u017cam naszkicowany przez Autora czteroetapowy quasi-model wsp\u00f3\u0142dzia\u0142ania organ\u00f3w w\u0142adzy pa\u0144stwowej i ko\u015bcielnej.<\/p>\n<p style=\"text-align: right;\"><em>Z recenzji prof. Maurycego Zaj\u0119ckiego<\/em><\/p>\n","protected":false},"featured_media":16024,"template":"","meta":{"_acf_changed":false},"journal":[],"rodzaj":[7077,7076],"seria":[7078],"product_brand":[],"product_cat":[6932],"product_tag":[7854],"class_list":{"0":"post-46379","1":"product","2":"type-product","3":"status-publish","4":"has-post-thumbnail","6":"rodzaj-czasopismo","7":"rodzaj-serie-wydawnicze","8":"seria-biblioteka-prawa-ochrony-zabytkow","9":"product_cat-prawo-i-administracja","10":"product_tag-andrzej-mosandrzej-mos","11":"pa_rok-wydania-2021-en","13":"first","14":"instock","15":"taxable","16":"shipping-taxable","17":"purchasable","18":"product-type-simple"},"acf":[],"_links":{"self":[{"href":"https:\/\/wydawnictwo.ug.edu.pl\/en\/wp-json\/wp\/v2\/product\/46379","targetHints":{"allow":["GET"]}}],"collection":[{"href":"https:\/\/wydawnictwo.ug.edu.pl\/en\/wp-json\/wp\/v2\/product"}],"about":[{"href":"https:\/\/wydawnictwo.ug.edu.pl\/en\/wp-json\/wp\/v2\/types\/product"}],"wp:featuredmedia":[{"embeddable":true,"href":"https:\/\/wydawnictwo.ug.edu.pl\/en\/wp-json\/wp\/v2\/media\/16024"}],"wp:attachment":[{"href":"https:\/\/wydawnictwo.ug.edu.pl\/en\/wp-json\/wp\/v2\/media?parent=46379"}],"wp:term":[{"taxonomy":"journal","embeddable":true,"href":"https:\/\/wydawnictwo.ug.edu.pl\/en\/wp-json\/wp\/v2\/journal?post=46379"},{"taxonomy":"rodzaj","embeddable":true,"href":"https:\/\/wydawnictwo.ug.edu.pl\/en\/wp-json\/wp\/v2\/rodzaj?post=46379"},{"taxonomy":"seria","embeddable":true,"href":"https:\/\/wydawnictwo.ug.edu.pl\/en\/wp-json\/wp\/v2\/seria?post=46379"},{"taxonomy":"product_brand","embeddable":true,"href":"https:\/\/wydawnictwo.ug.edu.pl\/en\/wp-json\/wp\/v2\/product_brand?post=46379"},{"taxonomy":"product_cat","embeddable":true,"href":"https:\/\/wydawnictwo.ug.edu.pl\/en\/wp-json\/wp\/v2\/product_cat?post=46379"},{"taxonomy":"product_tag","embeddable":true,"href":"https:\/\/wydawnictwo.ug.edu.pl\/en\/wp-json\/wp\/v2\/product_tag?post=46379"}],"curies":[{"name":"wp","href":"https:\/\/api.w.org\/{rel}","templated":true}]}}

Zasady relacji między Rzecząpospolitą Polską a Kościołem katolickim w zakresie ochrony kościelnych dóbr kultury

<p>Na okładce książki znajduje się obraz Giovanniego Paolo Panniniego zatytułowany <em>Wejście do Panteonu w Rzymie</em>. To osiemnastowieczne dzieło włoskiego artysty doskonale oddaje zagadnienia poruszane w książce, sytuację, kiedy w ramach jednej przestrzeni to, co sakralne, miesza się z tym, co świeckie. I jak różne mogą być motywacje osób odwiedzających Panteon, tak różne mogą być wartości występujące w ramach jednej przestrzeni. Wystarczy nadmienić, że Panteon jest jednym z najlepiej zachowanych antycznych budynków starożytnego Rzymu, o unikatowej architekturze, miejscem spoczynku Rafaela, pierwszych królów zjednoczonych Włoch, a jednocześnie jest kościołem katolickim pw. Najświętszej Maryi Panny od Męczenników. Panteon zawiera więc wartości artystyczne, historyczne, naukowe, patriotyczne i religijne, a wartości te się nie wykluczają. W książce, przenosząc zagadnienie współistnienia wartości sakralnej i zabytkowej na grunt Polski, staram się wykazać, że umiejętne i odpowiedzialne zarządzanie zabytkami podnosi ich wartość oraz służy ochronie, a doświadczenie piękna i <em>sacrum</em> się nie wykluczają.</p>
<p style="text-align: right;"><em>Od Autora</em></p>
<p>Praca ma ważne i aktualne znaczenie w opisie, analizie i wyjaśnieniu kształtowania się relacji między Rzecząpospolitą Polską a Kościołem katolickim oraz wyodrębnienia się osobnej gałęzi prawa. (…) Podjęty temat, chociaż wydaje się w tytule klarowny, ostatecznie nie jest łatwy w opracowaniu.</p>
<p style="text-align: right;"><em>Z recenzji ks. prof. Tomasza Barankiewicza</em></p>
<p>Za najistotniejsze ustalenie szczegółowe uważam postulat wprowadzenia do polskiego obrotu prawnego kategorii wartości religijnej dobra kultury. Za interesujące socjologicznoprawnie uważam naszkicowany przez Autora czteroetapowy quasi-model współdziałania organów władzy państwowej i kościelnej.</p>
<p style="text-align: right;"><em>Z recenzji prof. Maurycego Zajęckiego</em></p>
