{"id":46377,"date":"2021-09-16T09:52:30","date_gmt":"2021-09-16T09:52:30","guid":{"rendered":"https:\/\/wydawnictwo.ug.edu.pl\/ksiegarnia-online\/uncategorized\/polityka-i-media-a-kryzys-zaufania-polityka-informacyjna-mocarstw-w-czasie-zagrozenia\/"},"modified":"2026-02-11T14:12:47","modified_gmt":"2026-02-11T14:12:47","slug":"polityka-i-media-a-kryzys-zaufania-polityka-informacyjna-mocarstw-w-czasie-zagrozenia","status":"publish","type":"product","link":"https:\/\/wydawnictwo.ug.edu.pl\/en\/ksiegarnia-online\/socjologia\/polityka-i-media-a-kryzys-zaufania-polityka-informacyjna-mocarstw-w-czasie-zagrozenia\/","title":{"rendered":"Polityka i media a kryzys zaufania. Polityka informacyjna mocarstw w czasie zagro\u017cenia"},"content":{"rendered":"","protected":false},"excerpt":{"rendered":"<p>Wypracowanie sp\u00f3jnej polityki informacyjnej pa\u0144stwa oraz powi\u0105zanej z ni\u0105 polityki medialnej &#8211; prowadzonych w atmosferze zaufania, wolnych od manipulacji i zast\u0119powania rzetelnych informacji fake newsami, kt\u00f3rych rozpowszechnianie prowadzi do destabilizacji mi\u0119dzynarodowego \u0142adu &#8211; staje si\u0119 strategicznym zadaniem dla wsp\u00f3\u0142czesnych pa\u0144stw. Monografia sk\u0142ada si\u0119 z analiz wykazuj\u0105cych zale\u017cno\u015bci mi\u0119dzy polityk\u0105 a mediami w dobie kryzysu zaufania oraz studi\u00f3w przypadk\u00f3w opisuj\u0105cych polityk\u0119 informacyjn\u0105 mocarstw: USA, RFN, Brazylii i ChRL przed i w czasie kryzysu wywo\u0142anego pandemi\u0105 COVID-19. T\u0142em prowadzonych bada\u0144 jest szeroki ogl\u0105d spo\u0142eczno-polityczny z uwzgl\u0119dnieniem analizy system\u00f3w politycznych, partyjnych i medialnych.<\/p>\n","protected":false},"featured_media":16051,"template":"","meta":{"_acf_changed":false},"journal":[],"rodzaj":[],"seria":[],"product_brand":[],"product_cat":[7047,6953],"product_tag":[],"class_list":{"0":"post-46377","1":"product","2":"type-product","3":"status-publish","4":"has-post-thumbnail","6":"product_cat-politologia","7":"product_cat-socjologia","8":"pa_rok-wydania-2021-en","10":"first","11":"outofstock","12":"taxable","13":"shipping-taxable","14":"purchasable","15":"product-type-simple"},"acf":[],"_links":{"self":[{"href":"https:\/\/wydawnictwo.ug.edu.pl\/en\/wp-json\/wp\/v2\/product\/46377","targetHints":{"allow":["GET"]}}],"collection":[{"href":"https:\/\/wydawnictwo.ug.edu.pl\/en\/wp-json\/wp\/v2\/product"}],"about":[{"href":"https:\/\/wydawnictwo.ug.edu.pl\/en\/wp-json\/wp\/v2\/types\/product"}],"wp:featuredmedia":[{"embeddable":true,"href":"https:\/\/wydawnictwo.ug.edu.pl\/en\/wp-json\/wp\/v2\/media\/16051"}],"wp:attachment":[{"href":"https:\/\/wydawnictwo.ug.edu.pl\/en\/wp-json\/wp\/v2\/media?parent=46377"}],"wp:term":[{"taxonomy":"journal","embeddable":true,"href":"https:\/\/wydawnictwo.ug.edu.pl\/en\/wp-json\/wp\/v2\/journal?post=46377"},{"taxonomy":"rodzaj","embeddable":true,"href":"https:\/\/wydawnictwo.ug.edu.pl\/en\/wp-json\/wp\/v2\/rodzaj?post=46377"},{"taxonomy":"seria","embeddable":true,"href":"https:\/\/wydawnictwo.ug.edu.pl\/en\/wp-json\/wp\/v2\/seria?post=46377"},{"taxonomy":"product_brand","embeddable":true,"href":"https:\/\/wydawnictwo.ug.edu.pl\/en\/wp-json\/wp\/v2\/product_brand?post=46377"},{"taxonomy":"product_cat","embeddable":true,"href":"https:\/\/wydawnictwo.ug.edu.pl\/en\/wp-json\/wp\/v2\/product_cat?post=46377"},{"taxonomy":"product_tag","embeddable":true,"href":"https:\/\/wydawnictwo.ug.edu.pl\/en\/wp-json\/wp\/v2\/product_tag?post=46377"}],"curies":[{"name":"wp","href":"https:\/\/api.w.org\/{rel}","templated":true}]}}

Polityka i media a kryzys zaufania. Polityka informacyjna mocarstw w czasie zagrożenia

<p>Wypracowanie spójnej polityki informacyjnej państwa oraz powiązanej z nią polityki medialnej &#8211; prowadzonych w atmosferze zaufania, wolnych od manipulacji i zastępowania rzetelnych informacji fake newsami, których rozpowszechnianie prowadzi do destabilizacji międzynarodowego ładu &#8211; staje się strategicznym zadaniem dla współczesnych państw. Monografia składa się z analiz wykazujących zależności między polityką a mediami w dobie kryzysu zaufania oraz studiów przypadków opisujących politykę informacyjną mocarstw: USA, RFN, Brazylii i ChRL przed i w czasie kryzysu wywołanego pandemią COVID-19. Tłem prowadzonych badań jest szeroki ogląd społeczno-polityczny z uwzględnieniem analizy systemów politycznych, partyjnych i medialnych.</p>
