{"id":46363,"date":"2021-10-13T12:02:37","date_gmt":"2021-10-13T12:02:37","guid":{"rendered":"https:\/\/wydawnictwo.ug.edu.pl\/ksiegarnia-online\/uncategorized\/przemiany-na-rynku-pasazerskich-uslug-transportowych\/"},"modified":"2026-02-11T14:10:02","modified_gmt":"2026-02-11T14:10:02","slug":"przemiany-na-rynku-pasazerskich-uslug-transportowych","status":"publish","type":"product","link":"https:\/\/wydawnictwo.ug.edu.pl\/en\/ksiegarnia-online\/ekonomia\/przemiany-na-rynku-pasazerskich-uslug-transportowych\/","title":{"rendered":"Przemiany na rynku pasa\u017cerskich us\u0142ug transportowych"},"content":{"rendered":"","protected":false},"excerpt":{"rendered":"<p>Monografia zosta\u0142a przygotowana przez znanych specjalist\u00f3w i ekspert\u00f3w zajmuj\u0105cych si\u0119 transportem, szczeg\u00f3lnie problematyk\u0105 transportu miejskiego. Ich g\u0142\u00f3wnym celem by\u0142o zebranie wynik\u00f3w bada\u0144 i analiz prowadzonych przez przedstawicieli r\u00f3\u017cnych o\u015brodk\u00f3w naukowych na temat funkcjonowania transportu, z uwzgl\u0119dnieniem okresu pandemii.<\/p>\n<p>Publikacja stanowi podzi\u0119kowanie dla wybitnego specjalisty, naukowca i praktyka zajmuj\u0105cego si\u0119 transportem miejskim, Profesora Olgierda Wyszomirskiego, wieloletniego Kierownika Katedry Rynku Transportowego Wydzia\u0142u Ekonomicznego Uniwersytetu Gda\u0144skie \u2013 go, pe\u0142ni\u0105cego r\u00f3wnocze\u015bnie funkcj\u0119 Dyrektora Zarz\u0105du Komunikacji Miejskiej w Gdyni, kt\u00f3ry potrafi\u0142 swoj\u0105 pasj\u0105 i zainteresowaniami zainspirowa\u0107 szerokie grono naukowc\u00f3w. Autorami poszczeg\u00f3lnych artyku\u0142\u00f3w s\u0105 przyjaciele i wsp\u00f3\u0142pracownicy oraz wychowankowie Pana Profesora.<\/p>\n","protected":false},"featured_media":16394,"template":"","meta":{"_acf_changed":false},"journal":[],"rodzaj":[],"seria":[],"product_brand":[],"product_cat":[6934],"product_tag":[7488,7841],"class_list":{"0":"post-46363","1":"product","2":"type-product","3":"status-publish","4":"has-post-thumbnail","6":"product_cat-ekonomia","7":"product_tag-dariusz-tloczynski","8":"product_tag-katarzyna-hebelkatarzyna-hebel","9":"pa_rok-wydania-2021-en","11":"first","12":"instock","13":"taxable","14":"shipping-taxable","15":"product-type-simple"},"acf":[],"_links":{"self":[{"href":"https:\/\/wydawnictwo.ug.edu.pl\/en\/wp-json\/wp\/v2\/product\/46363","targetHints":{"allow":["GET"]}}],"collection":[{"href":"https:\/\/wydawnictwo.ug.edu.pl\/en\/wp-json\/wp\/v2\/product"}],"about":[{"href":"https:\/\/wydawnictwo.ug.edu.pl\/en\/wp-json\/wp\/v2\/types\/product"}],"wp:featuredmedia":[{"embeddable":true,"href":"https:\/\/wydawnictwo.ug.edu.pl\/en\/wp-json\/wp\/v2\/media\/16394"}],"wp:attachment":[{"href":"https:\/\/wydawnictwo.ug.edu.pl\/en\/wp-json\/wp\/v2\/media?parent=46363"}],"wp:term":[{"taxonomy":"journal","embeddable":true,"href":"https:\/\/wydawnictwo.ug.edu.pl\/en\/wp-json\/wp\/v2\/journal?post=46363"},{"taxonomy":"rodzaj","embeddable":true,"href":"https:\/\/wydawnictwo.ug.edu.pl\/en\/wp-json\/wp\/v2\/rodzaj?post=46363"},{"taxonomy":"seria","embeddable":true,"href":"https:\/\/wydawnictwo.ug.edu.pl\/en\/wp-json\/wp\/v2\/seria?post=46363"},{"taxonomy":"product_brand","embeddable":true,"href":"https:\/\/wydawnictwo.ug.edu.pl\/en\/wp-json\/wp\/v2\/product_brand?post=46363"},{"taxonomy":"product_cat","embeddable":true,"href":"https:\/\/wydawnictwo.ug.edu.pl\/en\/wp-json\/wp\/v2\/product_cat?post=46363"},{"taxonomy":"product_tag","embeddable":true,"href":"https:\/\/wydawnictwo.ug.edu.pl\/en\/wp-json\/wp\/v2\/product_tag?post=46363"}],"curies":[{"name":"wp","href":"https:\/\/api.w.org\/{rel}","templated":true}]}}

Przemiany na rynku pasażerskich usług transportowych

<p>Monografia została przygotowana przez znanych specjalistów i ekspertów zajmujących się transportem, szczególnie problematyką transportu miejskiego. Ich głównym celem było zebranie wyników badań i analiz prowadzonych przez przedstawicieli różnych ośrodków naukowych na temat funkcjonowania transportu, z uwzględnieniem okresu pandemii.</p>
<p>Publikacja stanowi podziękowanie dla wybitnego specjalisty, naukowca i praktyka zajmującego się transportem miejskim, Profesora Olgierda Wyszomirskiego, wieloletniego Kierownika Katedry Rynku Transportowego Wydziału Ekonomicznego Uniwersytetu Gdańskie – go, pełniącego równocześnie funkcję Dyrektora Zarządu Komunikacji Miejskiej w Gdyni, który potrafił swoją pasją i zainteresowaniami zainspirować szerokie grono naukowców. Autorami poszczególnych artykułów są przyjaciele i współpracownicy oraz wychowankowie Pana Profesora.</p>
