{"id":46356,"date":"2021-11-03T08:43:25","date_gmt":"2021-11-03T08:43:25","guid":{"rendered":"https:\/\/wydawnictwo.ug.edu.pl\/ksiegarnia-online\/uncategorized\/stanislawa-fleszarowa-muskat-i-jej-wspolczesni\/"},"modified":"2026-02-11T14:10:08","modified_gmt":"2026-02-11T14:10:08","slug":"stanislawa-fleszarowa-muskat-i-jej-wspolczesni","status":"publish","type":"product","link":"https:\/\/wydawnictwo.ug.edu.pl\/en\/ksiegarnia-online\/literaturoznawstwo\/stanislawa-fleszarowa-muskat-i-jej-wspolczesni\/","title":{"rendered":"Stanis\u0142awa Fleszarowa-Muskat i jej wsp\u00f3\u0142cze\u015bni"},"content":{"rendered":"","protected":false},"excerpt":{"rendered":"<p>Praca zbiorowa pt. Stanis\u0142awa Fleszarowa-Muskat i jej wsp\u00f3\u0142cze\u015bni, pod red. Artura Nowaczewskiego i Janusza Mosakowskiego, ma kszta\u0142t monografii wieloautorskiej. (\u2026) Wszystkie artyku\u0142y-rozdzia\u0142y \u0142\u0105czy przestrze\u0144 Wybrze\u017ca, a szczeg\u00f3lnie Tr\u00f3jmiasta. Co wi\u0119cej, nie do\u015b\u0107, \u017ce autorzy s\u0105 od lat osadzeni z r\u00f3\u017cnych powod\u00f3w w wybrze\u017cowym krajobrazie \u017cycia kulturalnego, to od niekiedy bardzo d\u0142ugiego czasu uczestnicz\u0105 w nim i wsp\u00f3\u0142tworz\u0105 go zawodowo. (\u2026) Ksi\u0105\u017cka jest panoram\u0105 los\u00f3w i zjawisk r\u00f3wnoleg\u0142ych. Cho\u0107 nie zawsze przecina\u0142y si\u0119 i wzajemnie wspomaga\u0142y, to ich uchwycenie przez kilkunastu autor\u00f3w spowodowa\u0142o, \u017ce z ich odtworze\u0144, uzupe\u0142nie\u0144, wspomnie\u0144, masy przywo\u0142anych nazwisk i fakt\u00f3w wy\u0142ania si\u0119 wielowymiarowy, znikaj\u0105cy ze \u015bwiadomo\u015bci najm\u0142odszego pokolenia, obraz \u015brodowiska artystycznego i kulturalnego Tr\u00f3jmiasta z okresu Polski Ludowej i lat nieco p\u00f3\u017aniejszych.<\/p>\n<p style=\"text-align: right;\"><em>Z recenzji prof. dr. hab. Zbigniewa Chojnowskiego<\/em><\/p>\n","protected":false},"featured_media":16658,"template":"","meta":{"_acf_changed":false},"journal":[],"rodzaj":[2602],"seria":[],"product_brand":[],"product_cat":[2485],"product_tag":[666,1036],"class_list":{"0":"post-46356","1":"product","2":"type-product","3":"status-publish","4":"has-post-thumbnail","6":"rodzaj-ksiazki","7":"product_cat-literaturoznawstwo","8":"product_tag-artur-nowaczewski","9":"product_tag-janusz-mosakowski","10":"pa_rok-wydania-861","12":"first","13":"instock","14":"taxable","15":"shipping-taxable","16":"purchasable","17":"product-type-simple"},"acf":[],"_links":{"self":[{"href":"https:\/\/wydawnictwo.ug.edu.pl\/en\/wp-json\/wp\/v2\/product\/46356","targetHints":{"allow":["GET"]}}],"collection":[{"href":"https:\/\/wydawnictwo.ug.edu.pl\/en\/wp-json\/wp\/v2\/product"}],"about":[{"href":"https:\/\/wydawnictwo.ug.edu.pl\/en\/wp-json\/wp\/v2\/types\/product"}],"wp:featuredmedia":[{"embeddable":true,"href":"https:\/\/wydawnictwo.ug.edu.pl\/en\/wp-json\/wp\/v2\/media\/16658"}],"wp:attachment":[{"href":"https:\/\/wydawnictwo.ug.edu.pl\/en\/wp-json\/wp\/v2\/media?parent=46356"}],"wp:term":[{"taxonomy":"journal","embeddable":true,"href":"https:\/\/wydawnictwo.ug.edu.pl\/en\/wp-json\/wp\/v2\/journal?post=46356"},{"taxonomy":"rodzaj","embeddable":true,"href":"https:\/\/wydawnictwo.ug.edu.pl\/en\/wp-json\/wp\/v2\/rodzaj?post=46356"},{"taxonomy":"seria","embeddable":true,"href":"https:\/\/wydawnictwo.ug.edu.pl\/en\/wp-json\/wp\/v2\/seria?post=46356"},{"taxonomy":"product_brand","embeddable":true,"href":"https:\/\/wydawnictwo.ug.edu.pl\/en\/wp-json\/wp\/v2\/product_brand?post=46356"},{"taxonomy":"product_cat","embeddable":true,"href":"https:\/\/wydawnictwo.ug.edu.pl\/en\/wp-json\/wp\/v2\/product_cat?post=46356"},{"taxonomy":"product_tag","embeddable":true,"href":"https:\/\/wydawnictwo.ug.edu.pl\/en\/wp-json\/wp\/v2\/product_tag?post=46356"}],"curies":[{"name":"wp","href":"https:\/\/api.w.org\/{rel}","templated":true}]}}

Stanisława Fleszarowa-Muskat i jej współcześni

<p>Praca zbiorowa pt. Stanisława Fleszarowa-Muskat i jej współcześni, pod red. Artura Nowaczewskiego i Janusza Mosakowskiego, ma kształt monografii wieloautorskiej. (…) Wszystkie artykuły-rozdziały łączy przestrzeń Wybrzeża, a szczególnie Trójmiasta. Co więcej, nie dość, że autorzy są od lat osadzeni z różnych powodów w wybrzeżowym krajobrazie życia kulturalnego, to od niekiedy bardzo długiego czasu uczestniczą w nim i współtworzą go zawodowo. (…) Książka jest panoramą losów i zjawisk równoległych. Choć nie zawsze przecinały się i wzajemnie wspomagały, to ich uchwycenie przez kilkunastu autorów spowodowało, że z ich odtworzeń, uzupełnień, wspomnień, masy przywołanych nazwisk i faktów wyłania się wielowymiarowy, znikający ze świadomości najmłodszego pokolenia, obraz środowiska artystycznego i kulturalnego Trójmiasta z okresu Polski Ludowej i lat nieco późniejszych.</p>
<p style="text-align: right;"><em>Z recenzji prof. dr. hab. Zbigniewa Chojnowskiego</em></p>
