{"id":46354,"date":"2021-11-03T10:52:43","date_gmt":"2021-11-03T10:52:43","guid":{"rendered":"https:\/\/wydawnictwo.ug.edu.pl\/ksiegarnia-online\/uncategorized\/perswazja-jezykowa-w-roznych-dyskursach-tom-6\/"},"modified":"2026-02-11T14:10:11","modified_gmt":"2026-02-11T14:10:11","slug":"perswazja-jezykowa-w-roznych-dyskursach-tom-6","status":"publish","type":"product","link":"https:\/\/wydawnictwo.ug.edu.pl\/en\/ksiegarnia-online\/jezykoznawstwo\/perswazja-jezykowa-w-roznych-dyskursach-tom-6\/","title":{"rendered":"Perswazja j\u0119zykowa w r\u00f3\u017cnych dyskursach. Tom 6"},"content":{"rendered":"","protected":false},"excerpt":{"rendered":"<p>Zachowaniem os\u00f3b mo\u017cna manipulowa\u0107, nie tylko wykorzystuj\u0105c efekty psychologiczne, lecz tak\u017ce umiej\u0119tnie operuj\u0105c j\u0119zykiem przy przekazywaniu informacji.<\/p>\n<p style=\"text-align: right;\"><em>Stefan Forlicz<\/em><\/p>\n<p style=\"text-align: left;\"><em>Perswazja j\u0119zykowa w r\u00f3\u017cnych dyskursach. Tom 6<\/em> pod redakcj\u0105 \u017banny S\u0142adkiewicz jest publikacj\u0105 pokonferencyjn\u0105, powsta\u0142\u0105 na gruncie wyst\u0105pie\u0144 uczestnik\u00f3w Mi\u0119dzynarodowej Konferencji Naukowej: Mowa-Cz\u0142owiek-\u015awiat. Perswazja j\u0119zykowa w r\u00f3\u017cnych dyskursach III, kt\u00f3ra odby\u0142a si\u0119 w dniach 13-14 maja 2021 roku na Uniwersytecie Gda\u0144skim. Tematyka dotykaj\u0105ca wiedzy o sposobach oddzia\u0142ywania j\u0119zykowego w r\u00f3\u017cnych typach dyskursu: politycznym, medialnym, religijnym czy dydaktycznym zainteresuje j\u0119zykoznawc\u00f3w, literaturoznawc\u00f3w, socjolog\u00f3w, doktorant\u00f3w, student\u00f3w, a tak\u017ce specjalist\u00f3w z zakresu komunikologii, public relations.<\/p>\n","protected":false},"featured_media":16609,"template":"","meta":{"_acf_changed":false},"journal":[],"rodzaj":[7074],"seria":[],"product_brand":[],"product_cat":[6924,6926],"product_tag":[],"class_list":{"0":"post-46354","1":"product","2":"type-product","3":"status-publish","4":"has-post-thumbnail","6":"rodzaj-ksiazki","7":"product_cat-jezykoznawstwo","8":"product_cat-przekladoznawstwo","9":"pa_rok-wydania-2021-en","11":"first","12":"outofstock","13":"taxable","14":"shipping-taxable","15":"purchasable","16":"product-type-simple"},"acf":[],"_links":{"self":[{"href":"https:\/\/wydawnictwo.ug.edu.pl\/en\/wp-json\/wp\/v2\/product\/46354","targetHints":{"allow":["GET"]}}],"collection":[{"href":"https:\/\/wydawnictwo.ug.edu.pl\/en\/wp-json\/wp\/v2\/product"}],"about":[{"href":"https:\/\/wydawnictwo.ug.edu.pl\/en\/wp-json\/wp\/v2\/types\/product"}],"wp:featuredmedia":[{"embeddable":true,"href":"https:\/\/wydawnictwo.ug.edu.pl\/en\/wp-json\/wp\/v2\/media\/16609"}],"wp:attachment":[{"href":"https:\/\/wydawnictwo.ug.edu.pl\/en\/wp-json\/wp\/v2\/media?parent=46354"}],"wp:term":[{"taxonomy":"journal","embeddable":true,"href":"https:\/\/wydawnictwo.ug.edu.pl\/en\/wp-json\/wp\/v2\/journal?post=46354"},{"taxonomy":"rodzaj","embeddable":true,"href":"https:\/\/wydawnictwo.ug.edu.pl\/en\/wp-json\/wp\/v2\/rodzaj?post=46354"},{"taxonomy":"seria","embeddable":true,"href":"https:\/\/wydawnictwo.ug.edu.pl\/en\/wp-json\/wp\/v2\/seria?post=46354"},{"taxonomy":"product_brand","embeddable":true,"href":"https:\/\/wydawnictwo.ug.edu.pl\/en\/wp-json\/wp\/v2\/product_brand?post=46354"},{"taxonomy":"product_cat","embeddable":true,"href":"https:\/\/wydawnictwo.ug.edu.pl\/en\/wp-json\/wp\/v2\/product_cat?post=46354"},{"taxonomy":"product_tag","embeddable":true,"href":"https:\/\/wydawnictwo.ug.edu.pl\/en\/wp-json\/wp\/v2\/product_tag?post=46354"}],"curies":[{"name":"wp","href":"https:\/\/api.w.org\/{rel}","templated":true}]}}

Perswazja językowa w różnych dyskursach. Tom 6

<p>Zachowaniem osób można manipulować, nie tylko wykorzystując efekty psychologiczne, lecz także umiejętnie operując językiem przy przekazywaniu informacji.</p>
<p style="text-align: right;"><em>Stefan Forlicz</em></p>
<p style="text-align: left;"><em>Perswazja językowa w różnych dyskursach. Tom 6</em> pod redakcją Żanny Sładkiewicz jest publikacją pokonferencyjną, powstałą na gruncie wystąpień uczestników Międzynarodowej Konferencji Naukowej: Mowa-Człowiek-Świat. Perswazja językowa w różnych dyskursach III, która odbyła się w dniach 13-14 maja 2021 roku na Uniwersytecie Gdańskim. Tematyka dotykająca wiedzy o sposobach oddziaływania językowego w różnych typach dyskursu: politycznym, medialnym, religijnym czy dydaktycznym zainteresuje językoznawców, literaturoznawców, socjologów, doktorantów, studentów, a także specjalistów z zakresu komunikologii, public relations.</p>
