{"id":46353,"date":"2021-11-03T12:09:11","date_gmt":"2021-11-03T12:09:11","guid":{"rendered":"https:\/\/wydawnictwo.ug.edu.pl\/ksiegarnia-online\/uncategorized\/action-research-w-praktyce-nauczycielskie-refleksje-w-dzialaniu-i-nad-dzialaniami-autorskimi\/"},"modified":"2026-02-11T14:10:11","modified_gmt":"2026-02-11T14:10:11","slug":"action-research-w-praktyce-nauczycielskie-refleksje-w-dzialaniu-i-nad-dzialaniami-autorskimi","status":"publish","type":"product","link":"https:\/\/wydawnictwo.ug.edu.pl\/en\/ksiegarnia-online\/pedagogika-i-psychologia\/action-research-w-praktyce-nauczycielskie-refleksje-w-dzialaniu-i-nad-dzialaniami-autorskimi\/","title":{"rendered":"Action research w praktyce. Nauczycielskie refleksje \u201ew\u201d dzia\u0142aniu i \u201enad\u201d dzia\u0142aniami autorskimi"},"content":{"rendered":"","protected":false},"excerpt":{"rendered":"<p>Propozycja wydania pracy zbiorowej pod redakcj\u0105 Agnieszki Nowak-\u0141ojewskiej pojawia si\u0119 w momencie szczeg\u00f3lnym dla kondycji o\u015bwiaty. Po okresie strajk\u00f3w nauczycieli domagaj\u0105cych si\u0119 profesjonalnego uznania, po okresie zdalnej edukacji &#8211; ujawniaj\u0105cej z jednej strony odpowiedzialno\u015b\u0107 osobist\u0105 nauczycieli za jako\u015b\u0107 oferowanej edukacji, a z drugiej coraz bardziej natarczywe pr\u00f3by centralizacji programowej i odg\u00f3rn\u0105 kontrol\u0119 &#8211; oddanie g\u0142osu nauczycielom w sprawie uwiarygodnienia ich kompetencji refleksyjno-krytycznych w zmienianiu kultury edukacji uznaj\u0119 za wa\u017cne wydarzenie &#8211; je\u015bli nie r\u00f3wne, to zbli\u017cone wag\u0105 do opublikowania pod redakcj\u0105 Soni Nieto dw\u00f3ch g\u0142o\u015bnych w Stanach Zjednoczonych ksi\u0105\u017cek napisanych wsp\u00f3lnie z nauczycielami &#8211; <em>Dlaczego uczymy<\/em> (<em>Why We Teach<\/em>) w 2005 roku i po ograniczeniu wzgl\u0119dnej autonomii w edukacji w roku 2014 &#8211; <em>Dlaczego uczymy teraz<\/em> (<em>Why We Teach Now<\/em>).<\/p>\n<p>Opublikowanie auto-rekonstrukcji refleksji nauczycieli &#8211; odchodz\u0105cych we w\u0142asnej praktyce od dominuj\u0105cych w o\u015bwiacie paradygmat\u00f3w &#8211; wniesie nie tylko now\u0105 wiedz\u0119 do nauki o nauczaniu i nauczycielach, ale z ca\u0142\u0105 pewno\u015bci\u0105 mo\u017ce te\u017c wnie\u015b\u0107 znaczenie dla tytu\u0142owych bohater\u00f3w wsp\u00f3\u0142kreuj\u0105cych zbiorow\u0105 \u201eopowie\u015b\u0107\u201d, os\u00f3b zwi\u0105zanych z nimi w \u015brodowiskach ich profesjonalnego zaanga\u017cowania, i <em>last but not least<\/em>, potencjalnych czytelnik\u00f3w, reprezentuj\u0105cych zar\u00f3wno \u015bwiaty praktyk\u00f3w, edukator\u00f3w, jak i profesjonalnych badaczy.<\/p>\n<p style=\"text-align: right;\"><em>Z recenzji dr hab. Doroty Go\u0142\u0119bniak, prof. DSW<\/em><\/p>\n","protected":false},"featured_media":16624,"template":"","meta":{"_acf_changed":false},"journal":[],"rodzaj":[],"seria":[],"product_brand":[],"product_cat":[7007],"product_tag":[],"class_list":{"0":"post-46353","1":"product","2":"type-product","3":"status-publish","4":"has-post-thumbnail","6":"product_cat-pedagogika-i-psychologia","7":"pa_rok-wydania-2021-en","9":"first","10":"outofstock","11":"taxable","12":"shipping-taxable","13":"purchasable","14":"product-type-simple"},"acf":[],"_links":{"self":[{"href":"https:\/\/wydawnictwo.ug.edu.pl\/en\/wp-json\/wp\/v2\/product\/46353","targetHints":{"allow":["GET"]}}],"collection":[{"href":"https:\/\/wydawnictwo.ug.edu.pl\/en\/wp-json\/wp\/v2\/product"}],"about":[{"href":"https:\/\/wydawnictwo.ug.edu.pl\/en\/wp-json\/wp\/v2\/types\/product"}],"wp:featuredmedia":[{"embeddable":true,"href":"https:\/\/wydawnictwo.ug.edu.pl\/en\/wp-json\/wp\/v2\/media\/16624"}],"wp:attachment":[{"href":"https:\/\/wydawnictwo.ug.edu.pl\/en\/wp-json\/wp\/v2\/media?parent=46353"}],"wp:term":[{"taxonomy":"journal","embeddable":true,"href":"https:\/\/wydawnictwo.ug.edu.pl\/en\/wp-json\/wp\/v2\/journal?post=46353"},{"taxonomy":"rodzaj","embeddable":true,"href":"https:\/\/wydawnictwo.ug.edu.pl\/en\/wp-json\/wp\/v2\/rodzaj?post=46353"},{"taxonomy":"seria","embeddable":true,"href":"https:\/\/wydawnictwo.ug.edu.pl\/en\/wp-json\/wp\/v2\/seria?post=46353"},{"taxonomy":"product_brand","embeddable":true,"href":"https:\/\/wydawnictwo.ug.edu.pl\/en\/wp-json\/wp\/v2\/product_brand?post=46353"},{"taxonomy":"product_cat","embeddable":true,"href":"https:\/\/wydawnictwo.ug.edu.pl\/en\/wp-json\/wp\/v2\/product_cat?post=46353"},{"taxonomy":"product_tag","embeddable":true,"href":"https:\/\/wydawnictwo.ug.edu.pl\/en\/wp-json\/wp\/v2\/product_tag?post=46353"}],"curies":[{"name":"wp","href":"https:\/\/api.w.org\/{rel}","templated":true}]}}

Action research w praktyce. Nauczycielskie refleksje „w” działaniu i „nad” działaniami autorskimi

<p>Propozycja wydania pracy zbiorowej pod redakcją Agnieszki Nowak-Łojewskiej pojawia się w momencie szczególnym dla kondycji oświaty. Po okresie strajków nauczycieli domagających się profesjonalnego uznania, po okresie zdalnej edukacji &#8211; ujawniającej z jednej strony odpowiedzialność osobistą nauczycieli za jakość oferowanej edukacji, a z drugiej coraz bardziej natarczywe próby centralizacji programowej i odgórną kontrolę &#8211; oddanie głosu nauczycielom w sprawie uwiarygodnienia ich kompetencji refleksyjno-krytycznych w zmienianiu kultury edukacji uznaję za ważne wydarzenie &#8211; jeśli nie równe, to zbliżone wagą do opublikowania pod redakcją Soni Nieto dwóch głośnych w Stanach Zjednoczonych książek napisanych wspólnie z nauczycielami &#8211; <em>Dlaczego uczymy</em> (<em>Why We Teach</em>) w 2005 roku i po ograniczeniu względnej autonomii w edukacji w roku 2014 &#8211; <em>Dlaczego uczymy teraz</em> (<em>Why We Teach Now</em>).</p>
<p>Opublikowanie auto-rekonstrukcji refleksji nauczycieli &#8211; odchodzących we własnej praktyce od dominujących w oświacie paradygmatów &#8211; wniesie nie tylko nową wiedzę do nauki o nauczaniu i nauczycielach, ale z całą pewnością może też wnieść znaczenie dla tytułowych bohaterów współkreujących zbiorową „opowieść”, osób związanych z nimi w środowiskach ich profesjonalnego zaangażowania, i <em>last but not least</em>, potencjalnych czytelników, reprezentujących zarówno światy praktyków, edukatorów, jak i profesjonalnych badaczy.</p>
<p style="text-align: right;"><em>Z recenzji dr hab. Doroty Gołębniak, prof. DSW</em></p>
