{"id":46350,"date":"2021-11-09T10:39:26","date_gmt":"2021-11-09T10:39:26","guid":{"rendered":"https:\/\/wydawnictwo.ug.edu.pl\/ksiegarnia-online\/uncategorized\/kapital-spoleczny-jako-efekt-lokalnych-imprez-masowych\/"},"modified":"2026-02-11T14:07:30","modified_gmt":"2026-02-11T14:07:30","slug":"kapital-spoleczny-jako-efekt-lokalnych-imprez-masowych","status":"publish","type":"product","link":"https:\/\/wydawnictwo.ug.edu.pl\/en\/ksiegarnia-online\/geografia-spoleczno-ekonomiczna\/kapital-spoleczny-jako-efekt-lokalnych-imprez-masowych\/","title":{"rendered":"Kapita\u0142 spo\u0142eczny jako efekt lokalnych imprez masowych"},"content":{"rendered":"","protected":false},"excerpt":{"rendered":"<p><span style=\"font-weight: 400;\">Autorka analizuje skutki organizacji imprez masowych o charakterze kulturowym w odniesieniu do aspekt\u00f3w geograficznych w Polsce. G\u0142\u00f3wnym celem ksi\u0105\u017cki jest charakterystyka infrastruktury niezb\u0119dnej do organizacji imprez masowych, analiza powi\u0105za\u0144 mi\u0119dzy kapita\u0142em spo\u0142ecznym a rozwojem lokalnym, wyszczeg\u00f3lnienie cel\u00f3w organizacji tego typu imprez, a tak\u017ce okre\u015blenie wp\u0142ywu organizacji imprez masowych na rozw\u00f3j lokalny.<\/span><\/p>\n","protected":false},"featured_media":16683,"template":"","meta":{"_acf_changed":false},"journal":[],"rodzaj":[],"seria":[],"product_brand":[],"product_cat":[6977],"product_tag":[],"class_list":{"0":"post-46350","1":"product","2":"type-product","3":"status-publish","4":"has-post-thumbnail","6":"product_cat-geografia-spoleczno-ekonomiczna","7":"pa_rok-wydania-2021-en","9":"first","10":"outofstock","11":"taxable","12":"shipping-taxable","13":"purchasable","14":"product-type-simple"},"acf":[],"_links":{"self":[{"href":"https:\/\/wydawnictwo.ug.edu.pl\/en\/wp-json\/wp\/v2\/product\/46350","targetHints":{"allow":["GET"]}}],"collection":[{"href":"https:\/\/wydawnictwo.ug.edu.pl\/en\/wp-json\/wp\/v2\/product"}],"about":[{"href":"https:\/\/wydawnictwo.ug.edu.pl\/en\/wp-json\/wp\/v2\/types\/product"}],"wp:featuredmedia":[{"embeddable":true,"href":"https:\/\/wydawnictwo.ug.edu.pl\/en\/wp-json\/wp\/v2\/media\/16683"}],"wp:attachment":[{"href":"https:\/\/wydawnictwo.ug.edu.pl\/en\/wp-json\/wp\/v2\/media?parent=46350"}],"wp:term":[{"taxonomy":"journal","embeddable":true,"href":"https:\/\/wydawnictwo.ug.edu.pl\/en\/wp-json\/wp\/v2\/journal?post=46350"},{"taxonomy":"rodzaj","embeddable":true,"href":"https:\/\/wydawnictwo.ug.edu.pl\/en\/wp-json\/wp\/v2\/rodzaj?post=46350"},{"taxonomy":"seria","embeddable":true,"href":"https:\/\/wydawnictwo.ug.edu.pl\/en\/wp-json\/wp\/v2\/seria?post=46350"},{"taxonomy":"product_brand","embeddable":true,"href":"https:\/\/wydawnictwo.ug.edu.pl\/en\/wp-json\/wp\/v2\/product_brand?post=46350"},{"taxonomy":"product_cat","embeddable":true,"href":"https:\/\/wydawnictwo.ug.edu.pl\/en\/wp-json\/wp\/v2\/product_cat?post=46350"},{"taxonomy":"product_tag","embeddable":true,"href":"https:\/\/wydawnictwo.ug.edu.pl\/en\/wp-json\/wp\/v2\/product_tag?post=46350"}],"curies":[{"name":"wp","href":"https:\/\/api.w.org\/{rel}","templated":true}]}}

Kapitał społeczny jako efekt lokalnych imprez masowych

<p><span style="font-weight: 400;">Autorka analizuje skutki organizacji imprez masowych o charakterze kulturowym w odniesieniu do aspektów geograficznych w Polsce. Głównym celem książki jest charakterystyka infrastruktury niezbędnej do organizacji imprez masowych, analiza powiązań między kapitałem społecznym a rozwojem lokalnym, wyszczególnienie celów organizacji tego typu imprez, a także określenie wpływu organizacji imprez masowych na rozwój lokalny.</span></p>
