{"id":46349,"date":"2021-11-09T11:47:49","date_gmt":"2021-11-09T11:47:49","guid":{"rendered":"https:\/\/wydawnictwo.ug.edu.pl\/ksiegarnia-online\/uncategorized\/celem-ksiazki-jest-przedstawienie-zmian-struktury-i-funkcji-systemu-podatkowego-w-polsce-w-latach-1989-2021-autorzy-dokonujac-analizy-transformacji-systemu-podatkowego-odwoluja-sie-roli-sam\/"},"modified":"2026-02-11T14:07:30","modified_gmt":"2026-02-11T14:07:30","slug":"celem-ksiazki-jest-przedstawienie-zmian-struktury-i-funkcji-systemu-podatkowego-w-polsce-w-latach-1989-2021-autorzy-dokonujac-analizy-transformacji-systemu-podatkowego-odwoluja-sie-roli-sam","status":"publish","type":"product","link":"https:\/\/wydawnictwo.ug.edu.pl\/en\/ksiegarnia-online\/ekonomia\/celem-ksiazki-jest-przedstawienie-zmian-struktury-i-funkcji-systemu-podatkowego-w-polsce-w-latach-1989-2021-autorzy-dokonujac-analizy-transformacji-systemu-podatkowego-odwoluja-sie-roli-sam\/","title":{"rendered":"Transformacja polskiego systemu podatkowego w latach 1989\u20132021"},"content":{"rendered":"","protected":false},"excerpt":{"rendered":"<p>Celem ksi\u0105\u017cki jest przedstawienie zmian struktury i funkcji systemu podatkowego w Polsce w latach 1989\u20132021. Autorzy, dokonuj\u0105c analizy transformacji systemu podatkowego, odwo\u0142uj\u0105 si\u0119 roli samorz\u0105du terytorialnego w uk\u0142adzie finansowym kraju. Wskazuj\u0105 na r\u00f3\u017cnice w zakresie \u017ar\u00f3de\u0142 finansowania zada\u0144 publicznych w okresie transformacji gospodarczej, a tak\u017ce po przyst\u0105pieniu Polski do Unii Europejskiej oraz wyszczeg\u00f3lniaj\u0105 reformy, kt\u00f3re dokona\u0142y si\u0119 w tym zakresie w sektorze publicznym.<\/p>\n","protected":false},"featured_media":16685,"template":"","meta":{"_acf_changed":false},"journal":[],"rodzaj":[],"seria":[],"product_brand":[],"product_cat":[6934],"product_tag":[7829,7830],"class_list":{"0":"post-46349","1":"product","2":"type-product","3":"status-publish","4":"has-post-thumbnail","6":"product_cat-ekonomia","7":"product_tag-grzegorz-szczodrowskigrzegorz-szczodrowski","8":"product_tag-jaroslaw-kempa3","9":"pa_rok-wydania-2021-en","11":"first","12":"outofstock","13":"taxable","14":"shipping-taxable","15":"product-type-simple"},"acf":[],"_links":{"self":[{"href":"https:\/\/wydawnictwo.ug.edu.pl\/en\/wp-json\/wp\/v2\/product\/46349","targetHints":{"allow":["GET"]}}],"collection":[{"href":"https:\/\/wydawnictwo.ug.edu.pl\/en\/wp-json\/wp\/v2\/product"}],"about":[{"href":"https:\/\/wydawnictwo.ug.edu.pl\/en\/wp-json\/wp\/v2\/types\/product"}],"wp:featuredmedia":[{"embeddable":true,"href":"https:\/\/wydawnictwo.ug.edu.pl\/en\/wp-json\/wp\/v2\/media\/16685"}],"wp:attachment":[{"href":"https:\/\/wydawnictwo.ug.edu.pl\/en\/wp-json\/wp\/v2\/media?parent=46349"}],"wp:term":[{"taxonomy":"journal","embeddable":true,"href":"https:\/\/wydawnictwo.ug.edu.pl\/en\/wp-json\/wp\/v2\/journal?post=46349"},{"taxonomy":"rodzaj","embeddable":true,"href":"https:\/\/wydawnictwo.ug.edu.pl\/en\/wp-json\/wp\/v2\/rodzaj?post=46349"},{"taxonomy":"seria","embeddable":true,"href":"https:\/\/wydawnictwo.ug.edu.pl\/en\/wp-json\/wp\/v2\/seria?post=46349"},{"taxonomy":"product_brand","embeddable":true,"href":"https:\/\/wydawnictwo.ug.edu.pl\/en\/wp-json\/wp\/v2\/product_brand?post=46349"},{"taxonomy":"product_cat","embeddable":true,"href":"https:\/\/wydawnictwo.ug.edu.pl\/en\/wp-json\/wp\/v2\/product_cat?post=46349"},{"taxonomy":"product_tag","embeddable":true,"href":"https:\/\/wydawnictwo.ug.edu.pl\/en\/wp-json\/wp\/v2\/product_tag?post=46349"}],"curies":[{"name":"wp","href":"https:\/\/api.w.org\/{rel}","templated":true}]}}

<p>Celem książki jest przedstawienie zmian struktury i funkcji systemu podatkowego w Polsce w latach 1989–2021. Autorzy, dokonując analizy transformacji systemu podatkowego, odwołują się roli samorządu terytorialnego w układzie finansowym kraju. Wskazują na różnice w zakresie źródeł finansowania zadań publicznych w okresie transformacji gospodarczej, a także po przystąpieniu Polski do Unii Europejskiej oraz wyszczególniają reformy, które dokonały się w tym zakresie w sektorze publicznym.</p>
