{"id":46348,"date":"2021-11-09T13:45:54","date_gmt":"2021-11-09T13:45:54","guid":{"rendered":"https:\/\/wydawnictwo.ug.edu.pl\/ksiegarnia-online\/uncategorized\/wydzial-humanistyczny-uniwersytetu-stefana-batorego-w-wilnie-1919-1939\/"},"modified":"2026-02-11T14:07:33","modified_gmt":"2026-02-11T14:07:33","slug":"wydzial-humanistyczny-uniwersytetu-stefana-batorego-w-wilnie-1919-1939","status":"publish","type":"product","link":"https:\/\/wydawnictwo.ug.edu.pl\/en\/ksiegarnia-online\/historia\/wydzial-humanistyczny-uniwersytetu-stefana-batorego-w-wilnie-1919-1939\/","title":{"rendered":"Wydzia\u0142 Humanistyczny Uniwersytetu Stefana Batorego w Wilnie 1919\u20131939"},"content":{"rendered":"","protected":false},"excerpt":{"rendered":"<p style=\"text-align: left;\"><span style=\"color: #ff0000;\"><strong>Produkt niedost\u0119pny w sprzeda\u017cy<\/strong><\/span><\/p>\n<p style=\"text-align: left;\">\u201eDzie\u0142o profesora Zbigniewa Opackiego po\u015bwi\u0119cone Wydzia\u0142owi Humanistycznego Uniwersytetu Stefana Batorego w Wilnie (1919-1939), jego strukturze, kadrze i osi\u0105gni\u0119ciom naukowo-dydaktycznym, to niew\u0105tpliwie opus magnum autora [&#8230;], jest jednak r\u00f3wnie\u017c szczeg\u00f3ln\u0105 <em>liber denissima<\/em>, kt\u00f3ra do pewnego stopnia &#8211; wbrew tytu\u0142owi &#8211; wkracza poza zwyk\u0142e dzieje wile\u0144skiej humanistyki. A staje si\u0119 niezwyk\u0142\u0105 fotografi\u0105 i analiz\u0105 znacznej cz\u0119\u015bci humanistycznego \u015brodowiska profesorskiego przedwojennej Rzeczypospolitej. Bowiem Uniwersytet Stefana Batorego, cho\u0107 najmniejszy w II RP, nie dzia\u0142a\u0142 w odosobnieniu [&#8230;]. Analiza \u015brodowiska humanistycznego, nie tylko Uniwersytetu Stefana Batorego, ale r\u00f3wnie\u017c \u015brodowisk je wspieraj\u0105cych lub inspiruj\u0105cych oraz wywieraj\u0105cych wp\u0142yw, poprzez drobiazgowo\u015b\u0107 tego obrazu daje mo\u017cliwo\u015b\u0107 zrozumienia mechanizm\u00f3w istniej\u0105cych w \u015brodowisku akademickim, wzajemnych animozji, ale te\u017c sympatii i przyja\u017ani. Recenzowana monografia jest wi\u0119c wyj\u0105tkowym studium funkcjonowania tego \u015brodowiska, a tak\u017ce wnosi wiele nowych ustale\u0144 do naszej znajomo\u015bci przedwojennej humanistyki i jej, je\u015bli nie najwybitniejszych, to najcz\u0119\u015bciej analizowanych i cytowanych reprezentant\u00f3w\u201d.<\/p>\n<p style=\"text-align: right;\"><em>Fragment recenzji prof. dr. hab. Leszka Zasztowta<\/em><\/p>\n<p><a href=\"https:\/\/www.academia.edu\/99031882\/Wa%C5%BCny_krok_w_badaniach_dziej%C3%B3w_Uniwersytetu_Stefana_Batorego_w_Wilnie\">Recenzja ksi\u0105\u017cki Zbigniewa Opackiego w roczniku Studia Podlaskie<\/a><\/p>\n","protected":false},"featured_media":16692,"template":"","meta":{"_acf_changed":false},"journal":[],"rodzaj":[7074],"seria":[],"product_brand":[],"product_cat":[6958],"product_tag":[7500],"class_list":{"0":"post-46348","1":"product","2":"type-product","3":"status-publish","4":"has-post-thumbnail","6":"rodzaj-ksiazki","7":"product_cat-historia","8":"product_tag-zbigniew-opacki","10":"first","11":"outofstock","12":"taxable","13":"shipping-taxable","14":"product-type-simple"},"acf":[],"_links":{"self":[{"href":"https:\/\/wydawnictwo.ug.edu.pl\/en\/wp-json\/wp\/v2\/product\/46348","targetHints":{"allow":["GET"]}}],"collection":[{"href":"https:\/\/wydawnictwo.ug.edu.pl\/en\/wp-json\/wp\/v2\/product"}],"about":[{"href":"https:\/\/wydawnictwo.ug.edu.pl\/en\/wp-json\/wp\/v2\/types\/product"}],"wp:featuredmedia":[{"embeddable":true,"href":"https:\/\/wydawnictwo.ug.edu.pl\/en\/wp-json\/wp\/v2\/media\/16692"}],"wp:attachment":[{"href":"https:\/\/wydawnictwo.ug.edu.pl\/en\/wp-json\/wp\/v2\/media?parent=46348"}],"wp:term":[{"taxonomy":"journal","embeddable":true,"href":"https:\/\/wydawnictwo.ug.edu.pl\/en\/wp-json\/wp\/v2\/journal?post=46348"},{"taxonomy":"rodzaj","embeddable":true,"href":"https:\/\/wydawnictwo.ug.edu.pl\/en\/wp-json\/wp\/v2\/rodzaj?post=46348"},{"taxonomy":"seria","embeddable":true,"href":"https:\/\/wydawnictwo.ug.edu.pl\/en\/wp-json\/wp\/v2\/seria?post=46348"},{"taxonomy":"product_brand","embeddable":true,"href":"https:\/\/wydawnictwo.ug.edu.pl\/en\/wp-json\/wp\/v2\/product_brand?post=46348"},{"taxonomy":"product_cat","embeddable":true,"href":"https:\/\/wydawnictwo.ug.edu.pl\/en\/wp-json\/wp\/v2\/product_cat?post=46348"},{"taxonomy":"product_tag","embeddable":true,"href":"https:\/\/wydawnictwo.ug.edu.pl\/en\/wp-json\/wp\/v2\/product_tag?post=46348"}],"curies":[{"name":"wp","href":"https:\/\/api.w.org\/{rel}","templated":true}]}}

Wydział Humanistyczny Uniwersytetu Stefana Batorego w Wilnie 1919–1939

<p style="text-align: left;"><span style="color: #ff0000;"><strong>Produkt niedostępny w sprzedaży</strong></span></p>
<p style="text-align: left;">„Dzieło profesora Zbigniewa Opackiego poświęcone Wydziałowi Humanistycznego Uniwersytetu Stefana Batorego w Wilnie (1919-1939), jego strukturze, kadrze i osiągnięciom naukowo-dydaktycznym, to niewątpliwie opus magnum autora [&#8230;], jest jednak również szczególną <em>liber denissima</em>, która do pewnego stopnia &#8211; wbrew tytułowi &#8211; wkracza poza zwykłe dzieje wileńskiej humanistyki. A staje się niezwykłą fotografią i analizą znacznej części humanistycznego środowiska profesorskiego przedwojennej Rzeczypospolitej. Bowiem Uniwersytet Stefana Batorego, choć najmniejszy w II RP, nie działał w odosobnieniu [&#8230;]. Analiza środowiska humanistycznego, nie tylko Uniwersytetu Stefana Batorego, ale również środowisk je wspierających lub inspirujących oraz wywierających wpływ, poprzez drobiazgowość tego obrazu daje możliwość zrozumienia mechanizmów istniejących w środowisku akademickim, wzajemnych animozji, ale też sympatii i przyjaźni. Recenzowana monografia jest więc wyjątkowym studium funkcjonowania tego środowiska, a także wnosi wiele nowych ustaleń do naszej znajomości przedwojennej humanistyki i jej, jeśli nie najwybitniejszych, to najczęściej analizowanych i cytowanych reprezentantów”.</p>
<p style="text-align: right;"><em>Fragment recenzji prof. dr. hab. Leszka Zasztowta</em></p>
<p><a href="https://www.academia.edu/99031882/Wa%C5%BCny_krok_w_badaniach_dziej%C3%B3w_Uniwersytetu_Stefana_Batorego_w_Wilnie">Recenzja książki Zbigniewa Opackiego w roczniku Studia Podlaskie</a></p>
