{"id":46345,"date":"2021-11-16T13:17:38","date_gmt":"2021-11-16T13:17:38","guid":{"rendered":"https:\/\/wydawnictwo.ug.edu.pl\/ksiegarnia-online\/uncategorized\/unia-europejska-po-2020-roku-w-swietle-aktualnych-wyzwan-wybrane-zagadnienia\/"},"modified":"2026-02-11T14:07:36","modified_gmt":"2026-02-11T14:07:36","slug":"unia-europejska-po-2020-roku-w-swietle-aktualnych-wyzwan-wybrane-zagadnienia","status":"publish","type":"product","link":"https:\/\/wydawnictwo.ug.edu.pl\/en\/ksiegarnia-online\/ekonomia\/unia-europejska-po-2020-roku-w-swietle-aktualnych-wyzwan-wybrane-zagadnienia\/","title":{"rendered":"Unia Europejska po 2020 roku w \u015bwietle aktualnych wyzwa\u0144. Wybrane zagadnienia"},"content":{"rendered":"","protected":false},"excerpt":{"rendered":"<p><span class=\"NormalTextRun SCXW71685288 BCX0\">Celem niniejszej publikacji jest przedstawienie aktualnej sytuacji w wybranych obszar<\/span><span class=\"NormalTextRun SCXW71685288 BCX0\">ach<\/span><span class=\"NormalTextRun SCXW71685288 BCX0\">\u00a0<\/span><span class=\"NormalTextRun SCXW71685288 BCX0\">funkcjonowania Unii Europejskiej<\/span><span class=\"NormalTextRun SCXW71685288 BCX0\"> oraz przyjrzenie si\u0119<\/span><span class=\"NormalTextRun SCXW71685288 BCX0\"> wyzwaniom im towarzysz\u0105cym<\/span><span class=\"NormalTextRun SCXW71685288 BCX0\">. Autorki analizuj\u0105 przemiany Unii Europejskiej odwo\u0142uj\u0105c si\u0119 do takich zagadnie\u0144 jak cyfryzacja, transformacja energetyczna czy nowoczesne technologie. Punktem wyj\u015bcia jest za\u0142o\u017cenie, \u017ce proces integracji europejskiej w wyniku wielu dynamicznych przekszta\u0142ce\u0144 ulegnie zmianom.<\/span><\/p>\n","protected":false},"featured_media":16782,"template":"","meta":{"_acf_changed":false},"journal":[],"rodzaj":[],"seria":[],"product_brand":[],"product_cat":[6934],"product_tag":[7823,7609],"class_list":{"0":"post-46345","1":"product","2":"type-product","3":"status-publish","4":"has-post-thumbnail","6":"product_cat-ekonomia","7":"product_tag-aleksandra-borowicz","8":"product_tag-joanna-stefaniak","9":"pa_rok-wydania-2021-en","11":"first","12":"instock","13":"taxable","14":"shipping-taxable","15":"purchasable","16":"product-type-simple"},"acf":[],"_links":{"self":[{"href":"https:\/\/wydawnictwo.ug.edu.pl\/en\/wp-json\/wp\/v2\/product\/46345","targetHints":{"allow":["GET"]}}],"collection":[{"href":"https:\/\/wydawnictwo.ug.edu.pl\/en\/wp-json\/wp\/v2\/product"}],"about":[{"href":"https:\/\/wydawnictwo.ug.edu.pl\/en\/wp-json\/wp\/v2\/types\/product"}],"wp:featuredmedia":[{"embeddable":true,"href":"https:\/\/wydawnictwo.ug.edu.pl\/en\/wp-json\/wp\/v2\/media\/16782"}],"wp:attachment":[{"href":"https:\/\/wydawnictwo.ug.edu.pl\/en\/wp-json\/wp\/v2\/media?parent=46345"}],"wp:term":[{"taxonomy":"journal","embeddable":true,"href":"https:\/\/wydawnictwo.ug.edu.pl\/en\/wp-json\/wp\/v2\/journal?post=46345"},{"taxonomy":"rodzaj","embeddable":true,"href":"https:\/\/wydawnictwo.ug.edu.pl\/en\/wp-json\/wp\/v2\/rodzaj?post=46345"},{"taxonomy":"seria","embeddable":true,"href":"https:\/\/wydawnictwo.ug.edu.pl\/en\/wp-json\/wp\/v2\/seria?post=46345"},{"taxonomy":"product_brand","embeddable":true,"href":"https:\/\/wydawnictwo.ug.edu.pl\/en\/wp-json\/wp\/v2\/product_brand?post=46345"},{"taxonomy":"product_cat","embeddable":true,"href":"https:\/\/wydawnictwo.ug.edu.pl\/en\/wp-json\/wp\/v2\/product_cat?post=46345"},{"taxonomy":"product_tag","embeddable":true,"href":"https:\/\/wydawnictwo.ug.edu.pl\/en\/wp-json\/wp\/v2\/product_tag?post=46345"}],"curies":[{"name":"wp","href":"https:\/\/api.w.org\/{rel}","templated":true}]}}

Unia Europejska po 2020 roku w świetle aktualnych wyzwań. Wybrane zagadnienia

<p><span class="NormalTextRun SCXW71685288 BCX0">Celem niniejszej publikacji jest przedstawienie aktualnej sytuacji w wybranych obszar</span><span class="NormalTextRun SCXW71685288 BCX0">ach</span><span class="NormalTextRun SCXW71685288 BCX0"> </span><span class="NormalTextRun SCXW71685288 BCX0">funkcjonowania Unii Europejskiej</span><span class="NormalTextRun SCXW71685288 BCX0"> oraz przyjrzenie się</span><span class="NormalTextRun SCXW71685288 BCX0"> wyzwaniom im towarzyszącym</span><span class="NormalTextRun SCXW71685288 BCX0">. Autorki analizują przemiany Unii Europejskiej odwołując się do takich zagadnień jak cyfryzacja, transformacja energetyczna czy nowoczesne technologie. Punktem wyjścia jest założenie, że proces integracji europejskiej w wyniku wielu dynamicznych przekształceń ulegnie zmianom.</span></p>
