{"id":46339,"date":"2021-11-20T19:51:26","date_gmt":"2021-11-20T19:51:26","guid":{"rendered":"https:\/\/wydawnictwo.ug.edu.pl\/ksiegarnia-online\/uncategorized\/finckensteinowie-wschodniopruscy-i-ich-archiwa\/"},"modified":"2026-02-11T14:07:47","modified_gmt":"2026-02-11T14:07:47","slug":"finckensteinowie-wschodniopruscy-i-ich-archiwa","status":"publish","type":"product","link":"https:\/\/wydawnictwo.ug.edu.pl\/en\/ksiegarnia-online\/historia\/finckensteinowie-wschodniopruscy-i-ich-archiwa\/","title":{"rendered":"Finckensteinowie wschodniopruscy i ich archiwa"},"content":{"rendered":"","protected":false},"excerpt":{"rendered":"<p><strong><a href=\"https:\/\/wydawnictwo.ug.edu.pl\/wp-content\/uploads\/2021\/11\/Finckensteinowie-eb.pdf\">Dost\u0119p do ksi\u0105\u017cki w wersji elektronicznej.<\/a><\/strong><\/p>\n<p>Niniejsza publikacja wype\u0142nia luk\u0119 dotycz\u0105c\u0105 bada\u0144 nad archiwami rodowo-maj\u0105tkowymi z terenu Prus Wschodnich. Archiwum Finckenstein\u00f3w jest najwi\u0119kszym w\u015br\u00f3d nich. Zosta\u0142o wytworzone przez jedn\u0105 z najwa\u017cniejszych dla tego kraju rodzin i obejmuje okres od 1379 do 1944 r. Jest te\u017c bardzo r\u00f3\u017cnorodne; co czyni je reprezentatywnym dla terytori\u00f3w Prus Wschodnich. Dodatkowe znaczenie nadaje rozprawie niewystarczaj\u0105cy stan bada\u0144 nad histori\u0105 szlachty Prus Wschodnich.<\/p>\n<p><strong>Wersja papierowa ksi\u0105\u017cki niedost\u0119pna w sprzeda\u017cy.<\/strong><\/p>\n<p><a href=\"https:\/\/wydawnictwo.ug.edu.pl\/wp-content\/uploads\/2021\/11\/Finckensteinowie-recenzja-Archiwa-Kancelarie-Zbiory.pdf\">Recenzja<\/a> Krzysztofa Syty w czasopi\u015bmie \u201eArchiwa \u2013 Kancelarie \u2013 Zbiory\u201d (nr 12 (14), 2021, s. 225\u2013230).<\/p>\n<p><a href=\"https:\/\/wydawnictwo.ug.edu.pl\/wp-content\/uploads\/2021\/11\/Finckensteinowie-recenzja-\u201eStudia-Archiwalne.pdf\">Recenzja<\/a> Anny Laszuk w czasopi\u015bmie \u201eStudia Archiwalne\u201d (t. 10, 2023, s. 193\u2013201).<\/p>\n","protected":false},"featured_media":16823,"template":"","meta":{"_acf_changed":false},"journal":[],"rodzaj":[7074],"seria":[],"product_brand":[],"product_cat":[6958],"product_tag":[7596],"class_list":{"0":"post-46339","1":"product","2":"type-product","3":"status-publish","4":"has-post-thumbnail","6":"rodzaj-ksiazki","7":"product_cat-historia","8":"product_tag-anna-zeglinskaanna-zeglinska","10":"first","11":"instock","12":"taxable","13":"shipping-taxable","14":"purchasable","15":"product-type-simple"},"acf":[],"_links":{"self":[{"href":"https:\/\/wydawnictwo.ug.edu.pl\/en\/wp-json\/wp\/v2\/product\/46339","targetHints":{"allow":["GET"]}}],"collection":[{"href":"https:\/\/wydawnictwo.ug.edu.pl\/en\/wp-json\/wp\/v2\/product"}],"about":[{"href":"https:\/\/wydawnictwo.ug.edu.pl\/en\/wp-json\/wp\/v2\/types\/product"}],"wp:featuredmedia":[{"embeddable":true,"href":"https:\/\/wydawnictwo.ug.edu.pl\/en\/wp-json\/wp\/v2\/media\/16823"}],"wp:attachment":[{"href":"https:\/\/wydawnictwo.ug.edu.pl\/en\/wp-json\/wp\/v2\/media?parent=46339"}],"wp:term":[{"taxonomy":"journal","embeddable":true,"href":"https:\/\/wydawnictwo.ug.edu.pl\/en\/wp-json\/wp\/v2\/journal?post=46339"},{"taxonomy":"rodzaj","embeddable":true,"href":"https:\/\/wydawnictwo.ug.edu.pl\/en\/wp-json\/wp\/v2\/rodzaj?post=46339"},{"taxonomy":"seria","embeddable":true,"href":"https:\/\/wydawnictwo.ug.edu.pl\/en\/wp-json\/wp\/v2\/seria?post=46339"},{"taxonomy":"product_brand","embeddable":true,"href":"https:\/\/wydawnictwo.ug.edu.pl\/en\/wp-json\/wp\/v2\/product_brand?post=46339"},{"taxonomy":"product_cat","embeddable":true,"href":"https:\/\/wydawnictwo.ug.edu.pl\/en\/wp-json\/wp\/v2\/product_cat?post=46339"},{"taxonomy":"product_tag","embeddable":true,"href":"https:\/\/wydawnictwo.ug.edu.pl\/en\/wp-json\/wp\/v2\/product_tag?post=46339"}],"curies":[{"name":"wp","href":"https:\/\/api.w.org\/{rel}","templated":true}]}}

<p><strong><a href="https://wydawnictwo.ug.edu.pl/wp-content/uploads/2021/11/Finckensteinowie-eb.pdf">Dostęp do książki w wersji elektronicznej.</a></strong></p>
<p>Niniejsza publikacja wypełnia lukę dotyczącą badań nad archiwami rodowo-majątkowymi z terenu Prus Wschodnich. Archiwum Finckensteinów jest największym wśród nich. Zostało wytworzone przez jedną z najważniejszych dla tego kraju rodzin i obejmuje okres od 1379 do 1944 r. Jest też bardzo różnorodne; co czyni je reprezentatywnym dla terytoriów Prus Wschodnich. Dodatkowe znaczenie nadaje rozprawie niewystarczający stan badań nad historią szlachty Prus Wschodnich.</p>
<p><strong>Wersja papierowa książki niedostępna w sprzedaży.</strong></p>
<p><a href="https://wydawnictwo.ug.edu.pl/wp-content/uploads/2021/11/Finckensteinowie-recenzja-Archiwa-Kancelarie-Zbiory.pdf">Recenzja</a> Krzysztofa Syty w czasopiśmie „Archiwa – Kancelarie – Zbiory” (nr 12 (14), 2021, s. 225–230).</p>
<p><a href="https://wydawnictwo.ug.edu.pl/wp-content/uploads/2021/11/Finckensteinowie-recenzja-„Studia-Archiwalne.pdf">Recenzja</a> Anny Laszuk w czasopiśmie „Studia Archiwalne” (t. 10, 2023, s. 193–201).</p>
