{"id":46337,"date":"2021-11-24T08:48:52","date_gmt":"2021-11-24T08:48:52","guid":{"rendered":"https:\/\/wydawnictwo.ug.edu.pl\/ksiegarnia-online\/uncategorized\/kinematograf-o-sobie-autotematyzm-w-polskim-filmie-fabularnym\/"},"modified":"2026-02-11T14:07:50","modified_gmt":"2026-02-11T14:07:50","slug":"kinematograf-o-sobie-autotematyzm-w-polskim-filmie-fabularnym","status":"publish","type":"product","link":"https:\/\/wydawnictwo.ug.edu.pl\/en\/ksiegarnia-online\/sztuka\/kinematograf-o-sobie-autotematyzm-w-polskim-filmie-fabularnym\/","title":{"rendered":"Kinematograf o sobie. Autotematyzm w polskim filmie fabularnym"},"content":{"rendered":"","protected":false},"excerpt":{"rendered":"<p><em>Kinematograf o sobie<\/em> to pierwsza monografia po\u015bwi\u0119cona tropom autotematycznym w polskim kinie. Autor zar\u00f3wno odnosi si\u0119 do najwa\u017cniejszych teoretycznych oraz historyczno-filmowych ustale\u0144, jak i \u015bledzi rozw\u00f3j refleksywnych motyw\u00f3w w rodzimych filmach fabularnych, wyodr\u0119bniaj\u0105c przy tym tematyczno-gatunkowe dominanty tego typu audiowizualnych utwor\u00f3w. Przez pryzmat autotematycznej poetyki zostaj\u0105 odczytane nie tylko dzie\u0142a powszechnie doceniane (<em>Wszystko na sprzeda\u017c<\/em>, <em>Cz\u0142owiek z marmuru<\/em>, <em>Amator<\/em>), lecz tak\u017ce zapomniane lub uznane za nieudane (<em>Sprawa do za\u0142atwienia<\/em>, <em>Epilog norymberski<\/em>, <em>Niebieskie jak Morze Czarne<\/em>, <em>Przyspieszenie<\/em>, <em>Historia niemoralna<\/em>). Tak zarysowana propozycja interpretacyjna \u2013 k\u0142ad\u0105ca nacisk na narracyjno-estetyczne komponenty oraz polityczno-ideowy wymiar poszczeg\u00f3lnych film\u00f3w \u2013 pozwala spojrze\u0107 na dzieje polskiego kina z nowej perspektywy.<\/p>\n","protected":false},"featured_media":16822,"template":"","meta":{"_acf_changed":false},"journal":[],"rodzaj":[7074,7076],"seria":[7629],"product_brand":[],"product_cat":[6939],"product_tag":[7819],"class_list":{"0":"post-46337","1":"product","2":"type-product","3":"status-publish","4":"has-post-thumbnail","6":"rodzaj-ksiazki","7":"rodzaj-serie-wydawnicze","8":"seria-linia-filmowa","9":"product_cat-sztuka","10":"product_tag-pawel-bilinskipawel-bilinskipawel-bilinskipawel-bilinski","11":"pa_rok-wydania-2021-en","13":"first","14":"instock","15":"taxable","16":"shipping-taxable","17":"purchasable","18":"product-type-simple"},"acf":[],"_links":{"self":[{"href":"https:\/\/wydawnictwo.ug.edu.pl\/en\/wp-json\/wp\/v2\/product\/46337","targetHints":{"allow":["GET"]}}],"collection":[{"href":"https:\/\/wydawnictwo.ug.edu.pl\/en\/wp-json\/wp\/v2\/product"}],"about":[{"href":"https:\/\/wydawnictwo.ug.edu.pl\/en\/wp-json\/wp\/v2\/types\/product"}],"wp:featuredmedia":[{"embeddable":true,"href":"https:\/\/wydawnictwo.ug.edu.pl\/en\/wp-json\/wp\/v2\/media\/16822"}],"wp:attachment":[{"href":"https:\/\/wydawnictwo.ug.edu.pl\/en\/wp-json\/wp\/v2\/media?parent=46337"}],"wp:term":[{"taxonomy":"journal","embeddable":true,"href":"https:\/\/wydawnictwo.ug.edu.pl\/en\/wp-json\/wp\/v2\/journal?post=46337"},{"taxonomy":"rodzaj","embeddable":true,"href":"https:\/\/wydawnictwo.ug.edu.pl\/en\/wp-json\/wp\/v2\/rodzaj?post=46337"},{"taxonomy":"seria","embeddable":true,"href":"https:\/\/wydawnictwo.ug.edu.pl\/en\/wp-json\/wp\/v2\/seria?post=46337"},{"taxonomy":"product_brand","embeddable":true,"href":"https:\/\/wydawnictwo.ug.edu.pl\/en\/wp-json\/wp\/v2\/product_brand?post=46337"},{"taxonomy":"product_cat","embeddable":true,"href":"https:\/\/wydawnictwo.ug.edu.pl\/en\/wp-json\/wp\/v2\/product_cat?post=46337"},{"taxonomy":"product_tag","embeddable":true,"href":"https:\/\/wydawnictwo.ug.edu.pl\/en\/wp-json\/wp\/v2\/product_tag?post=46337"}],"curies":[{"name":"wp","href":"https:\/\/api.w.org\/{rel}","templated":true}]}}

<p><em>Kinematograf o sobie</em> to pierwsza monografia poświęcona tropom autotematycznym w polskim kinie. Autor zarówno odnosi się do najważniejszych teoretycznych oraz historyczno-filmowych ustaleń, jak i śledzi rozwój refleksywnych motywów w rodzimych filmach fabularnych, wyodrębniając przy tym tematyczno-gatunkowe dominanty tego typu audiowizualnych utworów. Przez pryzmat autotematycznej poetyki zostają odczytane nie tylko dzieła powszechnie doceniane (<em>Wszystko na sprzedaż</em>, <em>Człowiek z marmuru</em>, <em>Amator</em>), lecz także zapomniane lub uznane za nieudane (<em>Sprawa do załatwienia</em>, <em>Epilog norymberski</em>, <em>Niebieskie jak Morze Czarne</em>, <em>Przyspieszenie</em>, <em>Historia niemoralna</em>). Tak zarysowana propozycja interpretacyjna – kładąca nacisk na narracyjno-estetyczne komponenty oraz polityczno-ideowy wymiar poszczególnych filmów – pozwala spojrzeć na dzieje polskiego kina z nowej perspektywy.</p>
