{"id":46334,"date":"2021-11-29T13:55:25","date_gmt":"2021-11-29T13:55:25","guid":{"rendered":"https:\/\/wydawnictwo.ug.edu.pl\/ksiegarnia-online\/uncategorized\/de-ortu-et-obitu-patrum-izydora-z-sewilli-encyklopedia-slawnych-postaci-biblijnych\/"},"modified":"2026-02-11T14:07:53","modified_gmt":"2026-02-11T14:07:53","slug":"de-ortu-et-obitu-patrum-izydora-z-sewilli-encyklopedia-slawnych-postaci-biblijnych","status":"publish","type":"product","link":"https:\/\/wydawnictwo.ug.edu.pl\/en\/ksiegarnia-online\/literaturoznawstwo\/de-ortu-et-obitu-patrum-izydora-z-sewilli-encyklopedia-slawnych-postaci-biblijnych\/","title":{"rendered":"De ortu et obitu patrum: Izydora z Sewilli encyklopedia s\u0142awnych postaci biblijnych"},"content":{"rendered":"","protected":false},"excerpt":{"rendered":"<p>W tej ksi\u0105\u017ceczce przedstawiono narodziny, jak r\u00f3wnie\u017c czyny oraz rodowody niekt\u00f3rych \u015bwi\u0119tych i znakomitych m\u0119\u017c\u00f3w; ponadto z cechuj\u0105c\u0105 sentencje zwi\u0119z\u0142o\u015bci\u0105 opisano piastowane przez nich godno\u015bci, ich \u015bmier\u0107 oraz pogrzeb. Wprawdzie s\u0105 to rzeczy znane osobom, kt\u00f3re podejmuj\u0105 si\u0119 lektury Pisma w ca\u0142ej jego rozci\u0105g\u0142o\u015bci, jednak \u0142atwiej zapadaj\u0105 w pami\u0119\u0107, gdy czytamy o nich w kr\u00f3tkiej opowie\u015bci\u201d \u2013 m\u00f3wi Izydor z Sewilli we wst\u0119pie do utworu, kt\u00f3ry proponujemy uwadze polskiego Czytelnika. Dzier\u017cawca Rajskiego ogrodu Adam, otoczony zwierz\u0119tami dzielny Noe, w\u0119druj\u0105cy do nieba na ognistym rydwanie Eliasz, znajduj\u0105cy ukojenie w cieniu bluszczu buntownik Jonasz, uczony tw\u00f3rca alfabetu Ezdrasz, przewy\u017cszaj\u0105ca m\u0119\u017c\u00f3w dzielno\u015bci\u0105 Judyta, po\u0142\u0105czeni w \u017cyciu i \u015bmierci Zachariasz i El\u017cbieta oraz ich syn \u2013 \u201eg\u0142os S\u0142owa, pochodnia \u015awiat\u0142o\u015bci\u201d, wyzwolony z wi\u0119ziennych loch\u00f3w przez trz\u0119sienie ziemi Pawe\u0142, przemieniaj\u0105cy w z\u0142oto ga\u0142\u0105zki drzew Jan\u2026 Osi\u0105gaj\u0105c pe\u0142ni\u0119 swego cz\u0142owiecze\u0144stwa, ka\u017cdy z nich realizuje ten\u017ce inwariant \u017cycia \u015bwi\u0119tego, czyli cz\u0142owieka \u017cyj\u0105cego w przyja\u017ani z Bogiem, kt\u00f3ry go u\u015bwi\u0119ca. <em>De ortu et obitu patrum <\/em>Izydora z Sewilli (ok. 560\u2013636) to zbi\u00f3r \u017cywot\u00f3w biblijnych postaci, hybryda egzegezy i hagiografii, swego rodzaju <em>breviarium fidei<\/em>, kt\u00f3re wype\u0142nia umys\u0142 odbiorcy formu\u0142ami do medytacji i modlitwy, oraz vademecum, dostarczaj\u0105ce mu wzorc\u00f3w do na\u015bladowania w codziennym post\u0119powaniu.<\/p>\n<p>&nbsp;<\/p>\n","protected":false},"featured_media":17000,"template":"","meta":{"_acf_changed":false},"journal":[],"rodzaj":[7074],"seria":[],"product_brand":[],"product_cat":[6925],"product_tag":[],"class_list":{"0":"post-46334","1":"product","2":"type-product","3":"status-publish","4":"has-post-thumbnail","6":"rodzaj-ksiazki","7":"product_cat-literaturoznawstwo","8":"pa_rok-wydania-2021-en","10":"first","11":"outofstock","12":"taxable","13":"shipping-taxable","14":"purchasable","15":"product-type-simple"},"acf":[],"_links":{"self":[{"href":"https:\/\/wydawnictwo.ug.edu.pl\/en\/wp-json\/wp\/v2\/product\/46334","targetHints":{"allow":["GET"]}}],"collection":[{"href":"https:\/\/wydawnictwo.ug.edu.pl\/en\/wp-json\/wp\/v2\/product"}],"about":[{"href":"https:\/\/wydawnictwo.ug.edu.pl\/en\/wp-json\/wp\/v2\/types\/product"}],"wp:featuredmedia":[{"embeddable":true,"href":"https:\/\/wydawnictwo.ug.edu.pl\/en\/wp-json\/wp\/v2\/media\/17000"}],"wp:attachment":[{"href":"https:\/\/wydawnictwo.ug.edu.pl\/en\/wp-json\/wp\/v2\/media?parent=46334"}],"wp:term":[{"taxonomy":"journal","embeddable":true,"href":"https:\/\/wydawnictwo.ug.edu.pl\/en\/wp-json\/wp\/v2\/journal?post=46334"},{"taxonomy":"rodzaj","embeddable":true,"href":"https:\/\/wydawnictwo.ug.edu.pl\/en\/wp-json\/wp\/v2\/rodzaj?post=46334"},{"taxonomy":"seria","embeddable":true,"href":"https:\/\/wydawnictwo.ug.edu.pl\/en\/wp-json\/wp\/v2\/seria?post=46334"},{"taxonomy":"product_brand","embeddable":true,"href":"https:\/\/wydawnictwo.ug.edu.pl\/en\/wp-json\/wp\/v2\/product_brand?post=46334"},{"taxonomy":"product_cat","embeddable":true,"href":"https:\/\/wydawnictwo.ug.edu.pl\/en\/wp-json\/wp\/v2\/product_cat?post=46334"},{"taxonomy":"product_tag","embeddable":true,"href":"https:\/\/wydawnictwo.ug.edu.pl\/en\/wp-json\/wp\/v2\/product_tag?post=46334"}],"curies":[{"name":"wp","href":"https:\/\/api.w.org\/{rel}","templated":true}]}}

De ortu et obitu patrum: Izydora z Sewilli encyklopedia sławnych postaci biblijnych

<p>W tej książeczce przedstawiono narodziny, jak również czyny oraz rodowody niektórych świętych i znakomitych mężów; ponadto z cechującą sentencje zwięzłością opisano piastowane przez nich godności, ich śmierć oraz pogrzeb. Wprawdzie są to rzeczy znane osobom, które podejmują się lektury Pisma w całej jego rozciągłości, jednak łatwiej zapadają w pamięć, gdy czytamy o nich w krótkiej opowieści” – mówi Izydor z Sewilli we wstępie do utworu, który proponujemy uwadze polskiego Czytelnika. Dzierżawca Rajskiego ogrodu Adam, otoczony zwierzętami dzielny Noe, wędrujący do nieba na ognistym rydwanie Eliasz, znajdujący ukojenie w cieniu bluszczu buntownik Jonasz, uczony twórca alfabetu Ezdrasz, przewyższająca mężów dzielnością Judyta, połączeni w życiu i śmierci Zachariasz i Elżbieta oraz ich syn – „głos Słowa, pochodnia Światłości”, wyzwolony z więziennych lochów przez trzęsienie ziemi Paweł, przemieniający w złoto gałązki drzew Jan… Osiągając pełnię swego człowieczeństwa, każdy z nich realizuje tenże inwariant życia świętego, czyli człowieka żyjącego w przyjaźni z Bogiem, który go uświęca. <em>De ortu et obitu patrum </em>Izydora z Sewilli (ok. 560–636) to zbiór żywotów biblijnych postaci, hybryda egzegezy i hagiografii, swego rodzaju <em>breviarium fidei</em>, które wypełnia umysł odbiorcy formułami do medytacji i modlitwy, oraz vademecum, dostarczające mu wzorców do naśladowania w codziennym postępowaniu.</p>
<p>&nbsp;</p>
