{"id":46329,"date":"2021-11-30T10:00:00","date_gmt":"2021-11-30T10:00:00","guid":{"rendered":"https:\/\/wydawnictwo.ug.edu.pl\/ksiegarnia-online\/uncategorized\/koscioly-wyznania-wspolnoty-i-zwiazki-religijne-w-krolestwie-polskim-1815-1914\/"},"modified":"2026-02-11T14:07:59","modified_gmt":"2026-02-11T14:07:59","slug":"koscioly-wyznania-wspolnoty-i-zwiazki-religijne-w-krolestwie-polskim-1815-1914","status":"publish","type":"product","link":"https:\/\/wydawnictwo.ug.edu.pl\/en\/ksiegarnia-online\/historia\/koscioly-wyznania-wspolnoty-i-zwiazki-religijne-w-krolestwie-polskim-1815-1914\/","title":{"rendered":"Ko\u015bcio\u0142y, wyznania, wsp\u00f3lnoty i zwi\u0105zki religijne w Kr\u00f3lestwie Polskim (1815\u20131914)"},"content":{"rendered":"","protected":false},"excerpt":{"rendered":"<p style=\"text-align: left;\">Ksi\u0105\u017cka nie ro\u015bci sobie pretensji do stania si\u0119 podr\u0119cznikiem czy kompendium, autorzy starali si\u0119 jednak przedstawi\u0107 temat w spos\u00f3b pe\u0142ny, a jednocze\u015bnie pog\u0142\u0119biony tam, gdzie uznali to za w\u0142a\u015bciwe i po\u017cyteczne. Praca stanowi efekt nie tylko lektury rozleg\u0142ej literatury przedmiotu, ale r\u00f3wnie\u017c prowadzonych od wielu lat bada\u0144. Obaj autorzy opublikowali dot\u0105d szereg wa\u017cnych opracowa\u0144 dotycz\u0105cych kwestii wyznaniowych w Kr\u00f3lestwie Polskim, opartych na kwerendach archiwalnych i bibliotecznych przeprowadzonych w kraju i za granic\u0105. Autorzy pragn\u0119li przygotowa\u0107 publikacj\u0119, po kt\u00f3r\u0105 si\u0119gn\u0105 zar\u00f3wno historycy, religioznawcy oraz studenci kierunk\u00f3w humanistycznych, jak i ca\u0142e grono os\u00f3b zainteresowanych kwesti\u0105 stosunk\u00f3w wyznaniowych i religijnych w uj\u0119ciu historycznym na omawianym terenie.<\/p>\n<p style=\"text-align: right;\"><em>Z Wprowadzenia<\/em><\/p>\n","protected":false},"featured_media":16784,"template":"","meta":{"_acf_changed":false},"journal":[],"rodzaj":[7074],"seria":[],"product_brand":[],"product_cat":[6958,7011],"product_tag":[7814,7815],"class_list":{"0":"post-46329","1":"product","2":"type-product","3":"status-publish","4":"has-post-thumbnail","6":"rodzaj-ksiazki","7":"product_cat-historia","8":"product_cat-religioznawstwo","9":"product_tag-krzysztof-lewalski","10":"product_tag-tadeusz-stegnertadeusz-stegner","11":"pa_rok-wydania-2021-en","13":"first","14":"outofstock","15":"taxable","16":"shipping-taxable","17":"purchasable","18":"product-type-simple"},"acf":[],"_links":{"self":[{"href":"https:\/\/wydawnictwo.ug.edu.pl\/en\/wp-json\/wp\/v2\/product\/46329","targetHints":{"allow":["GET"]}}],"collection":[{"href":"https:\/\/wydawnictwo.ug.edu.pl\/en\/wp-json\/wp\/v2\/product"}],"about":[{"href":"https:\/\/wydawnictwo.ug.edu.pl\/en\/wp-json\/wp\/v2\/types\/product"}],"wp:featuredmedia":[{"embeddable":true,"href":"https:\/\/wydawnictwo.ug.edu.pl\/en\/wp-json\/wp\/v2\/media\/16784"}],"wp:attachment":[{"href":"https:\/\/wydawnictwo.ug.edu.pl\/en\/wp-json\/wp\/v2\/media?parent=46329"}],"wp:term":[{"taxonomy":"journal","embeddable":true,"href":"https:\/\/wydawnictwo.ug.edu.pl\/en\/wp-json\/wp\/v2\/journal?post=46329"},{"taxonomy":"rodzaj","embeddable":true,"href":"https:\/\/wydawnictwo.ug.edu.pl\/en\/wp-json\/wp\/v2\/rodzaj?post=46329"},{"taxonomy":"seria","embeddable":true,"href":"https:\/\/wydawnictwo.ug.edu.pl\/en\/wp-json\/wp\/v2\/seria?post=46329"},{"taxonomy":"product_brand","embeddable":true,"href":"https:\/\/wydawnictwo.ug.edu.pl\/en\/wp-json\/wp\/v2\/product_brand?post=46329"},{"taxonomy":"product_cat","embeddable":true,"href":"https:\/\/wydawnictwo.ug.edu.pl\/en\/wp-json\/wp\/v2\/product_cat?post=46329"},{"taxonomy":"product_tag","embeddable":true,"href":"https:\/\/wydawnictwo.ug.edu.pl\/en\/wp-json\/wp\/v2\/product_tag?post=46329"}],"curies":[{"name":"wp","href":"https:\/\/api.w.org\/{rel}","templated":true}]}}

Kościoły, wyznania, wspólnoty i związki religijne w Królestwie Polskim (1815–1914)

<p style="text-align: left;">Książka nie rości sobie pretensji do stania się podręcznikiem czy kompendium, autorzy starali się jednak przedstawić temat w sposób pełny, a jednocześnie pogłębiony tam, gdzie uznali to za właściwe i pożyteczne. Praca stanowi efekt nie tylko lektury rozległej literatury przedmiotu, ale również prowadzonych od wielu lat badań. Obaj autorzy opublikowali dotąd szereg ważnych opracowań dotyczących kwestii wyznaniowych w Królestwie Polskim, opartych na kwerendach archiwalnych i bibliotecznych przeprowadzonych w kraju i za granicą. Autorzy pragnęli przygotować publikację, po którą sięgną zarówno historycy, religioznawcy oraz studenci kierunków humanistycznych, jak i całe grono osób zainteresowanych kwestią stosunków wyznaniowych i religijnych w ujęciu historycznym na omawianym terenie.</p>
<p style="text-align: right;"><em>Z Wprowadzenia</em></p>
