{"id":46316,"date":"2021-12-08T11:35:29","date_gmt":"2021-12-08T11:35:29","guid":{"rendered":"https:\/\/wydawnictwo.ug.edu.pl\/ksiegarnia-online\/uncategorized\/stan-i-potencjal-rozwojowy-kolejowych-korytarzy-intermodalnych-w-polsce-w-kontekscie-inicjatywy-pasa-drogi\/"},"modified":"2026-02-11T14:05:16","modified_gmt":"2026-02-11T14:05:16","slug":"stan-i-potencjal-rozwojowy-kolejowych-korytarzy-intermodalnych-w-polsce-w-kontekscie-inicjatywy-pasa-drogi","status":"publish","type":"product","link":"https:\/\/wydawnictwo.ug.edu.pl\/en\/ksiegarnia-online\/ekonomia\/stan-i-potencjal-rozwojowy-kolejowych-korytarzy-intermodalnych-w-polsce-w-kontekscie-inicjatywy-pasa-drogi\/","title":{"rendered":"Stan i potencja\u0142 rozwojowy kolejowych korytarzy intermodalnych w Polsce w kontek\u015bcie Inicjatywy Pasa-Drogi"},"content":{"rendered":"","protected":false},"excerpt":{"rendered":"<p><span style=\"color: #ff0000;\"><strong>Ksi\u0105\u017cka tylko w wersji elektronicznej.<\/strong><\/span><\/p>\n<p>Inicjatywa Pasa-Drogi wpisuje si\u0119 w strategi\u0119 wzmocnienia pozycji mi\u0119dzynarodowej Chin. Z perspektywy Europy, a Polski w szczeg\u00f3lno\u015bci, niesie ona za sob\u0105 okre\u015blone szanse i zagro\u017cenia. Lokalizacja i tranzytowe po\u0142o\u017cenie Polski na Szlaku powoduje, \u017ce kluczowego znaczenia nabiera stan infrastruktury kolejowej, kt\u00f3ra stanowi\u0107 mo\u017ce barier\u0119 lub czynnik dynamizuj\u0105cy kolejowe przewozy intermodalne w relacji Chiny \u2013 UE. Celem opracowania jest ocena konkurencyjno\u015bci i perspektywy rozwoju korytarzy transportowych istotnych dla przewoz\u00f3w intermodalnych przez Polsk\u0119. T\u0142o rozwa\u017ca\u0144 stanowi ocena poziomu rozwoju transportu kolejowego w UE i Chinach oraz analiza wyzwa\u0144 geopolityczno-gospodarczych towarzysz\u0105cych rozwojowi przewoz\u00f3w towarowych w uk\u0142adzie transkontynentalnym.<\/p>\n","protected":false},"featured_media":17225,"template":"","meta":{"_acf_changed":false},"journal":[],"rodzaj":[7074],"seria":[],"product_brand":[],"product_cat":[6934],"product_tag":[7801,7802,7803],"class_list":{"0":"post-46316","1":"product","2":"type-product","3":"status-publish","4":"has-post-thumbnail","6":"rodzaj-ksiazki","7":"product_cat-ekonomia","8":"product_tag-marcin-wolek","9":"product_tag-stanislaw-miecznikowski","10":"product_tag-tomasz-radzikowski","12":"first","13":"instock","14":"taxable","15":"shipping-taxable","16":"product-type-simple"},"acf":[],"_links":{"self":[{"href":"https:\/\/wydawnictwo.ug.edu.pl\/en\/wp-json\/wp\/v2\/product\/46316","targetHints":{"allow":["GET"]}}],"collection":[{"href":"https:\/\/wydawnictwo.ug.edu.pl\/en\/wp-json\/wp\/v2\/product"}],"about":[{"href":"https:\/\/wydawnictwo.ug.edu.pl\/en\/wp-json\/wp\/v2\/types\/product"}],"wp:featuredmedia":[{"embeddable":true,"href":"https:\/\/wydawnictwo.ug.edu.pl\/en\/wp-json\/wp\/v2\/media\/17225"}],"wp:attachment":[{"href":"https:\/\/wydawnictwo.ug.edu.pl\/en\/wp-json\/wp\/v2\/media?parent=46316"}],"wp:term":[{"taxonomy":"journal","embeddable":true,"href":"https:\/\/wydawnictwo.ug.edu.pl\/en\/wp-json\/wp\/v2\/journal?post=46316"},{"taxonomy":"rodzaj","embeddable":true,"href":"https:\/\/wydawnictwo.ug.edu.pl\/en\/wp-json\/wp\/v2\/rodzaj?post=46316"},{"taxonomy":"seria","embeddable":true,"href":"https:\/\/wydawnictwo.ug.edu.pl\/en\/wp-json\/wp\/v2\/seria?post=46316"},{"taxonomy":"product_brand","embeddable":true,"href":"https:\/\/wydawnictwo.ug.edu.pl\/en\/wp-json\/wp\/v2\/product_brand?post=46316"},{"taxonomy":"product_cat","embeddable":true,"href":"https:\/\/wydawnictwo.ug.edu.pl\/en\/wp-json\/wp\/v2\/product_cat?post=46316"},{"taxonomy":"product_tag","embeddable":true,"href":"https:\/\/wydawnictwo.ug.edu.pl\/en\/wp-json\/wp\/v2\/product_tag?post=46316"}],"curies":[{"name":"wp","href":"https:\/\/api.w.org\/{rel}","templated":true}]}}

Stan i potencjał rozwojowy kolejowych korytarzy intermodalnych w Polsce w kontekście Inicjatywy Pasa-Drogi

<p><span style="color: #ff0000;"><strong>Książka tylko w wersji elektronicznej.</strong></span></p>
<p>Inicjatywa Pasa-Drogi wpisuje się w strategię wzmocnienia pozycji międzynarodowej Chin. Z perspektywy Europy, a Polski w szczególności, niesie ona za sobą określone szanse i zagrożenia. Lokalizacja i tranzytowe położenie Polski na Szlaku powoduje, że kluczowego znaczenia nabiera stan infrastruktury kolejowej, która stanowić może barierę lub czynnik dynamizujący kolejowe przewozy intermodalne w relacji Chiny – UE. Celem opracowania jest ocena konkurencyjności i perspektywy rozwoju korytarzy transportowych istotnych dla przewozów intermodalnych przez Polskę. Tło rozważań stanowi ocena poziomu rozwoju transportu kolejowego w UE i Chinach oraz analiza wyzwań geopolityczno-gospodarczych towarzyszących rozwojowi przewozów towarowych w układzie transkontynentalnym.</p>
