{"id":46315,"date":"2021-12-09T09:47:16","date_gmt":"2021-12-09T09:47:16","guid":{"rendered":"https:\/\/wydawnictwo.ug.edu.pl\/ksiegarnia-online\/uncategorized\/rozwoj-systemu-zabezpieczenia-na-starosc-w-polsce-w-latach-1918-2021\/"},"modified":"2026-02-11T14:05:21","modified_gmt":"2026-02-11T14:05:21","slug":"rozwoj-systemu-zabezpieczenia-na-starosc-w-polsce-w-latach-1918-2021","status":"publish","type":"product","link":"https:\/\/wydawnictwo.ug.edu.pl\/en\/ksiegarnia-online\/ekonomia\/rozwoj-systemu-zabezpieczenia-na-starosc-w-polsce-w-latach-1918-2021\/","title":{"rendered":"Rozw\u00f3j systemu zabezpieczenia na staro\u015b\u0107 w Polsce w latach 1918\u20132021"},"content":{"rendered":"","protected":false},"excerpt":{"rendered":"<p>Rozpowszechnienie zabezpieczenia na wypadek staro\u015bci to jedno z osi\u0105gni\u0119\u0107 socjalnych \u015bwiata minionego stulecia. Po odzyskaniu przez Polsk\u0119 niepodleg\u0142o\u015bci w 1918 r. zacz\u0119to ujednolica\u0107 prawo z zakresu zabezpieczenia spo\u0142ecznego obowi\u0105zuj\u0105ce na terenach dawnych zabor\u00f3w. Po II wojnie \u015bwiatowej Polska przez niemal p\u00f3\u0142 wieku znajdowa\u0142a si\u0119 w obszarze wp\u0142yw\u00f3w ZSRR i tym samym przyj\u0119\u0142a nieefektywny model gospodarczy, skazuj\u0105c spo\u0142ecze\u0144stwo na \u017cycie w niedostatku. Proces starzenia si\u0119 spo\u0142ecze\u0144stwa spowodowa\u0142 konieczno\u015b\u0107 zweryfikowania funkcjonuj\u0105cych dotychczas rozwi\u0105za\u0144 w polskim systemie emerytalnym. W 1999 r. przeprowadzono w Polsce reform\u0119 systemu emerytalnego, w\u0142\u0105czaj\u0105c do powszechnego systemu prywatne instytucje. Po kilkunastu latach funkcjonowania zreformowanego systemu emerytalnego w Polsce zacz\u0119to wprowadza\u0107 kolejne zmiany, w szczeg\u00f3lno\u015bci dotycz\u0105ce wieku emerytalnego kobiet i m\u0119\u017cczyzn czy dobrowolnego zabezpieczenia na wypadek staro\u015bci. Ksi\u0105\u017cka jest pr\u00f3b\u0105 oceny, na ile nowe rozwi\u0105zania przyczyni\u0105 si\u0119 do polepszenia sytuacji materialnej starszych os\u00f3b.<\/p>\n","protected":false},"featured_media":17240,"template":"","meta":{"_acf_changed":false},"journal":[],"rodzaj":[],"seria":[],"product_brand":[],"product_cat":[6934],"product_tag":[7800],"class_list":{"0":"post-46315","1":"product","2":"type-product","3":"status-publish","4":"has-post-thumbnail","6":"product_cat-ekonomia","7":"product_tag-adam-szczechadam-szczech","8":"pa_rok-wydania-2021-en","10":"first","11":"instock","12":"taxable","13":"shipping-taxable","14":"product-type-simple"},"acf":[],"_links":{"self":[{"href":"https:\/\/wydawnictwo.ug.edu.pl\/en\/wp-json\/wp\/v2\/product\/46315","targetHints":{"allow":["GET"]}}],"collection":[{"href":"https:\/\/wydawnictwo.ug.edu.pl\/en\/wp-json\/wp\/v2\/product"}],"about":[{"href":"https:\/\/wydawnictwo.ug.edu.pl\/en\/wp-json\/wp\/v2\/types\/product"}],"wp:featuredmedia":[{"embeddable":true,"href":"https:\/\/wydawnictwo.ug.edu.pl\/en\/wp-json\/wp\/v2\/media\/17240"}],"wp:attachment":[{"href":"https:\/\/wydawnictwo.ug.edu.pl\/en\/wp-json\/wp\/v2\/media?parent=46315"}],"wp:term":[{"taxonomy":"journal","embeddable":true,"href":"https:\/\/wydawnictwo.ug.edu.pl\/en\/wp-json\/wp\/v2\/journal?post=46315"},{"taxonomy":"rodzaj","embeddable":true,"href":"https:\/\/wydawnictwo.ug.edu.pl\/en\/wp-json\/wp\/v2\/rodzaj?post=46315"},{"taxonomy":"seria","embeddable":true,"href":"https:\/\/wydawnictwo.ug.edu.pl\/en\/wp-json\/wp\/v2\/seria?post=46315"},{"taxonomy":"product_brand","embeddable":true,"href":"https:\/\/wydawnictwo.ug.edu.pl\/en\/wp-json\/wp\/v2\/product_brand?post=46315"},{"taxonomy":"product_cat","embeddable":true,"href":"https:\/\/wydawnictwo.ug.edu.pl\/en\/wp-json\/wp\/v2\/product_cat?post=46315"},{"taxonomy":"product_tag","embeddable":true,"href":"https:\/\/wydawnictwo.ug.edu.pl\/en\/wp-json\/wp\/v2\/product_tag?post=46315"}],"curies":[{"name":"wp","href":"https:\/\/api.w.org\/{rel}","templated":true}]}}

Rozwój systemu zabezpieczenia na starość w Polsce w latach 1918–2021

<p>Rozpowszechnienie zabezpieczenia na wypadek starości to jedno z osiągnięć socjalnych świata minionego stulecia. Po odzyskaniu przez Polskę niepodległości w 1918 r. zaczęto ujednolicać prawo z zakresu zabezpieczenia społecznego obowiązujące na terenach dawnych zaborów. Po II wojnie światowej Polska przez niemal pół wieku znajdowała się w obszarze wpływów ZSRR i tym samym przyjęła nieefektywny model gospodarczy, skazując społeczeństwo na życie w niedostatku. Proces starzenia się społeczeństwa spowodował konieczność zweryfikowania funkcjonujących dotychczas rozwiązań w polskim systemie emerytalnym. W 1999 r. przeprowadzono w Polsce reformę systemu emerytalnego, włączając do powszechnego systemu prywatne instytucje. Po kilkunastu latach funkcjonowania zreformowanego systemu emerytalnego w Polsce zaczęto wprowadzać kolejne zmiany, w szczególności dotyczące wieku emerytalnego kobiet i mężczyzn czy dobrowolnego zabezpieczenia na wypadek starości. Książka jest próbą oceny, na ile nowe rozwiązania przyczynią się do polepszenia sytuacji materialnej starszych osób.</p>
