{"id":46305,"date":"2021-12-13T12:06:59","date_gmt":"2021-12-13T12:06:59","guid":{"rendered":"https:\/\/wydawnictwo.ug.edu.pl\/ksiegarnia-online\/uncategorized\/studia-historica-gedanensia-epidemie-i-pandemie-przez-wieki-tom-xii-2021-cz-2\/"},"modified":"2026-02-11T13:38:28","modified_gmt":"2026-02-11T13:38:28","slug":"studia-historica-gedanensia-epidemie-i-pandemie-przez-wieki-tom-xii-2021-cz-2","status":"publish","type":"product","link":"https:\/\/wydawnictwo.ug.edu.pl\/en\/ksiegarnia-online\/historia\/studia-historica-gedanensia-epidemie-i-pandemie-przez-wieki-tom-xii-2021-cz-2\/","title":{"rendered":"Studia Historica Gedanensia. Tom XII (2021), cz. 2"},"content":{"rendered":"","protected":false},"excerpt":{"rendered":"<p>\u201eStudia Historica Gedanensia. Epidemie i pandemie przez wieki. Tom XII (2021), cz. 2\u201d<\/p>\n<p>W 2021 r., gdy ukaza\u0142 si\u0119 tom \u201eStudia Historica Gedanensia\u201d (Vide, cui fidas. <em>Lojalno\u015b\u0107 w dziejach wojen<\/em>), Komitet Redakcyjny postanowi\u0142 wyda\u0107 drug\u0105 cz\u0119\u015b\u0107 tomu pod szerokim tytu\u0142em <em>Epidemie i pandemie przez wieki<\/em>. Nie stanowi on kontynuacji poprzedniej cz\u0119\u015bci, lecz jest odpowiedzi\u0105 na wyra\u017an\u0105 potrzeb\u0119 chwili. \u015awiadczy o tym chocia\u017cby liczba a\u017c 21 zamieszczonych w nim artyku\u0142\u00f3w oraz ich mi\u0119dzynarodowy i interdyscyplinarny charakter. Autorzy, badaj\u0105c r\u00f3\u017cne aspekty pandemii, od staro\u017cytno\u015bci poczynaj\u0105c, a na czasach obecnych ko\u0144cz\u0105c, dochodz\u0105 do wsp\u00f3lnego wniosku, \u017ce cho\u0107 w XXI w. \u017cyjemy w zmienionym \u015brodowisku naturalnym, prowadzimy inny spo\u0142eczno-kulturowy spos\u00f3b \u017cycia ni\u017c dawniej, to z przesz\u0142o\u015bci\u0105 \u0142\u0105czy nas fakt, \u017ce czas pandemii to czas kryzysu i zachwiania porz\u0105dku spo\u0142ecznego. Znamienne, \u017ce wielu autor\u00f3w, niezale\u017cnie od epoki, kt\u00f3r\u0105 si\u0119 zajmuj\u0105, pokazuje wsp\u00f3lne p\u0142aszczyzny bada\u0144 nad pandemiami r\u00f3\u017cnych chor\u00f3b, a tak\u017ce rozwa\u017ca ich cywilizacyjne skutki. Podejmowane tematy s\u0105 zatem odpowiedzi\u0105 na pewne \u201ezam\u00f3wienie, oczekiwanie spo\u0142eczne\u201d, kt\u00f3re wykszta\u0142ci\u0142a obecna sytuacja \u2013 ci\u0105g\u0142ego zagro\u017cenia kolejn\u0105 fal\u0105 COVID-19.<\/p>\n<p>\u201eStudia Historica Gedanensia\u201d to rocznik humanistyczny publikuj\u0105cy teksty o tematyce historycznej. Istnieje od 2010 r. Wydaje tomy tematyczne, z przydzielonymi do ka\u017cdego redaktorami tematycznymi. W ka\u017cdym z tom\u00f3w redakcja d\u0105\u017cy, aby obecne by\u0142y artyku\u0142y obejmuj\u0105ce epok\u0119 staro\u017cytno\u015bci, przez \u015bredniowiecze, czasy nowo\u017cytne, wiek XIX i XX.<\/p>\n<p><a href=\"https:\/\/ejournals.eu\/czasopismo\/studia-historica-gedanensia\/numer\/tom-12-2021-2\">Pobierz e-book<\/a><\/p>\n","protected":false},"featured_media":17294,"template":"","meta":{"_acf_changed":false},"journal":[7072],"rodzaj":[7077],"seria":[],"product_brand":[],"product_cat":[6958],"product_tag":[],"class_list":{"0":"post-46305","1":"product","2":"type-product","3":"status-publish","4":"has-post-thumbnail","6":"journal-studia-historica-gedanensia","7":"rodzaj-czasopismo","8":"product_cat-historia","10":"first","11":"outofstock","12":"taxable","13":"shipping-taxable","14":"purchasable","15":"product-type-simple"},"acf":[],"_links":{"self":[{"href":"https:\/\/wydawnictwo.ug.edu.pl\/en\/wp-json\/wp\/v2\/product\/46305","targetHints":{"allow":["GET"]}}],"collection":[{"href":"https:\/\/wydawnictwo.ug.edu.pl\/en\/wp-json\/wp\/v2\/product"}],"about":[{"href":"https:\/\/wydawnictwo.ug.edu.pl\/en\/wp-json\/wp\/v2\/types\/product"}],"wp:featuredmedia":[{"embeddable":true,"href":"https:\/\/wydawnictwo.ug.edu.pl\/en\/wp-json\/wp\/v2\/media\/17294"}],"wp:attachment":[{"href":"https:\/\/wydawnictwo.ug.edu.pl\/en\/wp-json\/wp\/v2\/media?parent=46305"}],"wp:term":[{"taxonomy":"journal","embeddable":true,"href":"https:\/\/wydawnictwo.ug.edu.pl\/en\/wp-json\/wp\/v2\/journal?post=46305"},{"taxonomy":"rodzaj","embeddable":true,"href":"https:\/\/wydawnictwo.ug.edu.pl\/en\/wp-json\/wp\/v2\/rodzaj?post=46305"},{"taxonomy":"seria","embeddable":true,"href":"https:\/\/wydawnictwo.ug.edu.pl\/en\/wp-json\/wp\/v2\/seria?post=46305"},{"taxonomy":"product_brand","embeddable":true,"href":"https:\/\/wydawnictwo.ug.edu.pl\/en\/wp-json\/wp\/v2\/product_brand?post=46305"},{"taxonomy":"product_cat","embeddable":true,"href":"https:\/\/wydawnictwo.ug.edu.pl\/en\/wp-json\/wp\/v2\/product_cat?post=46305"},{"taxonomy":"product_tag","embeddable":true,"href":"https:\/\/wydawnictwo.ug.edu.pl\/en\/wp-json\/wp\/v2\/product_tag?post=46305"}],"curies":[{"name":"wp","href":"https:\/\/api.w.org\/{rel}","templated":true}]}}

<p>„Studia Historica Gedanensia. Epidemie i pandemie przez wieki. Tom XII (2021), cz. 2”</p>
<p>W 2021 r., gdy ukazał się tom „Studia Historica Gedanensia” (Vide, cui fidas. <em>Lojalność w dziejach wojen</em>), Komitet Redakcyjny postanowił wydać drugą część tomu pod szerokim tytułem <em>Epidemie i pandemie przez wieki</em>. Nie stanowi on kontynuacji poprzedniej części, lecz jest odpowiedzią na wyraźną potrzebę chwili. Świadczy o tym chociażby liczba aż 21 zamieszczonych w nim artykułów oraz ich międzynarodowy i interdyscyplinarny charakter. Autorzy, badając różne aspekty pandemii, od starożytności poczynając, a na czasach obecnych kończąc, dochodzą do wspólnego wniosku, że choć w XXI w. żyjemy w zmienionym środowisku naturalnym, prowadzimy inny społeczno-kulturowy sposób życia niż dawniej, to z przeszłością łączy nas fakt, że czas pandemii to czas kryzysu i zachwiania porządku społecznego. Znamienne, że wielu autorów, niezależnie od epoki, którą się zajmują, pokazuje wspólne płaszczyzny badań nad pandemiami różnych chorób, a także rozważa ich cywilizacyjne skutki. Podejmowane tematy są zatem odpowiedzią na pewne „zamówienie, oczekiwanie społeczne”, które wykształciła obecna sytuacja – ciągłego zagrożenia kolejną falą COVID-19.</p>
<p>„Studia Historica Gedanensia” to rocznik humanistyczny publikujący teksty o tematyce historycznej. Istnieje od 2010 r. Wydaje tomy tematyczne, z przydzielonymi do każdego redaktorami tematycznymi. W każdym z tomów redakcja dąży, aby obecne były artykuły obejmujące epokę starożytności, przez średniowiecze, czasy nowożytne, wiek XIX i XX.</p>
<p><a href="https://ejournals.eu/czasopismo/studia-historica-gedanensia/numer/tom-12-2021-2">Pobierz e-book</a></p>
