{"id":46297,"date":"2021-12-15T07:20:33","date_gmt":"2021-12-15T07:20:33","guid":{"rendered":"https:\/\/wydawnictwo.ug.edu.pl\/ksiegarnia-online\/uncategorized\/przestrzen-i-epistemologia-w-tworczosci-marka-s-huneratha\/"},"modified":"2026-02-11T13:38:42","modified_gmt":"2026-02-11T13:38:42","slug":"przestrzen-i-epistemologia-w-tworczosci-marka-s-huneratha","status":"publish","type":"product","link":"https:\/\/wydawnictwo.ug.edu.pl\/en\/ksiegarnia-online\/literaturoznawstwo\/przestrzen-i-epistemologia-w-tworczosci-marka-s-huneratha\/","title":{"rendered":"Przestrze\u0144 i epistemologia w tw\u00f3rczo\u015bci Marka S. Huberatha"},"content":{"rendered":"","protected":false},"excerpt":{"rendered":"<p>Od 30 lat proza fantastyczna profesora fizyki z Uniwersytetu Jagiello\u0144skiego, Huberta Hara\u0144czyka, u\u017cywaj\u0105cego w \u015brodowisku mi\u0142o\u015bnik\u00f3w SF pseudonimu Marek S. Huberath, wzbudza zainteresowanie, a cz\u0119sto i kontrowersje. Pierwsze opowiadanie Huberath opublikowa\u0142 w latach 80. i 90. XX w. na \u0142amach \u201eFantastyki&#8221;, najwa\u017cniejszego pisma skupiaj\u0105cego polskich mi\u0142o\u015bnik\u00f3w science fiction. W kolejnych latach zacz\u0105\u0142 w licz\u0105cych si\u0119 oficynach publikowa\u0107 tak\u017ce powie\u015bci. (&#8230;) Huberath wci\u0105\u017c pozostaje jednym z najwa\u017cniejszych tw\u00f3rc\u00f3w polskiej fantastyki, a jego eklektyczne gatunkowo utwory stanowi\u0105 intelektualne wyzwanie dla krytyk\u00f3w, por\u00f3wnywalne w kontek\u015bcie polskiej fantastyki jedynie do tego, jakie sprawiaj\u0105 powie\u015bci Jacka Dukaja.<\/p>\n<p>Tw\u00f3rczo\u015b\u0107 Huberatha nie doczeka\u0142a si\u0119 do tej pory kompleksowej analizy literaturoznawczej, wi\u0119c sam pomys\u0142 po\u015bwi\u0119cenia jego ksi\u0105\u017ckom pracy doktorskiej zas\u0142uguje na pochwa\u0142\u0119.<\/p>\n<p style=\"text-align: right;\"><em>Z recenzji dr hab. Dominiki Oramus, prof. UW<\/em><\/p>\n<p>Oczywi\u015bcie, niezwykle istotne ju\u017c na samym pocz\u0105tku staje si\u0119 znalezienie odpowiedniego klucza interpretacyjnego. W tym wypadku wyb\u00f3r Chojnowskiego to strza\u0142 w dziesi\u0105tk\u0119. [&#8230;] Autor jawi si\u0119 jako badacz wnikliwy, skrupulatny, rzetelny, bardzo dobrze przygotowany metodologicznie (co nie jest bynajmniej regu\u0142\u0105 w dzisiejszych czasach) i \u2013 co najwa\u017cniejsze \u2013 obdarzony \u015bwietn\u0105 intuicj\u0105 badawcz\u0105. Nie mam \u017cadnych w\u0105tpliwo\u015bci, \u017ce praca ta nie tylko spe\u0142nia wszelkie wymogi stawiane dysertacjom doktorskim, lecz znacz\u0105co je przewy\u017csza. [&#8230;] \u017bywi\u0119 r\u00f3wnie\u017c nadziej\u0119, \u017ce stanie si\u0119 zarzewiem dyskusji oraz \u017ar\u00f3d\u0142em inspiracji dla badaczy zainteresowanych nie tylko tw\u00f3rczo\u015bci\u0105 Marka S. Huberatha (bo dla nich b\u0119dzie stanowi\u0107 niew\u0105tpliwie lektur\u0119 obowi\u0105zkow\u0105), ale i ca\u0142\u0105 literatur\u0105 niemimetyczn\u0105 oraz motywem przestrzeni w literaturze.<\/p>\n<p style=\"text-align: right;\"><em>Z recenzji dr. hab. Grzegorza Tr\u0119bickiego, prof. UJK<\/em><\/p>\n","protected":false},"featured_media":17320,"template":"","meta":{"_acf_changed":false},"journal":[],"rodzaj":[7074],"seria":[],"product_brand":[],"product_cat":[6925],"product_tag":[],"class_list":{"0":"post-46297","1":"product","2":"type-product","3":"status-publish","4":"has-post-thumbnail","6":"rodzaj-ksiazki","7":"product_cat-literaturoznawstwo","8":"pa_rok-wydania-2021-en","10":"first","11":"outofstock","12":"taxable","13":"shipping-taxable","14":"purchasable","15":"product-type-simple"},"acf":[],"_links":{"self":[{"href":"https:\/\/wydawnictwo.ug.edu.pl\/en\/wp-json\/wp\/v2\/product\/46297","targetHints":{"allow":["GET"]}}],"collection":[{"href":"https:\/\/wydawnictwo.ug.edu.pl\/en\/wp-json\/wp\/v2\/product"}],"about":[{"href":"https:\/\/wydawnictwo.ug.edu.pl\/en\/wp-json\/wp\/v2\/types\/product"}],"wp:featuredmedia":[{"embeddable":true,"href":"https:\/\/wydawnictwo.ug.edu.pl\/en\/wp-json\/wp\/v2\/media\/17320"}],"wp:attachment":[{"href":"https:\/\/wydawnictwo.ug.edu.pl\/en\/wp-json\/wp\/v2\/media?parent=46297"}],"wp:term":[{"taxonomy":"journal","embeddable":true,"href":"https:\/\/wydawnictwo.ug.edu.pl\/en\/wp-json\/wp\/v2\/journal?post=46297"},{"taxonomy":"rodzaj","embeddable":true,"href":"https:\/\/wydawnictwo.ug.edu.pl\/en\/wp-json\/wp\/v2\/rodzaj?post=46297"},{"taxonomy":"seria","embeddable":true,"href":"https:\/\/wydawnictwo.ug.edu.pl\/en\/wp-json\/wp\/v2\/seria?post=46297"},{"taxonomy":"product_brand","embeddable":true,"href":"https:\/\/wydawnictwo.ug.edu.pl\/en\/wp-json\/wp\/v2\/product_brand?post=46297"},{"taxonomy":"product_cat","embeddable":true,"href":"https:\/\/wydawnictwo.ug.edu.pl\/en\/wp-json\/wp\/v2\/product_cat?post=46297"},{"taxonomy":"product_tag","embeddable":true,"href":"https:\/\/wydawnictwo.ug.edu.pl\/en\/wp-json\/wp\/v2\/product_tag?post=46297"}],"curies":[{"name":"wp","href":"https:\/\/api.w.org\/{rel}","templated":true}]}}

Przestrzeń i epistemologia w twórczości Marka S. Huberatha

<p>Od 30 lat proza fantastyczna profesora fizyki z Uniwersytetu Jagiellońskiego, Huberta Harańczyka, używającego w środowisku miłośników SF pseudonimu Marek S. Huberath, wzbudza zainteresowanie, a często i kontrowersje. Pierwsze opowiadanie Huberath opublikował w latach 80. i 90. XX w. na łamach „Fantastyki&#8221;, najważniejszego pisma skupiającego polskich miłośników science fiction. W kolejnych latach zaczął w liczących się oficynach publikować także powieści. (&#8230;) Huberath wciąż pozostaje jednym z najważniejszych twórców polskiej fantastyki, a jego eklektyczne gatunkowo utwory stanowią intelektualne wyzwanie dla krytyków, porównywalne w kontekście polskiej fantastyki jedynie do tego, jakie sprawiają powieści Jacka Dukaja.</p>
<p>Twórczość Huberatha nie doczekała się do tej pory kompleksowej analizy literaturoznawczej, więc sam pomysł poświęcenia jego książkom pracy doktorskiej zasługuje na pochwałę.</p>
<p style="text-align: right;"><em>Z recenzji dr hab. Dominiki Oramus, prof. UW</em></p>
<p>Oczywiście, niezwykle istotne już na samym początku staje się znalezienie odpowiedniego klucza interpretacyjnego. W tym wypadku wybór Chojnowskiego to strzał w dziesiątkę. [&#8230;] Autor jawi się jako badacz wnikliwy, skrupulatny, rzetelny, bardzo dobrze przygotowany metodologicznie (co nie jest bynajmniej regułą w dzisiejszych czasach) i – co najważniejsze – obdarzony świetną intuicją badawczą. Nie mam żadnych wątpliwości, że praca ta nie tylko spełnia wszelkie wymogi stawiane dysertacjom doktorskim, lecz znacząco je przewyższa. [&#8230;] Żywię również nadzieję, że stanie się zarzewiem dyskusji oraz źródłem inspiracji dla badaczy zainteresowanych nie tylko twórczością Marka S. Huberatha (bo dla nich będzie stanowić niewątpliwie lekturę obowiązkową), ale i całą literaturą niemimetyczną oraz motywem przestrzeni w literaturze.</p>
<p style="text-align: right;"><em>Z recenzji dr. hab. Grzegorza Trębickiego, prof. UJK</em></p>
