{"id":46288,"date":"2021-12-29T10:03:23","date_gmt":"2021-12-29T10:03:23","guid":{"rendered":"https:\/\/wydawnictwo.ug.edu.pl\/ksiegarnia-online\/uncategorized\/diagnoza-kompetencji-pracownikow-modele-kompetencji-uniwersalnych-menedzerskich-i-handlowych\/"},"modified":"2026-02-18T12:14:24","modified_gmt":"2026-02-18T12:14:24","slug":"diagnoza-kompetencji-pracownikow-modele-kompetencji-uniwersalnych-menedzerskich-i-handlowych","status":"publish","type":"product","link":"https:\/\/wydawnictwo.ug.edu.pl\/en\/ksiegarnia-online\/pedagogika-i-psychologia\/diagnoza-kompetencji-pracownikow-modele-kompetencji-uniwersalnych-menedzerskich-i-handlowych\/","title":{"rendered":"Diagnoza kompetencji pracownik\u00f3w. Modele kompetencji uniwersalnych, mened\u017cerskich i handlowych"},"content":{"rendered":"","protected":false},"excerpt":{"rendered":"<p>Zarz\u0105dzanie w oparciu o kompetencje pracownik\u00f3w to obecnie jedno z wiod\u0105cych podej\u015b\u0107 do zarz\u0105dzania zasobami ludzkimi w organizacji. Jednocze\u015bnie ani w praktyce, ani w literaturze naukowej nie istnieje jeden spos\u00f3b definiowania oraz mierzenia kompetencji pracownik\u00f3w. Celem niniejszej publikacji jest zebranie i uporz\u0105dkowanie wsp\u00f3\u0142czesnej wiedzy na temat kompetencji pracownik\u00f3w, przedstawienie aktualnych wynik\u00f3w bada\u0144 przeprowadzonych na temat pomiaru kompetencji oraz zaprezentowanie osi\u0105gni\u0119\u0107 badawczych autora w tym zakresie. W monografii przedstawiono dwie metody diagnozy kompetencji pracowniczych, kt\u00f3re maj\u0105 zastosowanie w praktyce rozpoznawania i kszta\u0142towania po\u017c\u0105danych zachowa\u0144 w miejscu pracy.<\/p>\n","protected":false},"featured_media":17589,"template":"","meta":{"_acf_changed":false},"journal":[],"rodzaj":[],"seria":[],"product_brand":[],"product_cat":[7007],"product_tag":[8334],"class_list":{"0":"post-46288","1":"product","2":"type-product","3":"status-publish","4":"has-post-thumbnail","6":"product_cat-pedagogika-i-psychologia","7":"product_tag-pawel-jurek","8":"pa_rok-wydania-2019-en","10":"first","11":"outofstock","12":"taxable","13":"shipping-taxable","14":"purchasable","15":"product-type-simple"},"acf":[],"_links":{"self":[{"href":"https:\/\/wydawnictwo.ug.edu.pl\/en\/wp-json\/wp\/v2\/product\/46288","targetHints":{"allow":["GET"]}}],"collection":[{"href":"https:\/\/wydawnictwo.ug.edu.pl\/en\/wp-json\/wp\/v2\/product"}],"about":[{"href":"https:\/\/wydawnictwo.ug.edu.pl\/en\/wp-json\/wp\/v2\/types\/product"}],"wp:featuredmedia":[{"embeddable":true,"href":"https:\/\/wydawnictwo.ug.edu.pl\/en\/wp-json\/wp\/v2\/media\/17589"}],"wp:attachment":[{"href":"https:\/\/wydawnictwo.ug.edu.pl\/en\/wp-json\/wp\/v2\/media?parent=46288"}],"wp:term":[{"taxonomy":"journal","embeddable":true,"href":"https:\/\/wydawnictwo.ug.edu.pl\/en\/wp-json\/wp\/v2\/journal?post=46288"},{"taxonomy":"rodzaj","embeddable":true,"href":"https:\/\/wydawnictwo.ug.edu.pl\/en\/wp-json\/wp\/v2\/rodzaj?post=46288"},{"taxonomy":"seria","embeddable":true,"href":"https:\/\/wydawnictwo.ug.edu.pl\/en\/wp-json\/wp\/v2\/seria?post=46288"},{"taxonomy":"product_brand","embeddable":true,"href":"https:\/\/wydawnictwo.ug.edu.pl\/en\/wp-json\/wp\/v2\/product_brand?post=46288"},{"taxonomy":"product_cat","embeddable":true,"href":"https:\/\/wydawnictwo.ug.edu.pl\/en\/wp-json\/wp\/v2\/product_cat?post=46288"},{"taxonomy":"product_tag","embeddable":true,"href":"https:\/\/wydawnictwo.ug.edu.pl\/en\/wp-json\/wp\/v2\/product_tag?post=46288"}],"curies":[{"name":"wp","href":"https:\/\/api.w.org\/{rel}","templated":true}]}}

Diagnoza kompetencji pracowników. Modele kompetencji uniwersalnych, menedżerskich i handlowych

<p>Zarządzanie w oparciu o kompetencje pracowników to obecnie jedno z wiodących podejść do zarządzania zasobami ludzkimi w organizacji. Jednocześnie ani w praktyce, ani w literaturze naukowej nie istnieje jeden sposób definiowania oraz mierzenia kompetencji pracowników. Celem niniejszej publikacji jest zebranie i uporządkowanie współczesnej wiedzy na temat kompetencji pracowników, przedstawienie aktualnych wyników badań przeprowadzonych na temat pomiaru kompetencji oraz zaprezentowanie osiągnięć badawczych autora w tym zakresie. W monografii przedstawiono dwie metody diagnozy kompetencji pracowniczych, które mają zastosowanie w praktyce rozpoznawania i kształtowania pożądanych zachowań w miejscu pracy.</p>
