{"id":46285,"date":"2021-12-30T00:00:00","date_gmt":"2021-12-30T00:00:00","guid":{"rendered":"https:\/\/wydawnictwo.ug.edu.pl\/ksiegarnia-online\/uncategorized\/teatr-zydowski-w-gdansku-1876-1968\/"},"modified":"2026-02-11T13:39:04","modified_gmt":"2026-02-11T13:39:04","slug":"teatr-zydowski-w-gdansku-1876-1968","status":"publish","type":"product","link":"https:\/\/wydawnictwo.ug.edu.pl\/en\/ksiegarnia-online\/historia-sztuki-i-kulturoznawstwo\/teatr-zydowski-w-gdansku-1876-1968\/","title":{"rendered":"Teatr \u017cydowski w Gda\u0144sku 1876\u20131968"},"content":{"rendered":"","protected":false},"excerpt":{"rendered":"<p>O ksi\u0105\u017cce pt. <em>Teatr \u017cydowski w Gda\u0144sku 1876\u20131968<\/em> mo\u017cna powiedzie\u0107, \u017ce jest to od dawna oczekiwane dzie\u0142o \u017cycia Autora, poprzedzone kilkoma artyku\u0142ami zapowiadaj\u0105cymi ca\u0142o\u015bciowe opracowanie tematu. Dlatego budzi ono nie tylko ciekawo\u015b\u0107, lecz tak\u017ce respekt i szacunek dla Badacza, kt\u00f3ry latami gromadzi\u0142 okruchy informacji, kompletowa\u0142 dokumenty, penetrowa\u0142 archiwa, prowadzi\u0142 \u017cmudne kwerendy prasowe i rekonstruowa\u0142 biografie bohater\u00f3w swojej pracy. Wynik tych bada\u0144 realizowanych przez kilka dekad jest prawdziwie imponuj\u0105cy, a uznanie musi budzi\u0107 zar\u00f3wno obj\u0119to\u015b\u0107 ksi\u0105\u017cki, jak i przede wszystkim precyzyjna narracja, w kt\u00f3rej splecione i po\u0142\u0105czone ze sob\u0105 zosta\u0142y przekazy czerpane z r\u00f3\u017cnych \u017ar\u00f3de\u0142.<\/p>\n<p style=\"text-align: right;\"><em>Z recenzji prof. dr hab. Ma\u0142gorzaty Leyko<\/em><\/p>\n","protected":false},"featured_media":17295,"template":"","meta":{"_acf_changed":false},"journal":[],"rodzaj":[2602],"seria":[],"product_brand":[],"product_cat":[263],"product_tag":[289],"class_list":{"0":"post-46285","1":"product","2":"type-product","3":"status-publish","4":"has-post-thumbnail","6":"rodzaj-ksiazki","7":"product_cat-historia-sztuki-i-kulturoznawstwo","8":"product_tag-mieczyslaw-abramowicz","9":"pa_rok-wydania-1179","11":"first","12":"instock","13":"taxable","14":"shipping-taxable","15":"purchasable","16":"product-type-simple"},"acf":[],"_links":{"self":[{"href":"https:\/\/wydawnictwo.ug.edu.pl\/en\/wp-json\/wp\/v2\/product\/46285","targetHints":{"allow":["GET"]}}],"collection":[{"href":"https:\/\/wydawnictwo.ug.edu.pl\/en\/wp-json\/wp\/v2\/product"}],"about":[{"href":"https:\/\/wydawnictwo.ug.edu.pl\/en\/wp-json\/wp\/v2\/types\/product"}],"wp:featuredmedia":[{"embeddable":true,"href":"https:\/\/wydawnictwo.ug.edu.pl\/en\/wp-json\/wp\/v2\/media\/17295"}],"wp:attachment":[{"href":"https:\/\/wydawnictwo.ug.edu.pl\/en\/wp-json\/wp\/v2\/media?parent=46285"}],"wp:term":[{"taxonomy":"journal","embeddable":true,"href":"https:\/\/wydawnictwo.ug.edu.pl\/en\/wp-json\/wp\/v2\/journal?post=46285"},{"taxonomy":"rodzaj","embeddable":true,"href":"https:\/\/wydawnictwo.ug.edu.pl\/en\/wp-json\/wp\/v2\/rodzaj?post=46285"},{"taxonomy":"seria","embeddable":true,"href":"https:\/\/wydawnictwo.ug.edu.pl\/en\/wp-json\/wp\/v2\/seria?post=46285"},{"taxonomy":"product_brand","embeddable":true,"href":"https:\/\/wydawnictwo.ug.edu.pl\/en\/wp-json\/wp\/v2\/product_brand?post=46285"},{"taxonomy":"product_cat","embeddable":true,"href":"https:\/\/wydawnictwo.ug.edu.pl\/en\/wp-json\/wp\/v2\/product_cat?post=46285"},{"taxonomy":"product_tag","embeddable":true,"href":"https:\/\/wydawnictwo.ug.edu.pl\/en\/wp-json\/wp\/v2\/product_tag?post=46285"}],"curies":[{"name":"wp","href":"https:\/\/api.w.org\/{rel}","templated":true}]}}

Teatr żydowski w Gdańsku 1876–1968

<p>O książce pt. <em>Teatr żydowski w Gdańsku 1876–1968</em> można powiedzieć, że jest to od dawna oczekiwane dzieło życia Autora, poprzedzone kilkoma artykułami zapowiadającymi całościowe opracowanie tematu. Dlatego budzi ono nie tylko ciekawość, lecz także respekt i szacunek dla Badacza, który latami gromadził okruchy informacji, kompletował dokumenty, penetrował archiwa, prowadził żmudne kwerendy prasowe i rekonstruował biografie bohaterów swojej pracy. Wynik tych badań realizowanych przez kilka dekad jest prawdziwie imponujący, a uznanie musi budzić zarówno objętość książki, jak i przede wszystkim precyzyjna narracja, w której splecione i połączone ze sobą zostały przekazy czerpane z różnych źródeł.</p>
<p style="text-align: right;"><em>Z recenzji prof. dr hab. Małgorzaty Leyko</em></p>
