{"id":46282,"date":"2022-01-26T12:09:31","date_gmt":"2022-01-26T12:09:31","guid":{"rendered":"https:\/\/wydawnictwo.ug.edu.pl\/ksiegarnia-online\/uncategorized\/rekonesans-nordycka-powiesc-historyczna-w-xxi-wieku\/"},"modified":"2026-02-11T13:39:09","modified_gmt":"2026-02-11T13:39:09","slug":"rekonesans-nordycka-powiesc-historyczna-w-xxi-wieku","status":"publish","type":"product","link":"https:\/\/wydawnictwo.ug.edu.pl\/en\/ksiegarnia-online\/literaturoznawstwo\/rekonesans-nordycka-powiesc-historyczna-w-xxi-wieku\/","title":{"rendered":"Rekonesans. Nordycka powie\u015b\u0107 historyczna w XXI wieku"},"content":{"rendered":"","protected":false},"excerpt":{"rendered":"<p>Pocz\u0105tki skandynawistyki gda\u0144skiej wi\u0105\u017c\u0105 si\u0119 z powo\u0142aniem we wrze\u015bniu 1970 roku na Wydziale Humanistycznym Uniwersytetu Gda\u0144skiego samodzielnego Zak\u0142adu J\u0119zyk\u00f3w i Kultury Kraj\u00f3w Skandynawskich, przekszta\u0142conego w roku 1981 w Katedr\u0119 Skandynawistyki. Dorobek naukowo-dydaktyczny katedry tworzyli profesorowie Zenon Ciesielski i Jan Szyma\u0144ski, a tak\u017ce pracuj\u0105cy w jednostce literaturoznawcy, j\u0119zykoznawcy, politolodzy, przedstawiciele nauk spo\u0142ecznych, medioznawcy oraz wyk\u0142adowcy j\u0119zyk\u00f3w skandynawskich. Ich naukowe poszukiwania i praca ze studentami przez lata materializowa\u0142y poj\u0119cie o skandynawistyce jako interdyscyplinarnym obszarze badawczym i dydaktycznym. W roku 2016 Katedra Skandynawistyki decyzj\u0105 w\u0142adz uczelni uzyska\u0142a rang\u0119 instytutu, a od roku 2019 jest Instytutem Skandynawistyki i Fennistyki.<\/p>\n<p>Studia P\u00f3\u0142nocnoeuropejskie to seria promuj\u0105ca naukowe eksploracje i badawcze pasje pracownik\u00f3w gda\u0144skiej skandynawistyki oraz zapraszanych do wsp\u00f3\u0142pracy badaczy z innych o\u015brodk\u00f3w akademickich. Planowane s\u0105 r\u00f3wnie\u017c tomy prezentuj\u0105ce studenck\u0105 aktywno\u015b\u0107 naukow\u0105.<\/p>\n<p>Publikacje tworz\u0105ce profil serii \u015bwiadcz\u0105 o ustawicznym redefiniowaniu i poszerzaniu obszar\u00f3w kulturowych eksplorowanych przez gda\u0144skich skandynawist\u00f3w i ich zainteresowaniu dynamik\u0105 proces\u00f3w zachodz\u0105cych na styku kultur.<\/p>\n","protected":false},"featured_media":17767,"template":"","meta":{"_acf_changed":false},"journal":[],"rodzaj":[7074,7075,7076],"seria":[7119],"product_brand":[],"product_cat":[6925],"product_tag":[7776],"class_list":{"0":"post-46282","1":"product","2":"type-product","3":"status-publish","4":"has-post-thumbnail","6":"rodzaj-ksiazki","7":"rodzaj-e-book","8":"rodzaj-serie-wydawnicze","9":"seria-studia-polnocnoeuropejskie","10":"product_cat-literaturoznawstwo","11":"product_tag-maria-sibinska","13":"first","14":"instock","15":"taxable","16":"shipping-taxable","17":"product-type-external"},"acf":[],"_links":{"self":[{"href":"https:\/\/wydawnictwo.ug.edu.pl\/en\/wp-json\/wp\/v2\/product\/46282","targetHints":{"allow":["GET"]}}],"collection":[{"href":"https:\/\/wydawnictwo.ug.edu.pl\/en\/wp-json\/wp\/v2\/product"}],"about":[{"href":"https:\/\/wydawnictwo.ug.edu.pl\/en\/wp-json\/wp\/v2\/types\/product"}],"wp:featuredmedia":[{"embeddable":true,"href":"https:\/\/wydawnictwo.ug.edu.pl\/en\/wp-json\/wp\/v2\/media\/17767"}],"wp:attachment":[{"href":"https:\/\/wydawnictwo.ug.edu.pl\/en\/wp-json\/wp\/v2\/media?parent=46282"}],"wp:term":[{"taxonomy":"journal","embeddable":true,"href":"https:\/\/wydawnictwo.ug.edu.pl\/en\/wp-json\/wp\/v2\/journal?post=46282"},{"taxonomy":"rodzaj","embeddable":true,"href":"https:\/\/wydawnictwo.ug.edu.pl\/en\/wp-json\/wp\/v2\/rodzaj?post=46282"},{"taxonomy":"seria","embeddable":true,"href":"https:\/\/wydawnictwo.ug.edu.pl\/en\/wp-json\/wp\/v2\/seria?post=46282"},{"taxonomy":"product_brand","embeddable":true,"href":"https:\/\/wydawnictwo.ug.edu.pl\/en\/wp-json\/wp\/v2\/product_brand?post=46282"},{"taxonomy":"product_cat","embeddable":true,"href":"https:\/\/wydawnictwo.ug.edu.pl\/en\/wp-json\/wp\/v2\/product_cat?post=46282"},{"taxonomy":"product_tag","embeddable":true,"href":"https:\/\/wydawnictwo.ug.edu.pl\/en\/wp-json\/wp\/v2\/product_tag?post=46282"}],"curies":[{"name":"wp","href":"https:\/\/api.w.org\/{rel}","templated":true}]}}

Rekonesans. Nordycka powieść historyczna w XXI wieku

<p>Początki skandynawistyki gdańskiej wiążą się z powołaniem we wrześniu 1970 roku na Wydziale Humanistycznym Uniwersytetu Gdańskiego samodzielnego Zakładu Języków i Kultury Krajów Skandynawskich, przekształconego w roku 1981 w Katedrę Skandynawistyki. Dorobek naukowo-dydaktyczny katedry tworzyli profesorowie Zenon Ciesielski i Jan Szymański, a także pracujący w jednostce literaturoznawcy, językoznawcy, politolodzy, przedstawiciele nauk społecznych, medioznawcy oraz wykładowcy języków skandynawskich. Ich naukowe poszukiwania i praca ze studentami przez lata materializowały pojęcie o skandynawistyce jako interdyscyplinarnym obszarze badawczym i dydaktycznym. W roku 2016 Katedra Skandynawistyki decyzją władz uczelni uzyskała rangę instytutu, a od roku 2019 jest Instytutem Skandynawistyki i Fennistyki.</p>
<p>Studia Północnoeuropejskie to seria promująca naukowe eksploracje i badawcze pasje pracowników gdańskiej skandynawistyki oraz zapraszanych do współpracy badaczy z innych ośrodków akademickich. Planowane są również tomy prezentujące studencką aktywność naukową.</p>
<p>Publikacje tworzące profil serii świadczą o ustawicznym redefiniowaniu i poszerzaniu obszarów kulturowych eksplorowanych przez gdańskich skandynawistów i ich zainteresowaniu dynamiką procesów zachodzących na styku kultur.</p>
