{"id":46277,"date":"2022-02-14T15:14:19","date_gmt":"2022-02-14T15:14:19","guid":{"rendered":"https:\/\/wydawnictwo.ug.edu.pl\/ksiegarnia-online\/uncategorized\/ideal-i-antyideal-kobiety-w-literaturze-greckiej-i-rzymskiej\/"},"modified":"2026-02-11T13:36:29","modified_gmt":"2026-02-11T13:36:29","slug":"ideal-i-antyideal-kobiety-w-literaturze-greckiej-i-rzymskiej","status":"publish","type":"product","link":"https:\/\/wydawnictwo.ug.edu.pl\/en\/ksiegarnia-online\/literaturoznawstwo\/ideal-i-antyideal-kobiety-w-literaturze-greckiej-i-rzymskiej\/","title":{"rendered":"Idea\u0142 i antyidea\u0142 kobiety w literaturze greckiej i rzymskiej"},"content":{"rendered":"","protected":false},"excerpt":{"rendered":"<p>W przed\u0142o\u017conej wieloautorskiej monografii znajdujemy galeri\u0119 kobiecych postaci \u2013 matek, \u017con, w\u0142adczy\u0144, wojowniczek, poetek, uczonych czy wreszcie idealnych chrze\u015bcijanek, kt\u00f3re prezentuj\u0105 zbi\u00f3r cech oczekiwanych od idealnych Greczynek i Rzymianek w poszczeg\u00f3lnych epokach \u2013 od epoki homeryckiej poczynaj\u0105c, a ko\u0144cz\u0105c na czasach chrze\u015bcija\u0144skich. Czytelnik ma zatem mo\u017cliwo\u015b\u0107 obserwowa\u0107 proces kszta\u0142towania si\u0119, obowi\u0105zuj\u0105cych w kolejnych epokach greckich i rzymskich dziej\u00f3w, wzorc\u00f3w idealnych kobiet. Podstaw\u0105 rekonstrukcji owych wzorc\u00f3w s\u0105 antyczne teksty literackie \u2013 poetyckie i prozaiczne, teksty, kt\u00f3re daj\u0105 nam wyobra\u017cenie nie tylko o postaciach fikcyjnych, mitycznych, ale r\u00f3wnie\u017c historycznych. Szeroki zakres chronologiczny prezentowanych rozpraw gwarantuje rzetelny przegl\u0105d podj\u0119tej problematyki. Umo\u017cliwia bowiem obserwowanie z jednej strony ewolucji, z drugiej za\u015b deformacji kobiecego idea\u0142u tak w \u015bwiecie greckim, jak i rzymskim.<\/p>\n","protected":false},"featured_media":17844,"template":"","meta":{"_acf_changed":false},"journal":[],"rodzaj":[7074],"seria":[],"product_brand":[],"product_cat":[6925],"product_tag":[7528],"class_list":{"0":"post-46277","1":"product","2":"type-product","3":"status-publish","4":"has-post-thumbnail","6":"rodzaj-ksiazki","7":"product_cat-literaturoznawstwo","8":"product_tag-anna-marchewka","9":"pa_rok-wydania-2018-en","11":"first","12":"outofstock","13":"taxable","14":"shipping-taxable","15":"purchasable","16":"product-type-simple"},"acf":[],"_links":{"self":[{"href":"https:\/\/wydawnictwo.ug.edu.pl\/en\/wp-json\/wp\/v2\/product\/46277","targetHints":{"allow":["GET"]}}],"collection":[{"href":"https:\/\/wydawnictwo.ug.edu.pl\/en\/wp-json\/wp\/v2\/product"}],"about":[{"href":"https:\/\/wydawnictwo.ug.edu.pl\/en\/wp-json\/wp\/v2\/types\/product"}],"wp:featuredmedia":[{"embeddable":true,"href":"https:\/\/wydawnictwo.ug.edu.pl\/en\/wp-json\/wp\/v2\/media\/17844"}],"wp:attachment":[{"href":"https:\/\/wydawnictwo.ug.edu.pl\/en\/wp-json\/wp\/v2\/media?parent=46277"}],"wp:term":[{"taxonomy":"journal","embeddable":true,"href":"https:\/\/wydawnictwo.ug.edu.pl\/en\/wp-json\/wp\/v2\/journal?post=46277"},{"taxonomy":"rodzaj","embeddable":true,"href":"https:\/\/wydawnictwo.ug.edu.pl\/en\/wp-json\/wp\/v2\/rodzaj?post=46277"},{"taxonomy":"seria","embeddable":true,"href":"https:\/\/wydawnictwo.ug.edu.pl\/en\/wp-json\/wp\/v2\/seria?post=46277"},{"taxonomy":"product_brand","embeddable":true,"href":"https:\/\/wydawnictwo.ug.edu.pl\/en\/wp-json\/wp\/v2\/product_brand?post=46277"},{"taxonomy":"product_cat","embeddable":true,"href":"https:\/\/wydawnictwo.ug.edu.pl\/en\/wp-json\/wp\/v2\/product_cat?post=46277"},{"taxonomy":"product_tag","embeddable":true,"href":"https:\/\/wydawnictwo.ug.edu.pl\/en\/wp-json\/wp\/v2\/product_tag?post=46277"}],"curies":[{"name":"wp","href":"https:\/\/api.w.org\/{rel}","templated":true}]}}

Ideał i antyideał kobiety w literaturze greckiej i rzymskiej

<p>W przedłożonej wieloautorskiej monografii znajdujemy galerię kobiecych postaci – matek, żon, władczyń, wojowniczek, poetek, uczonych czy wreszcie idealnych chrześcijanek, które prezentują zbiór cech oczekiwanych od idealnych Greczynek i Rzymianek w poszczególnych epokach – od epoki homeryckiej poczynając, a kończąc na czasach chrześcijańskich. Czytelnik ma zatem możliwość obserwować proces kształtowania się, obowiązujących w kolejnych epokach greckich i rzymskich dziejów, wzorców idealnych kobiet. Podstawą rekonstrukcji owych wzorców są antyczne teksty literackie – poetyckie i prozaiczne, teksty, które dają nam wyobrażenie nie tylko o postaciach fikcyjnych, mitycznych, ale również historycznych. Szeroki zakres chronologiczny prezentowanych rozpraw gwarantuje rzetelny przegląd podjętej problematyki. Umożliwia bowiem obserwowanie z jednej strony ewolucji, z drugiej zaś deformacji kobiecego ideału tak w świecie greckim, jak i rzymskim.</p>
