{"id":46274,"date":"2022-02-15T12:17:44","date_gmt":"2022-02-15T12:17:44","guid":{"rendered":"https:\/\/wydawnictwo.ug.edu.pl\/ksiegarnia-online\/uncategorized\/korea-w-oczach-polakow\/"},"modified":"2026-02-11T13:36:20","modified_gmt":"2026-02-11T13:36:20","slug":"korea-w-oczach-polakow","status":"publish","type":"product","link":"https:\/\/wydawnictwo.ug.edu.pl\/en\/ksiegarnia-online\/etnologia-i-antropologia-kulturowa\/korea-w-oczach-polakow\/","title":{"rendered":"Korea w oczach Polak\u00f3w"},"content":{"rendered":"","protected":false},"excerpt":{"rendered":"<p>Korea w oczach Polak\u00f3w. Pa\u0144stwo \u2013 spo\u0142ecze\u0144stwo \u2013 kultura jest kolejn\u0105 prac\u0105 zbiorow\u0105 po\u015bwi\u0119con\u0105 Azji Wschodniej, kt\u00f3ra jest efektem projektu badawczego realizowanego w ramach Centrum Studi\u00f3w Azji Wschodniej UG pod kierunkiem J. W\u0142odarskiego i K. Zeidlera, tu tak\u017ce M. Burdelskiego (obok wcze\u015bniejszych publikacji po\u015bwi\u0119conych Japonii i Chinom). Za\u0142o\u017cenie badawcze opiera si\u0119 na zasadzie fields studies, czyli obejmuje prace przedstawicieli r\u00f3\u017cnych dziedzin i dyscyplin wiedzy, kt\u00f3re \u0142\u0105czy i spaja temat przewodni, jakim s\u0105 studia nad spo\u0142ecze\u0144stwem, kultur\u0105, pa\u0144stwowo\u015bci\u0105 pa\u0144stw P\u00f3\u0142wyspu Korea\u0144skiego. Efektem tak zarysowanego celu badawczego jest zbi\u00f3r 30 tekst\u00f3w zar\u00f3wno wybitnych badaczy, jak i pocz\u0105tkuj\u0105cych naukowc\u00f3w. Ksi\u0105\u017cka zosta\u0142a dedykowana pami\u0119ci, zmar\u0142ego przedwcze\u015bnie w grudniu zesz\u0142ego roku, ks. prof. Antoniego Ko\u015bcia z Katolickiego Uniwersytetu Lubelskiego, kt\u00f3ry by\u0142 jednym z najznakomitszych badaczy Korei w Polsce, cz\u0142onkiem Rady Naukowej CSAW UG.<\/p>\n","protected":false},"featured_media":17862,"template":"","meta":{"_acf_changed":false},"journal":[],"rodzaj":[7077,7076],"seria":[7079],"product_brand":[],"product_cat":[6970],"product_tag":[7773,7413,7774],"class_list":{"0":"post-46274","1":"product","2":"type-product","3":"status-publish","4":"has-post-thumbnail","6":"rodzaj-czasopismo","7":"rodzaj-serie-wydawnicze","8":"seria-biblioteka-studiow-azji-wschodniej","9":"product_cat-etnologia-i-antropologia-kulturowa","10":"product_tag-jozef-arno-wlodarski","11":"product_tag-kamil-zeidlerkamil-zeidler","12":"product_tag-marceli-burdelskimarceli-burdelski","14":"first","15":"instock","16":"taxable","17":"shipping-taxable","18":"product-type-simple"},"acf":[],"_links":{"self":[{"href":"https:\/\/wydawnictwo.ug.edu.pl\/en\/wp-json\/wp\/v2\/product\/46274","targetHints":{"allow":["GET"]}}],"collection":[{"href":"https:\/\/wydawnictwo.ug.edu.pl\/en\/wp-json\/wp\/v2\/product"}],"about":[{"href":"https:\/\/wydawnictwo.ug.edu.pl\/en\/wp-json\/wp\/v2\/types\/product"}],"wp:featuredmedia":[{"embeddable":true,"href":"https:\/\/wydawnictwo.ug.edu.pl\/en\/wp-json\/wp\/v2\/media\/17862"}],"wp:attachment":[{"href":"https:\/\/wydawnictwo.ug.edu.pl\/en\/wp-json\/wp\/v2\/media?parent=46274"}],"wp:term":[{"taxonomy":"journal","embeddable":true,"href":"https:\/\/wydawnictwo.ug.edu.pl\/en\/wp-json\/wp\/v2\/journal?post=46274"},{"taxonomy":"rodzaj","embeddable":true,"href":"https:\/\/wydawnictwo.ug.edu.pl\/en\/wp-json\/wp\/v2\/rodzaj?post=46274"},{"taxonomy":"seria","embeddable":true,"href":"https:\/\/wydawnictwo.ug.edu.pl\/en\/wp-json\/wp\/v2\/seria?post=46274"},{"taxonomy":"product_brand","embeddable":true,"href":"https:\/\/wydawnictwo.ug.edu.pl\/en\/wp-json\/wp\/v2\/product_brand?post=46274"},{"taxonomy":"product_cat","embeddable":true,"href":"https:\/\/wydawnictwo.ug.edu.pl\/en\/wp-json\/wp\/v2\/product_cat?post=46274"},{"taxonomy":"product_tag","embeddable":true,"href":"https:\/\/wydawnictwo.ug.edu.pl\/en\/wp-json\/wp\/v2\/product_tag?post=46274"}],"curies":[{"name":"wp","href":"https:\/\/api.w.org\/{rel}","templated":true}]}}

Korea w oczach Polaków

<p>Korea w oczach Polaków. Państwo – społeczeństwo – kultura jest kolejną pracą zbiorową poświęconą Azji Wschodniej, która jest efektem projektu badawczego realizowanego w ramach Centrum Studiów Azji Wschodniej UG pod kierunkiem J. Włodarskiego i K. Zeidlera, tu także M. Burdelskiego (obok wcześniejszych publikacji poświęconych Japonii i Chinom). Założenie badawcze opiera się na zasadzie fields studies, czyli obejmuje prace przedstawicieli różnych dziedzin i dyscyplin wiedzy, które łączy i spaja temat przewodni, jakim są studia nad społeczeństwem, kulturą, państwowością państw Półwyspu Koreańskiego. Efektem tak zarysowanego celu badawczego jest zbiór 30 tekstów zarówno wybitnych badaczy, jak i początkujących naukowców. Książka została dedykowana pamięci, zmarłego przedwcześnie w grudniu zeszłego roku, ks. prof. Antoniego Kościa z Katolickiego Uniwersytetu Lubelskiego, który był jednym z najznakomitszych badaczy Korei w Polsce, członkiem Rady Naukowej CSAW UG.</p>
