{"id":46273,"date":"2022-02-15T13:53:13","date_gmt":"2022-02-15T13:53:13","guid":{"rendered":"https:\/\/wydawnictwo.ug.edu.pl\/ksiegarnia-online\/uncategorized\/chiny-w-oczach-polakow-ksiega-jubileuszowa-z-okazji-60-lecia-nawiazania-stosunkow-dyplomatycznych-miedzy-polska-a-chinska-republika-ludowa\/"},"modified":"2026-02-11T13:36:19","modified_gmt":"2026-02-11T13:36:19","slug":"chiny-w-oczach-polakow-ksiega-jubileuszowa-z-okazji-60-lecia-nawiazania-stosunkow-dyplomatycznych-miedzy-polska-a-chinska-republika-ludowa","status":"publish","type":"product","link":"https:\/\/wydawnictwo.ug.edu.pl\/en\/ksiegarnia-online\/etnologia-i-antropologia-kulturowa\/chiny-w-oczach-polakow-ksiega-jubileuszowa-z-okazji-60-lecia-nawiazania-stosunkow-dyplomatycznych-miedzy-polska-a-chinska-republika-ludowa\/","title":{"rendered":"Chiny w oczach Polak\u00f3w. Ksi\u0119ga jubileuszowa z okazji 60-lecia nawi\u0105zania stosunk\u00f3w dyplomatycznych mi\u0119dzy Polsk\u0105 a Chi\u0144sk\u0105 Republik\u0105 Ludow\u0105"},"content":{"rendered":"","protected":false},"excerpt":{"rendered":"<p><strong><a href=\"https:\/\/wydawnictwo.ug.edu.pl\/wp-content\/uploads\/2022\/02\/Chiny_m.pdf\">Dost\u0119p do ksi\u0105\u017cki w wersji elektronicznej.<\/a><\/strong><\/p>\n<p>Ksi\u0105\u017cka jest efektem multidyscyplinarnych bada\u0144 dalekowschodnich prowadzonych w Uniwersytecie Gda\u0144skim. Do publikacji zostali zaproszeni r\u00f3wnie\u017c najwybitniejsi przedstawiciele innych wa\u017cnych o\u015brodk\u00f3w akademickich w Polsce, a tak\u017ce w Pekinie. Obok prac stricte naukowych w ksi\u0105\u017cce znalaz\u0142o si\u0119 kilka tekst\u00f3w maj\u0105cych charakter popularnonaukowy. Ca\u0142o\u015b\u0107 podzielono na siedem cz\u0119\u015bci: historia, kultura, j\u0119zyk i literatura, filozofia, pa\u0144stwo, prawo, gospodarka. Publikacja nie tylko porusza wiele wa\u017cnych i aktualnych zagadnie\u0144, ale tak\u017ce stanowi doskona\u0142e \u017ar\u00f3d\u0142o wiedzy o historii i wsp\u00f3\u0142czesno\u015bci Chin.<\/p>\n","protected":false},"featured_media":17865,"template":"","meta":{"_acf_changed":false},"journal":[],"rodzaj":[7077,7076],"seria":[7079],"product_brand":[],"product_cat":[6970],"product_tag":[7773,7413,7774],"class_list":{"0":"post-46273","1":"product","2":"type-product","3":"status-publish","4":"has-post-thumbnail","6":"rodzaj-czasopismo","7":"rodzaj-serie-wydawnicze","8":"seria-biblioteka-studiow-azji-wschodniej","9":"product_cat-etnologia-i-antropologia-kulturowa","10":"product_tag-jozef-arno-wlodarski","11":"product_tag-kamil-zeidlerkamil-zeidler","12":"product_tag-marceli-burdelskimarceli-burdelski","14":"first","15":"instock","16":"taxable","17":"shipping-taxable","18":"product-type-simple"},"acf":[],"_links":{"self":[{"href":"https:\/\/wydawnictwo.ug.edu.pl\/en\/wp-json\/wp\/v2\/product\/46273","targetHints":{"allow":["GET"]}}],"collection":[{"href":"https:\/\/wydawnictwo.ug.edu.pl\/en\/wp-json\/wp\/v2\/product"}],"about":[{"href":"https:\/\/wydawnictwo.ug.edu.pl\/en\/wp-json\/wp\/v2\/types\/product"}],"wp:featuredmedia":[{"embeddable":true,"href":"https:\/\/wydawnictwo.ug.edu.pl\/en\/wp-json\/wp\/v2\/media\/17865"}],"wp:attachment":[{"href":"https:\/\/wydawnictwo.ug.edu.pl\/en\/wp-json\/wp\/v2\/media?parent=46273"}],"wp:term":[{"taxonomy":"journal","embeddable":true,"href":"https:\/\/wydawnictwo.ug.edu.pl\/en\/wp-json\/wp\/v2\/journal?post=46273"},{"taxonomy":"rodzaj","embeddable":true,"href":"https:\/\/wydawnictwo.ug.edu.pl\/en\/wp-json\/wp\/v2\/rodzaj?post=46273"},{"taxonomy":"seria","embeddable":true,"href":"https:\/\/wydawnictwo.ug.edu.pl\/en\/wp-json\/wp\/v2\/seria?post=46273"},{"taxonomy":"product_brand","embeddable":true,"href":"https:\/\/wydawnictwo.ug.edu.pl\/en\/wp-json\/wp\/v2\/product_brand?post=46273"},{"taxonomy":"product_cat","embeddable":true,"href":"https:\/\/wydawnictwo.ug.edu.pl\/en\/wp-json\/wp\/v2\/product_cat?post=46273"},{"taxonomy":"product_tag","embeddable":true,"href":"https:\/\/wydawnictwo.ug.edu.pl\/en\/wp-json\/wp\/v2\/product_tag?post=46273"}],"curies":[{"name":"wp","href":"https:\/\/api.w.org\/{rel}","templated":true}]}}

Chiny w oczach Polaków. Księga jubileuszowa z okazji 60-lecia nawiązania stosunków dyplomatycznych między Polską a Chińską Republiką Ludową

<p><strong><a href="https://wydawnictwo.ug.edu.pl/wp-content/uploads/2022/02/Chiny_m.pdf">Dostęp do książki w wersji elektronicznej.</a></strong></p>
<p>Książka jest efektem multidyscyplinarnych badań dalekowschodnich prowadzonych w Uniwersytecie Gdańskim. Do publikacji zostali zaproszeni również najwybitniejsi przedstawiciele innych ważnych ośrodków akademickich w Polsce, a także w Pekinie. Obok prac stricte naukowych w książce znalazło się kilka tekstów mających charakter popularnonaukowy. Całość podzielono na siedem części: historia, kultura, język i literatura, filozofia, państwo, prawo, gospodarka. Publikacja nie tylko porusza wiele ważnych i aktualnych zagadnień, ale także stanowi doskonałe źródło wiedzy o historii i współczesności Chin.</p>
