{"id":46259,"date":"2022-03-11T10:30:53","date_gmt":"2022-03-11T10:30:53","guid":{"rendered":"https:\/\/wydawnictwo.ug.edu.pl\/ksiegarnia-online\/uncategorized\/franciszkanie-w-gdansku-w-xv-xvi-wieku\/"},"modified":"2026-02-11T13:35:39","modified_gmt":"2026-02-11T13:35:39","slug":"franciszkanie-w-gdansku-w-xv-xvi-wieku","status":"publish","type":"product","link":"https:\/\/wydawnictwo.ug.edu.pl\/en\/ksiegarnia-online\/historia\/franciszkanie-w-gdansku-w-xv-xvi-wieku\/","title":{"rendered":"Franciszkanie w Gda\u0144sku w XV\u2013XVI wieku"},"content":{"rendered":"","protected":false},"excerpt":{"rendered":"<p>Klasztor franciszkan\u00f3w na Przedmie\u015bciu zosta\u0142 ufundowany w 1419 roku jako trzecia, po dominikanach i karmelitach, plac\u00f3wka zakon\u00f3w mendykanckich w kompleksie osadniczym \u015bredniowiecznego Gda\u0144ska. Mimo to bracia mniejsi zdo\u0142ali wznie\u015b\u0107 do pocz\u0105tku XVI wieku najwi\u0119kszy ko\u015bci\u00f3\u0142 klasztorny w mie\u015bcie, co jest po\u015brednim \u015bwiadectwem ich roli w \u00f3wczesnym \u017cyciu religijnym i spo\u0142ecznym. Kryzys w funkcjonowaniu konwentu nast\u0105pi\u0142 w okresie rozwoju reformacji. W p\u00f3\u017aniejszym czasie nie zdo\u0142ano go prze\u0142ama\u0107, skutkiem czego prze\u0142o\u017cony kustodii pruskiej zakonu przekaza\u0142 w 1555 roku klasztor i ko\u015bci\u00f3\u0142 w\u0142adzom miasta. Franciszkanie powr\u00f3cili do niego dopiero w 1945 roku. Ksi\u0105\u017cka stanowi pr\u00f3b\u0119 ca\u0142o\u015bciowego przedstawienia dziej\u00f3w gda\u0144skiego klasztoru w XV i XVI wieku.<\/p>\n","protected":false},"featured_media":17928,"template":"","meta":{"_acf_changed":false},"journal":[],"rodzaj":[7074],"seria":[],"product_brand":[],"product_cat":[6958],"product_tag":[7525],"class_list":{"0":"post-46259","1":"product","2":"type-product","3":"status-publish","4":"has-post-thumbnail","6":"rodzaj-ksiazki","7":"product_cat-historia","8":"product_tag-rafal-kubickirafal-kubicki","9":"pa_rok-wydania-2022-en","11":"first","12":"outofstock","13":"taxable","14":"shipping-taxable","15":"purchasable","16":"product-type-simple"},"acf":[],"_links":{"self":[{"href":"https:\/\/wydawnictwo.ug.edu.pl\/en\/wp-json\/wp\/v2\/product\/46259","targetHints":{"allow":["GET"]}}],"collection":[{"href":"https:\/\/wydawnictwo.ug.edu.pl\/en\/wp-json\/wp\/v2\/product"}],"about":[{"href":"https:\/\/wydawnictwo.ug.edu.pl\/en\/wp-json\/wp\/v2\/types\/product"}],"wp:featuredmedia":[{"embeddable":true,"href":"https:\/\/wydawnictwo.ug.edu.pl\/en\/wp-json\/wp\/v2\/media\/17928"}],"wp:attachment":[{"href":"https:\/\/wydawnictwo.ug.edu.pl\/en\/wp-json\/wp\/v2\/media?parent=46259"}],"wp:term":[{"taxonomy":"journal","embeddable":true,"href":"https:\/\/wydawnictwo.ug.edu.pl\/en\/wp-json\/wp\/v2\/journal?post=46259"},{"taxonomy":"rodzaj","embeddable":true,"href":"https:\/\/wydawnictwo.ug.edu.pl\/en\/wp-json\/wp\/v2\/rodzaj?post=46259"},{"taxonomy":"seria","embeddable":true,"href":"https:\/\/wydawnictwo.ug.edu.pl\/en\/wp-json\/wp\/v2\/seria?post=46259"},{"taxonomy":"product_brand","embeddable":true,"href":"https:\/\/wydawnictwo.ug.edu.pl\/en\/wp-json\/wp\/v2\/product_brand?post=46259"},{"taxonomy":"product_cat","embeddable":true,"href":"https:\/\/wydawnictwo.ug.edu.pl\/en\/wp-json\/wp\/v2\/product_cat?post=46259"},{"taxonomy":"product_tag","embeddable":true,"href":"https:\/\/wydawnictwo.ug.edu.pl\/en\/wp-json\/wp\/v2\/product_tag?post=46259"}],"curies":[{"name":"wp","href":"https:\/\/api.w.org\/{rel}","templated":true}]}}

Franciszkanie w Gdańsku w XV–XVI wieku

<p>Klasztor franciszkanów na Przedmieściu został ufundowany w 1419 roku jako trzecia, po dominikanach i karmelitach, placówka zakonów mendykanckich w kompleksie osadniczym średniowiecznego Gdańska. Mimo to bracia mniejsi zdołali wznieść do początku XVI wieku największy kościół klasztorny w mieście, co jest pośrednim świadectwem ich roli w ówczesnym życiu religijnym i społecznym. Kryzys w funkcjonowaniu konwentu nastąpił w okresie rozwoju reformacji. W późniejszym czasie nie zdołano go przełamać, skutkiem czego przełożony kustodii pruskiej zakonu przekazał w 1555 roku klasztor i kościół władzom miasta. Franciszkanie powrócili do niego dopiero w 1945 roku. Książka stanowi próbę całościowego przedstawienia dziejów gdańskiego klasztoru w XV i XVI wieku.</p>
