{"id":46252,"date":"2022-05-31T10:53:24","date_gmt":"2022-05-31T10:53:24","guid":{"rendered":"https:\/\/wydawnictwo.ug.edu.pl\/ksiegarnia-online\/uncategorized\/miasto-i-wies-na-przestrzeni-dziejow\/"},"modified":"2026-02-11T13:33:13","modified_gmt":"2026-02-11T13:33:13","slug":"miasto-i-wies-na-przestrzeni-dziejow","status":"publish","type":"product","link":"https:\/\/wydawnictwo.ug.edu.pl\/en\/ksiegarnia-online\/historia\/miasto-i-wies-na-przestrzeni-dziejow\/","title":{"rendered":"Miasto i wie\u015b na przestrzeni dziej\u00f3w"},"content":{"rendered":"","protected":false},"excerpt":{"rendered":"<p>Publikacja, b\u0119d\u0105ca pok\u0142osiem konferencji naukowej \u201eMiasto i wie\u015b na przestrzeni dziej\u00f3w. Kultura \u2013 spo\u0142ecze\u0144stwo \u2013 gospodarka\u201d (19\u201320 lutego 2021 r.), stanowi efekt pracy i bada\u0144 m\u0142odych historyk\u00f3w (doktor\u00f3w, doktorant\u00f3w, student\u00f3w) stawiaj\u0105cych niekiedy pierwsze kroki na polu dzia\u0142alno\u015bci naukowej. W niczym nie umniejsza to jednak warto\u015bci merytorycznej ksi\u0105\u017cki \u2013 teksty zosta\u0142y przygotowane starannie zar\u00f3wno pod wzgl\u0119dem formy, jak i tre\u015bci. Ich lektura mo\u017ce by\u0107 zatem ciekaw\u0105 przygod\u0105 intelektualn\u0105 dla wszystkich zainteresowanych tematyk\u0105 szeroko pojmowanego osadnictwa, analiz\u0105 wspomnie\u0144 i filozofi\u0105 \u017cycia w mie\u015bcie, jak i na wsi od \u015bredniowiecza do XX wieku. Mamy nadziej\u0119, \u017ce r\u00f3\u017cnorodno\u015b\u0107 badanej problematyki i do\u015b\u0107 znaczna rozpi\u0119to\u015b\u0107 chronologiczna b\u0119d\u0105 zaletami oddawanej w r\u0119ce Czytelnik\u00f3w ksi\u0105\u017cki i dzi\u0119ki temu si\u0119gnie po ni\u0105 wi\u0119cej os\u00f3b zainteresowanych ca\u0142o\u015bci\u0105 publikacji, jak r\u00f3wnie\u017c poszczeg\u00f3lnymi tekstami.<\/p>\n<p style=\"text-align: left;\">\u201eRecenzowany zbi\u00f3r artyku\u0142\u00f3w wpisuje si\u0119 w szeroko rozumiane studia por\u00f3wnawcze. Jego podstawowym za\u0142o\u017ceniem jest przybli\u017cenie wielu, nieraz bardzo odleg\u0142ych tematycznie, wydawa\u0142oby si\u0119, niepowi\u0105zanych ze sob\u0105 element\u00f3w, kt\u00f3re jednak sk\u0142adaj\u0105 si\u0119 na z\u0142o\u017cony obraz dawnej przesz\u0142o\u015bci. [\u2026] Teksty zebrane w przed\u0142o\u017conym zbiorze wprowadzaj\u0105 nowe ustalenia [\u2026], a tak\u017ce s\u0105 wa\u017cnym g\u0142osem w tocz\u0105cej si\u0119 ostatnimi czasy w humanistyce polskiej dyskusji o postrzeganiu podda\u0144stwa i pa\u0144szczyzny\u201d.<\/p>\n<p style=\"text-align: right;\"><em>dr hab. Tomasz Krzemi\u0144ski, prof. UMK<\/em><\/p>\n","protected":false},"featured_media":19620,"template":"","meta":{"_acf_changed":false},"journal":[],"rodzaj":[7074],"seria":[],"product_brand":[],"product_cat":[6958],"product_tag":[7763,7764],"class_list":{"0":"post-46252","1":"product","2":"type-product","3":"status-publish","4":"has-post-thumbnail","6":"rodzaj-ksiazki","7":"product_cat-historia","8":"product_tag-adam-lubockiadam-lubocki","9":"product_tag-jedrzej-mozejko","10":"pa_rok-wydania-2022-en","12":"first","13":"instock","14":"taxable","15":"shipping-taxable","16":"purchasable","17":"product-type-simple"},"acf":[],"_links":{"self":[{"href":"https:\/\/wydawnictwo.ug.edu.pl\/en\/wp-json\/wp\/v2\/product\/46252","targetHints":{"allow":["GET"]}}],"collection":[{"href":"https:\/\/wydawnictwo.ug.edu.pl\/en\/wp-json\/wp\/v2\/product"}],"about":[{"href":"https:\/\/wydawnictwo.ug.edu.pl\/en\/wp-json\/wp\/v2\/types\/product"}],"wp:featuredmedia":[{"embeddable":true,"href":"https:\/\/wydawnictwo.ug.edu.pl\/en\/wp-json\/wp\/v2\/media\/19620"}],"wp:attachment":[{"href":"https:\/\/wydawnictwo.ug.edu.pl\/en\/wp-json\/wp\/v2\/media?parent=46252"}],"wp:term":[{"taxonomy":"journal","embeddable":true,"href":"https:\/\/wydawnictwo.ug.edu.pl\/en\/wp-json\/wp\/v2\/journal?post=46252"},{"taxonomy":"rodzaj","embeddable":true,"href":"https:\/\/wydawnictwo.ug.edu.pl\/en\/wp-json\/wp\/v2\/rodzaj?post=46252"},{"taxonomy":"seria","embeddable":true,"href":"https:\/\/wydawnictwo.ug.edu.pl\/en\/wp-json\/wp\/v2\/seria?post=46252"},{"taxonomy":"product_brand","embeddable":true,"href":"https:\/\/wydawnictwo.ug.edu.pl\/en\/wp-json\/wp\/v2\/product_brand?post=46252"},{"taxonomy":"product_cat","embeddable":true,"href":"https:\/\/wydawnictwo.ug.edu.pl\/en\/wp-json\/wp\/v2\/product_cat?post=46252"},{"taxonomy":"product_tag","embeddable":true,"href":"https:\/\/wydawnictwo.ug.edu.pl\/en\/wp-json\/wp\/v2\/product_tag?post=46252"}],"curies":[{"name":"wp","href":"https:\/\/api.w.org\/{rel}","templated":true}]}}

Miasto i wieś na przestrzeni dziejów

<p>Publikacja, będąca pokłosiem konferencji naukowej „Miasto i wieś na przestrzeni dziejów. Kultura – społeczeństwo – gospodarka” (19–20 lutego 2021 r.), stanowi efekt pracy i badań młodych historyków (doktorów, doktorantów, studentów) stawiających niekiedy pierwsze kroki na polu działalności naukowej. W niczym nie umniejsza to jednak wartości merytorycznej książki – teksty zostały przygotowane starannie zarówno pod względem formy, jak i treści. Ich lektura może być zatem ciekawą przygodą intelektualną dla wszystkich zainteresowanych tematyką szeroko pojmowanego osadnictwa, analizą wspomnień i filozofią życia w mieście, jak i na wsi od średniowiecza do XX wieku. Mamy nadzieję, że różnorodność badanej problematyki i dość znaczna rozpiętość chronologiczna będą zaletami oddawanej w ręce Czytelników książki i dzięki temu sięgnie po nią więcej osób zainteresowanych całością publikacji, jak również poszczególnymi tekstami.</p>
<p style="text-align: left;">„Recenzowany zbiór artykułów wpisuje się w szeroko rozumiane studia porównawcze. Jego podstawowym założeniem jest przybliżenie wielu, nieraz bardzo odległych tematycznie, wydawałoby się, niepowiązanych ze sobą elementów, które jednak składają się na złożony obraz dawnej przeszłości. […] Teksty zebrane w przedłożonym zbiorze wprowadzają nowe ustalenia […], a także są ważnym głosem w toczącej się ostatnimi czasy w humanistyce polskiej dyskusji o postrzeganiu poddaństwa i pańszczyzny”.</p>
<p style="text-align: right;"><em>dr hab. Tomasz Krzemiński, prof. UMK</em></p>
