{"id":46239,"date":"2022-07-22T08:20:53","date_gmt":"2022-07-22T08:20:53","guid":{"rendered":"https:\/\/wydawnictwo.ug.edu.pl\/ksiegarnia-online\/uncategorized\/modele-zycia-szczesliwego-w-archaicznej-i-klasycznej-poezji-greckiej\/"},"modified":"2026-02-11T13:24:02","modified_gmt":"2026-02-11T13:24:02","slug":"modele-zycia-szczesliwego-w-archaicznej-i-klasycznej-poezji-greckiej","status":"publish","type":"product","link":"https:\/\/wydawnictwo.ug.edu.pl\/en\/ksiegarnia-online\/literaturoznawstwo\/modele-zycia-szczesliwego-w-archaicznej-i-klasycznej-poezji-greckiej\/","title":{"rendered":"Modele \u017cycia szcz\u0119\u015bliwego w archaicznej i klasycznej poezji greckiej"},"content":{"rendered":"","protected":false},"excerpt":{"rendered":"<p>Ksi\u0105\u017cka M<em>odele \u017cycia szcz\u0119\u015bliwego w archaicznej i klasycznej poezji greckiej<\/em> jest cennym opracowaniem z zakresu felicytologii antycznej. To interesuj\u0105ce i po\u017cyteczne studium, w kt\u00f3rym zosta\u0142y podj\u0119te zagadnienia rzucaj\u0105ce nowe \u015bwiat\u0142o na kwesti\u0119 ludzkiej szcz\u0119\u015bliwo\u015bci. Autorka porusza istotny problem naukowy, poddany dog\u0142\u0119bnej analizie, a wynikaj\u0105ce z analiz konkluzje, uj\u0119te w syntetycznej formie, ukazuj\u0105 proces konstytuowania si\u0119 spektrum semantycznego poszczeg\u00f3lnych poj\u0119\u0107 okre\u015blaj\u0105cych szcz\u0119\u015bcie i zmian zachodz\u0105cych w ich pojmowaniu w uj\u0119ciu diachronicznym. (\u2026) Autorka bardzo kompetentnie zaj\u0119\u0142a si\u0119 kwestiami, kt\u00f3re wymaga\u0142y sprawnie przeprowadzonych bada\u0144 lingwistycznych, stricte literackich oraz filozoficznych, a po\u0142\u0105czenie to by\u0142o niezwykle trudnym zadaniem, z czym poradzi\u0142a sobie znakomicie. (\u2026) W rezultacie dr Daria W\u0119sierska stworzy\u0142a opracowanie, kt\u00f3re mo\u017ce pos\u0142u\u017cy\u0107 jako cenny materia\u0142 dla badaczy zajmuj\u0105cych si\u0119 zar\u00f3wno kwestiami lingwistycznymi, jak i literackimi czy te\u017c og\u00f3lnie kulturowymi.<\/p>\n<p style=\"text-align: right;\"><em>Z recenzji prof. dr hab. Jadwigi Czerwi\u0144skiej<\/em><\/p>\n","protected":false},"featured_media":20458,"template":"","meta":{"_acf_changed":false},"journal":[],"rodzaj":[7074],"seria":[],"product_brand":[],"product_cat":[6925],"product_tag":[7747],"class_list":{"0":"post-46239","1":"product","2":"type-product","3":"status-publish","4":"has-post-thumbnail","6":"rodzaj-ksiazki","7":"product_cat-literaturoznawstwo","8":"product_tag-daria-wesierska","9":"pa_rok-wydania-2022-en","11":"first","12":"instock","13":"taxable","14":"shipping-taxable","15":"purchasable","16":"product-type-simple"},"acf":[],"_links":{"self":[{"href":"https:\/\/wydawnictwo.ug.edu.pl\/en\/wp-json\/wp\/v2\/product\/46239","targetHints":{"allow":["GET"]}}],"collection":[{"href":"https:\/\/wydawnictwo.ug.edu.pl\/en\/wp-json\/wp\/v2\/product"}],"about":[{"href":"https:\/\/wydawnictwo.ug.edu.pl\/en\/wp-json\/wp\/v2\/types\/product"}],"wp:featuredmedia":[{"embeddable":true,"href":"https:\/\/wydawnictwo.ug.edu.pl\/en\/wp-json\/wp\/v2\/media\/20458"}],"wp:attachment":[{"href":"https:\/\/wydawnictwo.ug.edu.pl\/en\/wp-json\/wp\/v2\/media?parent=46239"}],"wp:term":[{"taxonomy":"journal","embeddable":true,"href":"https:\/\/wydawnictwo.ug.edu.pl\/en\/wp-json\/wp\/v2\/journal?post=46239"},{"taxonomy":"rodzaj","embeddable":true,"href":"https:\/\/wydawnictwo.ug.edu.pl\/en\/wp-json\/wp\/v2\/rodzaj?post=46239"},{"taxonomy":"seria","embeddable":true,"href":"https:\/\/wydawnictwo.ug.edu.pl\/en\/wp-json\/wp\/v2\/seria?post=46239"},{"taxonomy":"product_brand","embeddable":true,"href":"https:\/\/wydawnictwo.ug.edu.pl\/en\/wp-json\/wp\/v2\/product_brand?post=46239"},{"taxonomy":"product_cat","embeddable":true,"href":"https:\/\/wydawnictwo.ug.edu.pl\/en\/wp-json\/wp\/v2\/product_cat?post=46239"},{"taxonomy":"product_tag","embeddable":true,"href":"https:\/\/wydawnictwo.ug.edu.pl\/en\/wp-json\/wp\/v2\/product_tag?post=46239"}],"curies":[{"name":"wp","href":"https:\/\/api.w.org\/{rel}","templated":true}]}}

Modele życia szczęśliwego w archaicznej i klasycznej poezji greckiej

<p>Książka M<em>odele życia szczęśliwego w archaicznej i klasycznej poezji greckiej</em> jest cennym opracowaniem z zakresu felicytologii antycznej. To interesujące i pożyteczne studium, w którym zostały podjęte zagadnienia rzucające nowe światło na kwestię ludzkiej szczęśliwości. Autorka porusza istotny problem naukowy, poddany dogłębnej analizie, a wynikające z analiz konkluzje, ujęte w syntetycznej formie, ukazują proces konstytuowania się spektrum semantycznego poszczególnych pojęć określających szczęście i zmian zachodzących w ich pojmowaniu w ujęciu diachronicznym. (…) Autorka bardzo kompetentnie zajęła się kwestiami, które wymagały sprawnie przeprowadzonych badań lingwistycznych, stricte literackich oraz filozoficznych, a połączenie to było niezwykle trudnym zadaniem, z czym poradziła sobie znakomicie. (…) W rezultacie dr Daria Węsierska stworzyła opracowanie, które może posłużyć jako cenny materiał dla badaczy zajmujących się zarówno kwestiami lingwistycznymi, jak i literackimi czy też ogólnie kulturowymi.</p>
<p style="text-align: right;"><em>Z recenzji prof. dr hab. Jadwigi Czerwińskiej</em></p>
