{"id":46238,"date":"2022-08-08T09:35:00","date_gmt":"2022-08-08T09:35:00","guid":{"rendered":"https:\/\/wydawnictwo.ug.edu.pl\/ksiegarnia-online\/uncategorized\/antologia-mlodych-mediow-prace-badawcze-i-projektowe-studentow-instytutu-mediow-dziennikarstwa-i-komunikacji-spolecznej-uniwersytetu-gdanskiego\/"},"modified":"2026-02-11T13:24:01","modified_gmt":"2026-02-11T13:24:01","slug":"antologia-mlodych-mediow-prace-badawcze-i-projektowe-studentow-instytutu-mediow-dziennikarstwa-i-komunikacji-spolecznej-uniwersytetu-gdanskiego","status":"publish","type":"product","link":"https:\/\/wydawnictwo.ug.edu.pl\/en\/ksiegarnia-online\/socjologia\/antologia-mlodych-mediow-prace-badawcze-i-projektowe-studentow-instytutu-mediow-dziennikarstwa-i-komunikacji-spolecznej-uniwersytetu-gdanskiego\/","title":{"rendered":"Antologia m\u0142odych medi\u00f3w. Prace badawcze i projektowe student\u00f3w Instytutu Medi\u00f3w, Dziennikarstwa i Komunikacji Spo\u0142ecznej Uniwersytetu Gda\u0144skiego"},"content":{"rendered":"","protected":false},"excerpt":{"rendered":"<p>Ksi\u0105\u017cka jest zbiorem wybranych z r\u00f3\u017cnych lat, znakomitych pod wzgl\u0119dem merytorycznym i warsztatowym, prac dyplomowych student\u00f3w kierunku dziennikarstwo i komunikacja spo\u0142eczna na Uniwersytecie Gda\u0144skim, a tak\u017ce \u017ar\u00f3d\u0142em informacji i cennych spostrze\u017ce\u0144 na temat ewolucji kszta\u0142cenia oraz wk\u0142adu do bada\u0144 medioznawczych zar\u00f3wno student\u00f3w, jak i pracownik\u00f3w Instytutu Medi\u00f3w, Dziennikarstwa i Komunikacji Spo\u0142ecznej Uniwersytetu Gda\u0144skiego. Publikacja ukazuje narodziny i dynamiczny rozw\u00f3j dydaktyczno-naukowy uczelni jako wa\u017cnego o\u015brodka medioznawczego, stanowi\u0105c jednocze\u015bnie wyj\u0105tkowy spos\u00f3b uczczenia jubileuszu pi\u0119tnastolecia kszta\u0142cenia student\u00f3w kierunku dziennikarstwo i komunikacja spo\u0142eczna Uniwersytetu Gda\u0144skiego. Nale\u017cy doceni\u0107 przede wszystkim zamys\u0142 publikacji prac dyplomowych student\u00f3w, niejednokrotnie zach\u0119caj\u0105cych do polemiki naukowej, kt\u00f3rzy ch\u0119tnie podejmuj\u0105 tematyk\u0119 aktualn\u0105, a zatem r\u00f3wnie\u017c najcz\u0119\u015bciej w niewielkim stopniu opracowan\u0105 naukowo. Ca\u0142o\u015b\u0107 wie\u0144czy sk\u0142aniaj\u0105ce do refleksji podsumowanie \u2013 rozmowa z prof. dr hab. Iwon\u0105 Hofman, przewodnicz\u0105 Komitetu Nauk o Komunikacji Spo\u0142ecznej i Mediach Polskiej Akademii Nauk, dyrektork\u0105 Instytutu Nauk o Komunikacji Spo\u0142ecznej i Mediach Uniwersytetu Marii Curie-Sk\u0142odowskiej w Lublinie. Antologia bez w\u0105tpienia zwr\u00f3ci uwag\u0119 zar\u00f3wno student\u00f3w kierunk\u00f3w medioznawczych i po\u015brednich, jak i badaczy oraz Czytelnik\u00f3w zainteresowanych problematyk\u0105 komunikacji spo\u0142ecznej i medi\u00f3w. Tematyka oraz kierunki bada\u0144 podj\u0119te w ksi\u0105\u017cce mog\u0105 stanowi\u0107 inspiracje do dalszych analiz.<\/p>\n<p style=\"text-align: right;\"><em>Z recenzji dr hab. Ma\u0142gorzaty Adamik-Szysiak, prof. UMCS<\/em><\/p>\n","protected":false},"featured_media":20110,"template":"","meta":{"_acf_changed":false},"journal":[],"rodzaj":[7074],"seria":[],"product_brand":[],"product_cat":[6953],"product_tag":[7746],"class_list":{"0":"post-46238","1":"product","2":"type-product","3":"status-publish","4":"has-post-thumbnail","6":"rodzaj-ksiazki","7":"product_cat-socjologia","8":"product_tag-konrad-knoch","9":"pa_rok-wydania-2022-en","11":"first","12":"instock","13":"taxable","14":"shipping-taxable","15":"purchasable","16":"product-type-simple"},"acf":[],"_links":{"self":[{"href":"https:\/\/wydawnictwo.ug.edu.pl\/en\/wp-json\/wp\/v2\/product\/46238","targetHints":{"allow":["GET"]}}],"collection":[{"href":"https:\/\/wydawnictwo.ug.edu.pl\/en\/wp-json\/wp\/v2\/product"}],"about":[{"href":"https:\/\/wydawnictwo.ug.edu.pl\/en\/wp-json\/wp\/v2\/types\/product"}],"wp:featuredmedia":[{"embeddable":true,"href":"https:\/\/wydawnictwo.ug.edu.pl\/en\/wp-json\/wp\/v2\/media\/20110"}],"wp:attachment":[{"href":"https:\/\/wydawnictwo.ug.edu.pl\/en\/wp-json\/wp\/v2\/media?parent=46238"}],"wp:term":[{"taxonomy":"journal","embeddable":true,"href":"https:\/\/wydawnictwo.ug.edu.pl\/en\/wp-json\/wp\/v2\/journal?post=46238"},{"taxonomy":"rodzaj","embeddable":true,"href":"https:\/\/wydawnictwo.ug.edu.pl\/en\/wp-json\/wp\/v2\/rodzaj?post=46238"},{"taxonomy":"seria","embeddable":true,"href":"https:\/\/wydawnictwo.ug.edu.pl\/en\/wp-json\/wp\/v2\/seria?post=46238"},{"taxonomy":"product_brand","embeddable":true,"href":"https:\/\/wydawnictwo.ug.edu.pl\/en\/wp-json\/wp\/v2\/product_brand?post=46238"},{"taxonomy":"product_cat","embeddable":true,"href":"https:\/\/wydawnictwo.ug.edu.pl\/en\/wp-json\/wp\/v2\/product_cat?post=46238"},{"taxonomy":"product_tag","embeddable":true,"href":"https:\/\/wydawnictwo.ug.edu.pl\/en\/wp-json\/wp\/v2\/product_tag?post=46238"}],"curies":[{"name":"wp","href":"https:\/\/api.w.org\/{rel}","templated":true}]}}

Antologia młodych mediów. Prace badawcze i projektowe studentów Instytutu Mediów, Dziennikarstwa i Komunikacji Społecznej Uniwersytetu Gdańskiego

<p>Książka jest zbiorem wybranych z różnych lat, znakomitych pod względem merytorycznym i warsztatowym, prac dyplomowych studentów kierunku dziennikarstwo i komunikacja społeczna na Uniwersytecie Gdańskim, a także źródłem informacji i cennych spostrzeżeń na temat ewolucji kształcenia oraz wkładu do badań medioznawczych zarówno studentów, jak i pracowników Instytutu Mediów, Dziennikarstwa i Komunikacji Społecznej Uniwersytetu Gdańskiego. Publikacja ukazuje narodziny i dynamiczny rozwój dydaktyczno-naukowy uczelni jako ważnego ośrodka medioznawczego, stanowiąc jednocześnie wyjątkowy sposób uczczenia jubileuszu piętnastolecia kształcenia studentów kierunku dziennikarstwo i komunikacja społeczna Uniwersytetu Gdańskiego. Należy docenić przede wszystkim zamysł publikacji prac dyplomowych studentów, niejednokrotnie zachęcających do polemiki naukowej, którzy chętnie podejmują tematykę aktualną, a zatem również najczęściej w niewielkim stopniu opracowaną naukowo. Całość wieńczy skłaniające do refleksji podsumowanie – rozmowa z prof. dr hab. Iwoną Hofman, przewodniczą Komitetu Nauk o Komunikacji Społecznej i Mediach Polskiej Akademii Nauk, dyrektorką Instytutu Nauk o Komunikacji Społecznej i Mediach Uniwersytetu Marii Curie-Skłodowskiej w Lublinie. Antologia bez wątpienia zwróci uwagę zarówno studentów kierunków medioznawczych i pośrednich, jak i badaczy oraz Czytelników zainteresowanych problematyką komunikacji społecznej i mediów. Tematyka oraz kierunki badań podjęte w książce mogą stanowić inspiracje do dalszych analiz.</p>
<p style="text-align: right;"><em>Z recenzji dr hab. Małgorzaty Adamik-Szysiak, prof. UMCS</em></p>
