{"id":46224,"date":"2022-12-17T09:12:45","date_gmt":"2022-12-17T09:12:45","guid":{"rendered":"https:\/\/wydawnictwo.ug.edu.pl\/ksiegarnia-online\/uncategorized\/umowy-w-dzialalnosci-muzeow-zagadnienia-publicznoprawne\/"},"modified":"2026-03-10T07:46:11","modified_gmt":"2026-03-10T07:46:11","slug":"umowy-w-dzialalnosci-muzeow-zagadnienia-publicznoprawne","status":"publish","type":"product","link":"https:\/\/wydawnictwo.ug.edu.pl\/en\/ksiegarnia-online\/prawo-i-administracja\/umowy-w-dzialalnosci-muzeow-zagadnienia-publicznoprawne\/","title":{"rendered":"Umowy w dzia\u0142alno\u015bci muze\u00f3w. Zagadnienia publicznoprawne"},"content":{"rendered":"","protected":false},"excerpt":{"rendered":"<p>Um\u00f3w w dzia\u0142alno\u015bci muze\u00f3w nie mo\u017cna analizowa\u0107 bez uwzgl\u0119dnienia szerszego kontekstu, jakim jest regulacja publicznoprawna. Nie chodzi tu jedynie o wp\u0142yw przepis\u00f3w prawa publicznego na sam\u0105 tre\u015b\u0107 umowy, czyli na mo\u017cliwo\u015b\u0107 kszta\u0142towania praw i obowi\u0105zk\u00f3w stron. Dzia\u0142anie\u00a0<em>ius publicum <\/em>objawia si\u0119 tak\u017ce w obowi\u0105zku wype\u0142niania przez muzea wymog\u00f3w wynikaj\u0105cych z przepis\u00f3w prawa publicznego. Obserwacja praktyki wskazuje, \u017ce zawieranie um\u00f3w przez muzea rodzi nie tylko problemy w zakresie w\u0142a\u015bciwego kszta\u0142tu umowy zabezpieczaj\u0105cej interes muzeum, ale r\u00f3wnie\u017c w wype\u0142nianiu \u201etowarzysz\u0105cych\u201d jej obowi\u0105zk\u00f3w o charakterze publicznoprawnym. Do publikacji do\u0142\u0105czono r\u00f3wnie\u017c wzory um\u00f3w, opracowane na podstawie wniosk\u00f3w p\u0142yn\u0105cych z analizy obowi\u0105zuj\u0105cych regulacji, zaprezentowanych w ksi\u0105\u017cce Iwony Gredki-Ligarskiej, Pauliny Gwo\u017adziewicz-Matan, Wojciecha W. Kowalskiego <em>Umowy w dzia\u0142alno\u015bci muze\u00f3w. Prawo cywilne. Prawo autorskie.<\/em> W ocenie autorski proponowane wzory mog\u0105 mie\u0107 istotne znaczenie dla praktyki, gdy\u017c to muzeum jako podmiot profesjonalny powinno zaproponowa\u0107 umow\u0119 poprawnie skonturowan\u0105, w pe\u0142ni zabezpieczaj\u0105c\u0105 interesy instytucji.<\/p>\n<p>\u201eMimo sporej liczby prac dotycz\u0105cych muze\u00f3w Autorka podda\u0142a analizie problematyk\u0119 dot\u0105d nieobecn\u0105 w nauce prawa. W niniejszej publikacji dr P. Gwo\u017adziewicz-Matan, poruszaj\u0105c zagadnienie um\u00f3w w dzia\u0142alno\u015bci muze\u00f3w, wysz\u0142a poza typow\u0105 tematyk\u0119, w kt\u00f3rej dominuj\u0105 kwestie ustrojowe przy przepis\u00f3w wewn\u0119trznych. W ksi\u0105\u017cce dokonano analizy szczeg\u00f3lnych obowi\u0105zk\u00f3w o charakterze publiczno-prawnym spoczywaj\u0105cych na muzeach jako podmiotach prowadz\u0105cych dzia\u0142alno\u015b\u0107 kulturaln\u0105. Prac\u0119 cechuje r\u00f3wnie\u017c walor praktyczny, bowiem w aneksie umieszczono wzory wybranych um\u00f3w\u201d.<\/p>\n<p style=\"text-align: right;\">Z recenzji dr hab. Grzegorza Krawca, prof. UP<\/p>\n<p>Wsp\u00f3\u0142wydawca: Narodowy Instytut Muzealnictwa i Ochrony Zbior\u00f3w<\/p>\n<p><img decoding=\"async\" class=\"alignnone wp-image-25778\" src=\"https:\/\/wydawnictwo.ug.edu.pl\/wp-content\/uploads\/2022\/12\/LOGO-NIMOZ-kolor-prost-pl-beztla-1024x317.png\" alt=\"\" width=\"220\" height=\"68\" srcset=\"https:\/\/wydawnictwo.ug.edu.pl\/wp-content\/uploads\/2022\/12\/LOGO-NIMOZ-kolor-prost-pl-beztla-1024x317.png 1024w, https:\/\/wydawnictwo.ug.edu.pl\/wp-content\/uploads\/2022\/12\/LOGO-NIMOZ-kolor-prost-pl-beztla-600x186.png 600w, https:\/\/wydawnictwo.ug.edu.pl\/wp-content\/uploads\/2022\/12\/LOGO-NIMOZ-kolor-prost-pl-beztla-300x93.png 300w, https:\/\/wydawnictwo.ug.edu.pl\/wp-content\/uploads\/2022\/12\/LOGO-NIMOZ-kolor-prost-pl-beztla-768x238.png 768w, https:\/\/wydawnictwo.ug.edu.pl\/wp-content\/uploads\/2022\/12\/LOGO-NIMOZ-kolor-prost-pl-beztla-1536x475.png 1536w, https:\/\/wydawnictwo.ug.edu.pl\/wp-content\/uploads\/2022\/12\/LOGO-NIMOZ-kolor-prost-pl-beztla-640x198.png 640w, https:\/\/wydawnictwo.ug.edu.pl\/wp-content\/uploads\/2022\/12\/LOGO-NIMOZ-kolor-prost-pl-beztla-400x124.png 400w, https:\/\/wydawnictwo.ug.edu.pl\/wp-content\/uploads\/2022\/12\/LOGO-NIMOZ-kolor-prost-pl-beztla.png 2000w\" sizes=\"(max-width: 220px) 100vw, 220px\" \/><\/p>\n<p><a href=\"https:\/\/wydawnictwo.ug.edu.pl\/wp-content\/uploads\/2023\/10\/Muz_6412_Barbasiewicz_PL-PUBL-1.pdf\">Recenzja<\/a> ksi\u0105\u017cki w roczniku \u201eMuzealnictwo\u201d.<\/p>\n","protected":false},"featured_media":22606,"template":"","meta":{"_acf_changed":false},"journal":[],"rodzaj":[7074],"seria":[],"product_brand":[],"product_cat":[6932],"product_tag":[8339,8193],"class_list":{"0":"post-46224","1":"product","2":"type-product","3":"status-publish","4":"has-post-thumbnail","6":"rodzaj-ksiazki","7":"product_cat-prawo-i-administracja","8":"product_tag-paulina-gwozdziewicz-matan","9":"product_tag-wojciech-w-kowalski","10":"pa_rok-wydania-2022-en","12":"first","13":"instock","14":"taxable","15":"shipping-taxable","16":"purchasable","17":"product-type-simple"},"acf":[],"_links":{"self":[{"href":"https:\/\/wydawnictwo.ug.edu.pl\/en\/wp-json\/wp\/v2\/product\/46224","targetHints":{"allow":["GET"]}}],"collection":[{"href":"https:\/\/wydawnictwo.ug.edu.pl\/en\/wp-json\/wp\/v2\/product"}],"about":[{"href":"https:\/\/wydawnictwo.ug.edu.pl\/en\/wp-json\/wp\/v2\/types\/product"}],"wp:featuredmedia":[{"embeddable":true,"href":"https:\/\/wydawnictwo.ug.edu.pl\/en\/wp-json\/wp\/v2\/media\/22606"}],"wp:attachment":[{"href":"https:\/\/wydawnictwo.ug.edu.pl\/en\/wp-json\/wp\/v2\/media?parent=46224"}],"wp:term":[{"taxonomy":"journal","embeddable":true,"href":"https:\/\/wydawnictwo.ug.edu.pl\/en\/wp-json\/wp\/v2\/journal?post=46224"},{"taxonomy":"rodzaj","embeddable":true,"href":"https:\/\/wydawnictwo.ug.edu.pl\/en\/wp-json\/wp\/v2\/rodzaj?post=46224"},{"taxonomy":"seria","embeddable":true,"href":"https:\/\/wydawnictwo.ug.edu.pl\/en\/wp-json\/wp\/v2\/seria?post=46224"},{"taxonomy":"product_brand","embeddable":true,"href":"https:\/\/wydawnictwo.ug.edu.pl\/en\/wp-json\/wp\/v2\/product_brand?post=46224"},{"taxonomy":"product_cat","embeddable":true,"href":"https:\/\/wydawnictwo.ug.edu.pl\/en\/wp-json\/wp\/v2\/product_cat?post=46224"},{"taxonomy":"product_tag","embeddable":true,"href":"https:\/\/wydawnictwo.ug.edu.pl\/en\/wp-json\/wp\/v2\/product_tag?post=46224"}],"curies":[{"name":"wp","href":"https:\/\/api.w.org\/{rel}","templated":true}]}}

Umowy w działalności muzeów. Zagadnienia publicznoprawne

<p>Umów w działalności muzeów nie można analizować bez uwzględnienia szerszego kontekstu, jakim jest regulacja publicznoprawna. Nie chodzi tu jedynie o wpływ przepisów prawa publicznego na samą treść umowy, czyli na możliwość kształtowania praw i obowiązków stron. Działanie <em>ius publicum </em>objawia się także w obowiązku wypełniania przez muzea wymogów wynikających z przepisów prawa publicznego. Obserwacja praktyki wskazuje, że zawieranie umów przez muzea rodzi nie tylko problemy w zakresie właściwego kształtu umowy zabezpieczającej interes muzeum, ale również w wypełnianiu „towarzyszących” jej obowiązków o charakterze publicznoprawnym. Do publikacji dołączono również wzory umów, opracowane na podstawie wniosków płynących z analizy obowiązujących regulacji, zaprezentowanych w książce Iwony Gredki-Ligarskiej, Pauliny Gwoździewicz-Matan, Wojciecha W. Kowalskiego <em>Umowy w działalności muzeów. Prawo cywilne. Prawo autorskie.</em> W ocenie autorski proponowane wzory mogą mieć istotne znaczenie dla praktyki, gdyż to muzeum jako podmiot profesjonalny powinno zaproponować umowę poprawnie skonturowaną, w pełni zabezpieczającą interesy instytucji.</p>
<p>„Mimo sporej liczby prac dotyczących muzeów Autorka poddała analizie problematykę dotąd nieobecną w nauce prawa. W niniejszej publikacji dr P. Gwoździewicz-Matan, poruszając zagadnienie umów w działalności muzeów, wyszła poza typową tematykę, w której dominują kwestie ustrojowe przy przepisów wewnętrznych. W książce dokonano analizy szczególnych obowiązków o charakterze publiczno-prawnym spoczywających na muzeach jako podmiotach prowadzących działalność kulturalną. Pracę cechuje również walor praktyczny, bowiem w aneksie umieszczono wzory wybranych umów”.</p>
<p style="text-align: right;">Z recenzji dr hab. Grzegorza Krawca, prof. UP</p>
<p>Współwydawca: Narodowy Instytut Muzealnictwa i Ochrony Zbiorów</p>
<p><img decoding="async" class="alignnone wp-image-25778" src="https://wydawnictwo.ug.edu.pl/wp-content/uploads/2022/12/LOGO-NIMOZ-kolor-prost-pl-beztla-1024x317.png" alt="" width="220" height="68" srcset="https://wydawnictwo.ug.edu.pl/wp-content/uploads/2022/12/LOGO-NIMOZ-kolor-prost-pl-beztla-1024x317.png 1024w, https://wydawnictwo.ug.edu.pl/wp-content/uploads/2022/12/LOGO-NIMOZ-kolor-prost-pl-beztla-600x186.png 600w, https://wydawnictwo.ug.edu.pl/wp-content/uploads/2022/12/LOGO-NIMOZ-kolor-prost-pl-beztla-300x93.png 300w, https://wydawnictwo.ug.edu.pl/wp-content/uploads/2022/12/LOGO-NIMOZ-kolor-prost-pl-beztla-768x238.png 768w, https://wydawnictwo.ug.edu.pl/wp-content/uploads/2022/12/LOGO-NIMOZ-kolor-prost-pl-beztla-1536x475.png 1536w, https://wydawnictwo.ug.edu.pl/wp-content/uploads/2022/12/LOGO-NIMOZ-kolor-prost-pl-beztla-640x198.png 640w, https://wydawnictwo.ug.edu.pl/wp-content/uploads/2022/12/LOGO-NIMOZ-kolor-prost-pl-beztla-400x124.png 400w, https://wydawnictwo.ug.edu.pl/wp-content/uploads/2022/12/LOGO-NIMOZ-kolor-prost-pl-beztla.png 2000w" sizes="(max-width: 220px) 100vw, 220px" /></p>
<p><a href="https://wydawnictwo.ug.edu.pl/wp-content/uploads/2023/10/Muz_6412_Barbasiewicz_PL-PUBL-1.pdf">Recenzja</a> książki w roczniku „Muzealnictwo”.</p>
