{"id":46215,"date":"2023-01-02T09:52:40","date_gmt":"2023-01-02T09:52:40","guid":{"rendered":"https:\/\/wydawnictwo.ug.edu.pl\/ksiegarnia-online\/uncategorized\/male-ciach-bajka-o-pewnym-zabiegu\/"},"modified":"2026-02-11T13:17:33","modified_gmt":"2026-02-11T13:17:33","slug":"male-ciach-bajka-o-pewnym-zabiegu","status":"publish","type":"product","link":"https:\/\/wydawnictwo.ug.edu.pl\/en\/ksiegarnia-online\/varia\/male-ciach-bajka-o-pewnym-zabiegu\/","title":{"rendered":"Ma\u0142e Ciach. Bajka o pewnym zabiegu"},"content":{"rendered":"","protected":false},"excerpt":{"rendered":"<p>Logopeda jest specjalist\u0105, kt\u00f3ry zajmuje si\u0119 komunikacj\u0105 j\u0119zykow\u0105 oraz jej zaburzeniami. Opr\u00f3cz szerokiej i interdyscyplinarnej wiedzy, warsztatu bogatego w zr\u00f3\u017cnicowane metody i techniki oddzia\u0142ywania terapeutycznego powinien cechowa\u0107 si\u0119 r\u00f3wnie\u017c charakterystyczn\u0105 postaw\u0105 wobec pacjenta \u2013 pe\u0142n\u0105 empatii i zrozumienia. Wzorcowo wida\u0107 to u Autorki niniejszej publikacji Agnieszki Rolirad, kt\u00f3ra w ksi\u0105\u017cce <em>Ma\u0142e Ciach. Bajka o pewnym zabiegu<\/em> podejmuje bardzo wa\u017cny w\u0105tek, spotykany cz\u0119sto w diagnozie i terapii zaburze\u0144 artykulacji \u2013 skr\u00f3conego w\u0119dzide\u0142ka j\u0119zyka. W czytelny i przyjazny dla dzieci spos\u00f3b Autorka opisuje losy ma\u0142ej Basi i jej obawy przed zabiegiem podci\u0119cia. Basia przy pomocy specjalist\u00f3w i wsparciu bliskich przechodzi t\u0119 trudn\u0105 dla siebie sytuacj\u0119, dzi\u0119ki czemu czytelnik dowiaduje si\u0119, co nale\u017cy w takiej sytuacji zrobi\u0107. Polecam t\u0119 publikacj\u0119 dzieciom, u kt\u00f3rych zdiagnozowano nieprawid\u0142ow\u0105 budow\u0119 w\u0119dzide\u0142ka, ich rodzicom oraz specjalistom \u2013 logopedom, laryngologom, pediatrom i ortodontom. Tre\u015b\u0107 ksi\u0105\u017cki opracowana w stylistyce prostej bajki poparta jest niezwykle \u0142adnymi ilustracjami, co u\u0142atwia zapoznanie si\u0119 z tym wa\u017ckim tematem.<\/p>\n<p style=\"text-align: right;\"><em>dr Anna Walencik-Topi\u0142ko<\/em><\/p>\n<p>Wydanie ksi\u0105\u017cki zrealizowano w ramach stypendium Miasta Torunia w dziedzinie kultury, a tak\u017ce przy wsparciu Prorektora Uniwersytetu Gda\u0144skiego ds. Student\u00f3w i Jako\u015bci Kszta\u0142cenia oraz Parlamentu Student\u00f3w Uniwersytetu Gda\u0144skiego.<\/p>\n","protected":false},"featured_media":22826,"template":"","meta":{"_acf_changed":false},"journal":[],"rodzaj":[7074],"seria":[],"product_brand":[],"product_cat":[6948],"product_tag":[7729],"class_list":{"0":"post-46215","1":"product","2":"type-product","3":"status-publish","4":"has-post-thumbnail","6":"rodzaj-ksiazki","7":"product_cat-varia","8":"product_tag-agnieszka-rolirad","10":"first","11":"instock","12":"taxable","13":"shipping-taxable","14":"purchasable","15":"product-type-external"},"acf":[],"_links":{"self":[{"href":"https:\/\/wydawnictwo.ug.edu.pl\/en\/wp-json\/wp\/v2\/product\/46215","targetHints":{"allow":["GET"]}}],"collection":[{"href":"https:\/\/wydawnictwo.ug.edu.pl\/en\/wp-json\/wp\/v2\/product"}],"about":[{"href":"https:\/\/wydawnictwo.ug.edu.pl\/en\/wp-json\/wp\/v2\/types\/product"}],"wp:featuredmedia":[{"embeddable":true,"href":"https:\/\/wydawnictwo.ug.edu.pl\/en\/wp-json\/wp\/v2\/media\/22826"}],"wp:attachment":[{"href":"https:\/\/wydawnictwo.ug.edu.pl\/en\/wp-json\/wp\/v2\/media?parent=46215"}],"wp:term":[{"taxonomy":"journal","embeddable":true,"href":"https:\/\/wydawnictwo.ug.edu.pl\/en\/wp-json\/wp\/v2\/journal?post=46215"},{"taxonomy":"rodzaj","embeddable":true,"href":"https:\/\/wydawnictwo.ug.edu.pl\/en\/wp-json\/wp\/v2\/rodzaj?post=46215"},{"taxonomy":"seria","embeddable":true,"href":"https:\/\/wydawnictwo.ug.edu.pl\/en\/wp-json\/wp\/v2\/seria?post=46215"},{"taxonomy":"product_brand","embeddable":true,"href":"https:\/\/wydawnictwo.ug.edu.pl\/en\/wp-json\/wp\/v2\/product_brand?post=46215"},{"taxonomy":"product_cat","embeddable":true,"href":"https:\/\/wydawnictwo.ug.edu.pl\/en\/wp-json\/wp\/v2\/product_cat?post=46215"},{"taxonomy":"product_tag","embeddable":true,"href":"https:\/\/wydawnictwo.ug.edu.pl\/en\/wp-json\/wp\/v2\/product_tag?post=46215"}],"curies":[{"name":"wp","href":"https:\/\/api.w.org\/{rel}","templated":true}]}}

Małe Ciach. Bajka o pewnym zabiegu

<p>Logopeda jest specjalistą, który zajmuje się komunikacją językową oraz jej zaburzeniami. Oprócz szerokiej i interdyscyplinarnej wiedzy, warsztatu bogatego w zróżnicowane metody i techniki oddziaływania terapeutycznego powinien cechować się również charakterystyczną postawą wobec pacjenta – pełną empatii i zrozumienia. Wzorcowo widać to u Autorki niniejszej publikacji Agnieszki Rolirad, która w książce <em>Małe Ciach. Bajka o pewnym zabiegu</em> podejmuje bardzo ważny wątek, spotykany często w diagnozie i terapii zaburzeń artykulacji – skróconego wędzidełka języka. W czytelny i przyjazny dla dzieci sposób Autorka opisuje losy małej Basi i jej obawy przed zabiegiem podcięcia. Basia przy pomocy specjalistów i wsparciu bliskich przechodzi tę trudną dla siebie sytuację, dzięki czemu czytelnik dowiaduje się, co należy w takiej sytuacji zrobić. Polecam tę publikację dzieciom, u których zdiagnozowano nieprawidłową budowę wędzidełka, ich rodzicom oraz specjalistom – logopedom, laryngologom, pediatrom i ortodontom. Treść książki opracowana w stylistyce prostej bajki poparta jest niezwykle ładnymi ilustracjami, co ułatwia zapoznanie się z tym ważkim tematem.</p>
<p style="text-align: right;"><em>dr Anna Walencik-Topiłko</em></p>
<p>Wydanie książki zrealizowano w ramach stypendium Miasta Torunia w dziedzinie kultury, a także przy wsparciu Prorektora Uniwersytetu Gdańskiego ds. Studentów i Jakości Kształcenia oraz Parlamentu Studentów Uniwersytetu Gdańskiego.</p>
