{"id":46204,"date":"2023-02-05T12:12:34","date_gmt":"2023-02-05T12:12:34","guid":{"rendered":"https:\/\/wydawnictwo.ug.edu.pl\/ksiegarnia-online\/uncategorized\/dialektyka-formy-pelnometrazowe-filmy-fabularne-jana-svankmajera\/"},"modified":"2026-02-11T13:17:02","modified_gmt":"2026-02-11T13:17:02","slug":"dialektyka-formy-pelnometrazowe-filmy-fabularne-jana-svankmajera","status":"publish","type":"product","link":"https:\/\/wydawnictwo.ug.edu.pl\/en\/ksiegarnia-online\/sztuka\/dialektyka-formy-pelnometrazowe-filmy-fabularne-jana-svankmajera\/","title":{"rendered":"Dialektyka formy. Pe\u0142nometra\u017cowe filmy fabularne Jana \u0160vankmajera"},"content":{"rendered":"","protected":false},"excerpt":{"rendered":"<p><em>Dialektyka formy. Pe\u0142nometra\u017cowe filmy fabularne Jana \u0160vankmajera<\/em> to monografia po\u015bwi\u0119cona okresowi tw\u00f3rczo\u015bci czeskiego artysty, kt\u00f3ry by\u0142 dot\u0105d sporadycznie omawiany w polskim i zagranicznym pi\u015bmiennictwie filmoznawczym. Autorka analizuje pe\u0142nometra\u017cowe filmy tw\u00f3rcy w ci\u0105g\u0142ym odniesieniu do jego film\u00f3w kr\u00f3tkometra\u017cowych, wskazuj\u0105c na zbie\u017cno\u015bci i r\u00f3\u017cnice mi\u0119dzy nimi, na korzy\u015bci p\u0142yn\u0105ce ze zmiany metra\u017cu, na kt\u00f3r\u0105 na pewnym etapie swojej kariery zdecydowa\u0142 si\u0119 surrealista, i zwi\u0105zane z tym problemy, a wreszcie na tematyczno-stylistyczny \u201edialog\u201d, jaki mo\u017cna zaobserwowa\u0107 pomi\u0119dzy tymi dwoma rodzajami dzie\u0142a filmowego. Jednocze\u015bnie badaczka stara si\u0119 udowodni\u0107, \u017ce \u0160vankmajer kreuje nowy, przepe\u0142niony nawi\u0105zaniami intertekstualnymi, ca\u0142kowicie autorski rodzaj pe\u0142nometra\u017cowego filmu artystycznego.<\/p>\n<p>Ksi\u0105\u017cka pochodzi z serii <a href=\"\/?product_cat=linia-filmowa\">Linia Filmowa<\/a>.<\/p>\n","protected":false},"featured_media":23476,"template":"","meta":{"_acf_changed":false},"journal":[],"rodzaj":[7074,7076],"seria":[7629],"product_brand":[],"product_cat":[6939],"product_tag":[7719],"class_list":{"0":"post-46204","1":"product","2":"type-product","3":"status-publish","4":"has-post-thumbnail","6":"rodzaj-ksiazki","7":"rodzaj-serie-wydawnicze","8":"seria-linia-filmowa","9":"product_cat-sztuka","10":"product_tag-marta-maciejewskamarta-maciejewska","12":"first","13":"instock","14":"taxable","15":"shipping-taxable","16":"product-type-simple"},"acf":[],"_links":{"self":[{"href":"https:\/\/wydawnictwo.ug.edu.pl\/en\/wp-json\/wp\/v2\/product\/46204","targetHints":{"allow":["GET"]}}],"collection":[{"href":"https:\/\/wydawnictwo.ug.edu.pl\/en\/wp-json\/wp\/v2\/product"}],"about":[{"href":"https:\/\/wydawnictwo.ug.edu.pl\/en\/wp-json\/wp\/v2\/types\/product"}],"wp:featuredmedia":[{"embeddable":true,"href":"https:\/\/wydawnictwo.ug.edu.pl\/en\/wp-json\/wp\/v2\/media\/23476"}],"wp:attachment":[{"href":"https:\/\/wydawnictwo.ug.edu.pl\/en\/wp-json\/wp\/v2\/media?parent=46204"}],"wp:term":[{"taxonomy":"journal","embeddable":true,"href":"https:\/\/wydawnictwo.ug.edu.pl\/en\/wp-json\/wp\/v2\/journal?post=46204"},{"taxonomy":"rodzaj","embeddable":true,"href":"https:\/\/wydawnictwo.ug.edu.pl\/en\/wp-json\/wp\/v2\/rodzaj?post=46204"},{"taxonomy":"seria","embeddable":true,"href":"https:\/\/wydawnictwo.ug.edu.pl\/en\/wp-json\/wp\/v2\/seria?post=46204"},{"taxonomy":"product_brand","embeddable":true,"href":"https:\/\/wydawnictwo.ug.edu.pl\/en\/wp-json\/wp\/v2\/product_brand?post=46204"},{"taxonomy":"product_cat","embeddable":true,"href":"https:\/\/wydawnictwo.ug.edu.pl\/en\/wp-json\/wp\/v2\/product_cat?post=46204"},{"taxonomy":"product_tag","embeddable":true,"href":"https:\/\/wydawnictwo.ug.edu.pl\/en\/wp-json\/wp\/v2\/product_tag?post=46204"}],"curies":[{"name":"wp","href":"https:\/\/api.w.org\/{rel}","templated":true}]}}

Dialektyka formy. Pełnometrażowe filmy fabularne Jana Švankmajera

<p><em>Dialektyka formy. Pełnometrażowe filmy fabularne Jana Švankmajera</em> to monografia poświęcona okresowi twórczości czeskiego artysty, który był dotąd sporadycznie omawiany w polskim i zagranicznym piśmiennictwie filmoznawczym. Autorka analizuje pełnometrażowe filmy twórcy w ciągłym odniesieniu do jego filmów krótkometrażowych, wskazując na zbieżności i różnice między nimi, na korzyści płynące ze zmiany metrażu, na którą na pewnym etapie swojej kariery zdecydował się surrealista, i związane z tym problemy, a wreszcie na tematyczno-stylistyczny „dialog”, jaki można zaobserwować pomiędzy tymi dwoma rodzajami dzieła filmowego. Jednocześnie badaczka stara się udowodnić, że Švankmajer kreuje nowy, przepełniony nawiązaniami intertekstualnymi, całkowicie autorski rodzaj pełnometrażowego filmu artystycznego.</p>
<p>Książka pochodzi z serii <a href="/?product_cat=linia-filmowa">Linia Filmowa</a>.</p>
