{"id":46200,"date":"2023-02-12T06:58:22","date_gmt":"2023-02-12T06:58:22","guid":{"rendered":"https:\/\/wydawnictwo.ug.edu.pl\/ksiegarnia-online\/uncategorized\/oswietlenie-i-naslonecznienie-pomieszczen-prawne-uwarunkowania-rozwoju-miasta\/"},"modified":"2026-02-11T13:16:53","modified_gmt":"2026-02-11T13:16:53","slug":"oswietlenie-i-naslonecznienie-pomieszczen-prawne-uwarunkowania-rozwoju-miasta","status":"publish","type":"product","link":"https:\/\/wydawnictwo.ug.edu.pl\/en\/ksiegarnia-online\/prawo-i-administracja\/oswietlenie-i-naslonecznienie-pomieszczen-prawne-uwarunkowania-rozwoju-miasta\/","title":{"rendered":"O\u015bwietlenie i nas\u0142onecznienie pomieszcze\u0144. Prawne uwarunkowania rozwoju miasta"},"content":{"rendered":"","protected":false},"excerpt":{"rendered":"<p>Niniejsze studium ma na celu zwr\u00f3cenie uwagi na problemy zwi\u0105zane z zabudow\u0105 miast, w tym ich obszar\u00f3w centralnych, w w\u0105skim kontek\u015bcie prawnym. Odnosi si\u0119 ono do prawnych regulacji zwi\u0105zanych z obowi\u0105zkiem tworzenia warunk\u00f3w s\u0142u\u017c\u0105cych nas\u0142onecznianiu i unikaniu nadmiernego zacieniania dzia\u0142ek zabudowanych, przy jednoczesnej konieczno\u015bci d\u0105\u017cenia do zr\u00f3wnowa\u017conej zabudowy przestrzeni miejskiej, optymalizuj\u0105cej koszty budowy i utrzymania wsp\u00f3lnej infrastruktury publicznej. W konsekwencji skupia si\u0119 na kwestiach dotycz\u0105cych stosowania publicznoprawnej instytucji odst\u0119pstwa w zwi\u0105zku z prywatnoprawn\u0105 konstrukcj\u0105 s\u0142u\u017cebno\u015bci zacieniania, a wi\u0119c w du\u017cej mierze podstawowych dzi\u015b instrumentach prawnych, pozwalaj\u0105cych realizowa\u0107 zwart\u0105 zabudow\u0119 stref \u015br\u00f3dmiejskich. Ta problematyka nie jest opisana w prawie, cho\u0107 ma istotne znaczenie w praktyce urbanistycznej.<\/p>\n","protected":false},"featured_media":23488,"template":"","meta":{"_acf_changed":false},"journal":[],"rodzaj":[7074],"seria":[],"product_brand":[],"product_cat":[6932],"product_tag":[7714,7715],"class_list":{"0":"post-46200","1":"product","2":"type-product","3":"status-publish","4":"has-post-thumbnail","6":"rodzaj-ksiazki","7":"product_cat-prawo-i-administracja","8":"product_tag-igor-zachariasz","9":"product_tag-marcin-kopec","10":"pa_rok-wydania-2023-en","12":"first","13":"instock","14":"taxable","15":"shipping-taxable","16":"purchasable","17":"product-type-simple"},"acf":[],"_links":{"self":[{"href":"https:\/\/wydawnictwo.ug.edu.pl\/en\/wp-json\/wp\/v2\/product\/46200","targetHints":{"allow":["GET"]}}],"collection":[{"href":"https:\/\/wydawnictwo.ug.edu.pl\/en\/wp-json\/wp\/v2\/product"}],"about":[{"href":"https:\/\/wydawnictwo.ug.edu.pl\/en\/wp-json\/wp\/v2\/types\/product"}],"wp:featuredmedia":[{"embeddable":true,"href":"https:\/\/wydawnictwo.ug.edu.pl\/en\/wp-json\/wp\/v2\/media\/23488"}],"wp:attachment":[{"href":"https:\/\/wydawnictwo.ug.edu.pl\/en\/wp-json\/wp\/v2\/media?parent=46200"}],"wp:term":[{"taxonomy":"journal","embeddable":true,"href":"https:\/\/wydawnictwo.ug.edu.pl\/en\/wp-json\/wp\/v2\/journal?post=46200"},{"taxonomy":"rodzaj","embeddable":true,"href":"https:\/\/wydawnictwo.ug.edu.pl\/en\/wp-json\/wp\/v2\/rodzaj?post=46200"},{"taxonomy":"seria","embeddable":true,"href":"https:\/\/wydawnictwo.ug.edu.pl\/en\/wp-json\/wp\/v2\/seria?post=46200"},{"taxonomy":"product_brand","embeddable":true,"href":"https:\/\/wydawnictwo.ug.edu.pl\/en\/wp-json\/wp\/v2\/product_brand?post=46200"},{"taxonomy":"product_cat","embeddable":true,"href":"https:\/\/wydawnictwo.ug.edu.pl\/en\/wp-json\/wp\/v2\/product_cat?post=46200"},{"taxonomy":"product_tag","embeddable":true,"href":"https:\/\/wydawnictwo.ug.edu.pl\/en\/wp-json\/wp\/v2\/product_tag?post=46200"}],"curies":[{"name":"wp","href":"https:\/\/api.w.org\/{rel}","templated":true}]}}

Oświetlenie i nasłonecznienie pomieszczeń. Prawne uwarunkowania rozwoju miasta

<p>Niniejsze studium ma na celu zwrócenie uwagi na problemy związane z zabudową miast, w tym ich obszarów centralnych, w wąskim kontekście prawnym. Odnosi się ono do prawnych regulacji związanych z obowiązkiem tworzenia warunków służących nasłonecznianiu i unikaniu nadmiernego zacieniania działek zabudowanych, przy jednoczesnej konieczności dążenia do zrównoważonej zabudowy przestrzeni miejskiej, optymalizującej koszty budowy i utrzymania wspólnej infrastruktury publicznej. W konsekwencji skupia się na kwestiach dotyczących stosowania publicznoprawnej instytucji odstępstwa w związku z prywatnoprawną konstrukcją służebności zacieniania, a więc w dużej mierze podstawowych dziś instrumentach prawnych, pozwalających realizować zwartą zabudowę stref śródmiejskich. Ta problematyka nie jest opisana w prawie, choć ma istotne znaczenie w praktyce urbanistycznej.</p>
