{"id":46192,"date":"2023-03-24T00:10:00","date_gmt":"2023-03-24T00:10:00","guid":{"rendered":"https:\/\/wydawnictwo.ug.edu.pl\/ksiegarnia-online\/uncategorized\/sad-ostateczny-hansa-memlinga-losy-prawo-symbole\/"},"modified":"2026-02-11T13:14:58","modified_gmt":"2026-02-11T13:14:58","slug":"sad-ostateczny-hansa-memlinga-losy-prawo-symbole","status":"publish","type":"product","link":"https:\/\/wydawnictwo.ug.edu.pl\/en\/ksiegarnia-online\/prawo-i-administracja\/sad-ostateczny-hansa-memlinga-losy-prawo-symbole\/","title":{"rendered":"S\u0105d Ostateczny Hansa Memlinga. Losy \u2013 prawo \u2013 symbole"},"content":{"rendered":"","protected":false},"excerpt":{"rendered":"<p>Ksi\u0105\u017cka porusza wiele r\u00f3\u017cnych i niezwykle interesuj\u0105cych w\u0105tk\u00f3w dotycz\u0105cych\u00a0<em>S\u0105du Ostatecznego<\/em>\u00a0Hansa Memlinga, kt\u00f3re wcze\u015bniej by\u0142y podejmowane w bogatej literaturze tematu, cho\u0107 Czytelnik znajdzie tu tak\u017ce ca\u0142kiem nowe rozwa\u017cania, a w wielu miejscach poszerzenie i pog\u0142\u0119bienie dotychczasowych dyskusji. S\u0142u\u017cy temu mi\u0119dzy innymi umo\u017cliwienie prezentowania przez autor\u00f3w nieraz zgo\u0142a odmiennych stanowisk co do poruszanych kwestii. Dyskusja na kartach ksi\u0105\u017cki toczy si\u0119 w szczeg\u00f3lno\u015bci wok\u00f3\u0142 nast\u0119puj\u0105cych zagadnie\u0144: Kto jest autorem\u00a0<em>S\u0105du Ostatecznego<\/em>\u00a0i kiedy go namalowa\u0142? Kim by\u0142 fundator obrazu, a kim jego zdobywca? Sk\u0105d tryptyk wzi\u0105\u0142 si\u0119 w Gda\u0144sku i jakie by\u0142y jego losy? Jaki jest stan zachowania obrazu i czy kolejne konserwacje by\u0142y przeprowadzane w spos\u00f3b w\u0142a\u015bciwy? Kogo Memling przedstawi\u0142 na swoim dziele? Jakie inspiracje artystyczne wywo\u0142a\u0142 tryptyk w r\u00f3\u017cnych sztukach, a z jakich sam czerpa\u0142? Czy i na ile artysta zna\u0142 anatomi\u0119? Jaka jest symbolika obrazu? Jaka jest relacja przedstawienia s\u0105du wobec prawa kanonicznego? Wreszcie, gdzie jest miejsce\u00a0<em>S\u0105du Ostatecznego<\/em>\u00a0\u2013 w muzeum czy w ko\u015bciele?<\/p>\n<p>Ksi\u0105\u017cka ukaza\u0142a si\u0119 w serii wydawniczej Studia z Estetyki Prawa.<\/p>\n<p><a href=\"https:\/\/radiogdansk.pl\/audycje\/co-za-historia\/2023\/04\/26\/burzliwe-losy-wyjatkowego-dziela-jakim-jest-sad-ostateczny-hansa-memlinga\/\">Rozmowa z prof. Beat\u0105 Mo\u017cejko w Radio Gda\u0144sk<\/a><\/p>\n<p>&nbsp;<\/p>\n","protected":false},"featured_media":15396,"template":"","meta":{"_acf_changed":false},"journal":[],"rodzaj":[7074,7076],"seria":[7083],"product_brand":[],"product_cat":[6936,6958,6932],"product_tag":[7393,7509,7417,7413],"class_list":{"0":"post-46192","1":"product","2":"type-product","3":"status-publish","4":"has-post-thumbnail","6":"rodzaj-ksiazki","7":"rodzaj-serie-wydawnicze","8":"seria-studia-z-estetyki-prawa","9":"product_cat-historia-sztuki-i-kulturoznawstwo","10":"product_cat-historia","11":"product_cat-prawo-i-administracja","12":"product_tag-beata-mozejko","13":"product_tag-jerzy-zajadlojerzy-zajadlo","14":"product_tag-joanna-kamienjoanna-kamien","15":"product_tag-kamil-zeidlerkamil-zeidler","16":"pa_rok-wydania-2019-en","18":"first","19":"instock","20":"taxable","21":"shipping-taxable","22":"purchasable","23":"product-type-simple"},"acf":[],"_links":{"self":[{"href":"https:\/\/wydawnictwo.ug.edu.pl\/en\/wp-json\/wp\/v2\/product\/46192","targetHints":{"allow":["GET"]}}],"collection":[{"href":"https:\/\/wydawnictwo.ug.edu.pl\/en\/wp-json\/wp\/v2\/product"}],"about":[{"href":"https:\/\/wydawnictwo.ug.edu.pl\/en\/wp-json\/wp\/v2\/types\/product"}],"wp:featuredmedia":[{"embeddable":true,"href":"https:\/\/wydawnictwo.ug.edu.pl\/en\/wp-json\/wp\/v2\/media\/15396"}],"wp:attachment":[{"href":"https:\/\/wydawnictwo.ug.edu.pl\/en\/wp-json\/wp\/v2\/media?parent=46192"}],"wp:term":[{"taxonomy":"journal","embeddable":true,"href":"https:\/\/wydawnictwo.ug.edu.pl\/en\/wp-json\/wp\/v2\/journal?post=46192"},{"taxonomy":"rodzaj","embeddable":true,"href":"https:\/\/wydawnictwo.ug.edu.pl\/en\/wp-json\/wp\/v2\/rodzaj?post=46192"},{"taxonomy":"seria","embeddable":true,"href":"https:\/\/wydawnictwo.ug.edu.pl\/en\/wp-json\/wp\/v2\/seria?post=46192"},{"taxonomy":"product_brand","embeddable":true,"href":"https:\/\/wydawnictwo.ug.edu.pl\/en\/wp-json\/wp\/v2\/product_brand?post=46192"},{"taxonomy":"product_cat","embeddable":true,"href":"https:\/\/wydawnictwo.ug.edu.pl\/en\/wp-json\/wp\/v2\/product_cat?post=46192"},{"taxonomy":"product_tag","embeddable":true,"href":"https:\/\/wydawnictwo.ug.edu.pl\/en\/wp-json\/wp\/v2\/product_tag?post=46192"}],"curies":[{"name":"wp","href":"https:\/\/api.w.org\/{rel}","templated":true}]}}

Sąd Ostateczny Hansa Memlinga. Losy – prawo – symbole

<p>Książka porusza wiele różnych i niezwykle interesujących wątków dotyczących <em>Sądu Ostatecznego</em> Hansa Memlinga, które wcześniej były podejmowane w bogatej literaturze tematu, choć Czytelnik znajdzie tu także całkiem nowe rozważania, a w wielu miejscach poszerzenie i pogłębienie dotychczasowych dyskusji. Służy temu między innymi umożliwienie prezentowania przez autorów nieraz zgoła odmiennych stanowisk co do poruszanych kwestii. Dyskusja na kartach książki toczy się w szczególności wokół następujących zagadnień: Kto jest autorem <em>Sądu Ostatecznego</em> i kiedy go namalował? Kim był fundator obrazu, a kim jego zdobywca? Skąd tryptyk wziął się w Gdańsku i jakie były jego losy? Jaki jest stan zachowania obrazu i czy kolejne konserwacje były przeprowadzane w sposób właściwy? Kogo Memling przedstawił na swoim dziele? Jakie inspiracje artystyczne wywołał tryptyk w różnych sztukach, a z jakich sam czerpał? Czy i na ile artysta znał anatomię? Jaka jest symbolika obrazu? Jaka jest relacja przedstawienia sądu wobec prawa kanonicznego? Wreszcie, gdzie jest miejsce <em>Sądu Ostatecznego</em> – w muzeum czy w kościele?</p>
<p>Książka ukazała się w serii wydawniczej Studia z Estetyki Prawa.</p>
<p><a href="https://radiogdansk.pl/audycje/co-za-historia/2023/04/26/burzliwe-losy-wyjatkowego-dziela-jakim-jest-sad-ostateczny-hansa-memlinga/">Rozmowa z prof. Beatą Możejko w Radio Gdańsk</a></p>
<p>&nbsp;</p>
