{"id":46191,"date":"2023-03-24T12:56:29","date_gmt":"2023-03-24T12:56:29","guid":{"rendered":"https:\/\/wydawnictwo.ug.edu.pl\/ksiegarnia-online\/uncategorized\/mediacje-sadowe-i-interwencja-kryzysowa-w-teorii-i-praktyce\/"},"modified":"2026-02-11T13:14:52","modified_gmt":"2026-02-11T13:14:52","slug":"mediacje-sadowe-i-interwencja-kryzysowa-w-teorii-i-praktyce","status":"publish","type":"product","link":"https:\/\/wydawnictwo.ug.edu.pl\/en\/ksiegarnia-online\/prawo-i-administracja\/mediacje-sadowe-i-interwencja-kryzysowa-w-teorii-i-praktyce\/","title":{"rendered":"Mediacje s\u0105dowe i interwencja kryzysowa w teorii i praktyce"},"content":{"rendered":"","protected":false},"excerpt":{"rendered":"<p>XXI wiek to czas szybkiego tempa post\u0119pu cywilizacyjnego, wdra\u017cania w \u017cycie nowych technologii i nowych jako\u015bciowo relacji spo\u0142ecznych. Nie by\u0142oby to jednak mo\u017cliwe bez pracy, kt\u00f3rej wsp\u00f3\u0142czesny cz\u0142owiek po\u015bwi\u0119ca du\u017co czasu (\u2026), w efekcie czego brakuje mu go zar\u00f3wno dla siebie, jak i os\u00f3b z najbli\u017cszego otoczenia, co z kolei determinuje w du\u017cym stopniu zachowania spo\u0142eczne. Taki stan niejednokrotnie generuje stres i zm\u0119czenie, a to prowadzi do wielu kryzys\u00f3w, z kt\u00f3rymi na pocz\u0105tku mo\u017cna sobie poradzi\u0107, lecz w miar\u0119 ich narastania staje si\u0119 to coraz trudniejsze i powoduje wiele konflikt\u00f3w, o r\u00f3\u017cnorakim pod\u0142o\u017cu i zabarwieniu emocjonalnym, dotycz\u0105cych kwestii codziennego \u017cycia zawodowego, rodzinnego oraz relacji spo\u0142ecznych, tak interpersonalnych, jak i instytucjonalnych. W pewnym momencie nie ma ju\u017c nawet nadziei na popraw\u0119 sytuacji. Niezb\u0119dne jest w\u00f3wczas uzyskanie wykwalifikowanej pomocy i wsparcia spo\u0142ecznego, w tym wsparcia w drodze mediacji s\u0105dowych oraz interwencji kryzysowej. St\u0105d te\u017c w \u015bwiecie wielu konflikt\u00f3w i kryzys\u00f3w problematyka ta nabiera szczeg\u00f3lnego znaczenia i staje si\u0119 wa\u017cnym zagadnieniem w sferze nauki i praktyki spo\u0142ecznej (\u2026).<\/p>\n<p>Recenzowana monografia niew\u0105tpliwie poszerza wiedz\u0119 zar\u00f3wno o mediacjach s\u0105dowych, jak i interwencji kryzysowej, mocno j\u0105 osadzaj\u0105c w praktyce spo\u0142ecznej i obowi\u0105zuj\u0105cych w tym zakresie przepisach prawa. (\u2026) Jest warto\u015bciow\u0105 publikacj\u0105 i zalecam jej lektur\u0119 specjalistom, kt\u00f3rzy na co dzie\u0144 stosuj\u0105 w praktyce mediacje s\u0105dowe oraz podejmuj\u0105 interwencje kryzysowe.<\/p>\n<p style=\"text-align: right;\"><em>Z recenzji dr. hab. Andrzeja Urbanka, prof. AP<\/em><\/p>\n","protected":false},"featured_media":24360,"template":"","meta":{"_acf_changed":false},"journal":[],"rodzaj":[7074],"seria":[],"product_brand":[],"product_cat":[6932],"product_tag":[7703,7704],"class_list":{"0":"post-46191","1":"product","2":"type-product","3":"status-publish","4":"has-post-thumbnail","6":"rodzaj-ksiazki","7":"product_cat-prawo-i-administracja","8":"product_tag-lukasz-wirkuslukasz-wirkus","9":"product_tag-marta-pieta-chrystofiak","11":"first","12":"instock","13":"taxable","14":"shipping-taxable","15":"product-type-simple"},"acf":[],"_links":{"self":[{"href":"https:\/\/wydawnictwo.ug.edu.pl\/en\/wp-json\/wp\/v2\/product\/46191","targetHints":{"allow":["GET"]}}],"collection":[{"href":"https:\/\/wydawnictwo.ug.edu.pl\/en\/wp-json\/wp\/v2\/product"}],"about":[{"href":"https:\/\/wydawnictwo.ug.edu.pl\/en\/wp-json\/wp\/v2\/types\/product"}],"wp:featuredmedia":[{"embeddable":true,"href":"https:\/\/wydawnictwo.ug.edu.pl\/en\/wp-json\/wp\/v2\/media\/24360"}],"wp:attachment":[{"href":"https:\/\/wydawnictwo.ug.edu.pl\/en\/wp-json\/wp\/v2\/media?parent=46191"}],"wp:term":[{"taxonomy":"journal","embeddable":true,"href":"https:\/\/wydawnictwo.ug.edu.pl\/en\/wp-json\/wp\/v2\/journal?post=46191"},{"taxonomy":"rodzaj","embeddable":true,"href":"https:\/\/wydawnictwo.ug.edu.pl\/en\/wp-json\/wp\/v2\/rodzaj?post=46191"},{"taxonomy":"seria","embeddable":true,"href":"https:\/\/wydawnictwo.ug.edu.pl\/en\/wp-json\/wp\/v2\/seria?post=46191"},{"taxonomy":"product_brand","embeddable":true,"href":"https:\/\/wydawnictwo.ug.edu.pl\/en\/wp-json\/wp\/v2\/product_brand?post=46191"},{"taxonomy":"product_cat","embeddable":true,"href":"https:\/\/wydawnictwo.ug.edu.pl\/en\/wp-json\/wp\/v2\/product_cat?post=46191"},{"taxonomy":"product_tag","embeddable":true,"href":"https:\/\/wydawnictwo.ug.edu.pl\/en\/wp-json\/wp\/v2\/product_tag?post=46191"}],"curies":[{"name":"wp","href":"https:\/\/api.w.org\/{rel}","templated":true}]}}

Mediacje sądowe i interwencja kryzysowa w teorii i praktyce

<p>XXI wiek to czas szybkiego tempa postępu cywilizacyjnego, wdrażania w życie nowych technologii i nowych jakościowo relacji społecznych. Nie byłoby to jednak możliwe bez pracy, której współczesny człowiek poświęca dużo czasu (…), w efekcie czego brakuje mu go zarówno dla siebie, jak i osób z najbliższego otoczenia, co z kolei determinuje w dużym stopniu zachowania społeczne. Taki stan niejednokrotnie generuje stres i zmęczenie, a to prowadzi do wielu kryzysów, z którymi na początku można sobie poradzić, lecz w miarę ich narastania staje się to coraz trudniejsze i powoduje wiele konfliktów, o różnorakim podłożu i zabarwieniu emocjonalnym, dotyczących kwestii codziennego życia zawodowego, rodzinnego oraz relacji społecznych, tak interpersonalnych, jak i instytucjonalnych. W pewnym momencie nie ma już nawet nadziei na poprawę sytuacji. Niezbędne jest wówczas uzyskanie wykwalifikowanej pomocy i wsparcia społecznego, w tym wsparcia w drodze mediacji sądowych oraz interwencji kryzysowej. Stąd też w świecie wielu konfliktów i kryzysów problematyka ta nabiera szczególnego znaczenia i staje się ważnym zagadnieniem w sferze nauki i praktyki społecznej (…).</p>
<p>Recenzowana monografia niewątpliwie poszerza wiedzę zarówno o mediacjach sądowych, jak i interwencji kryzysowej, mocno ją osadzając w praktyce społecznej i obowiązujących w tym zakresie przepisach prawa. (…) Jest wartościową publikacją i zalecam jej lekturę specjalistom, którzy na co dzień stosują w praktyce mediacje sądowe oraz podejmują interwencje kryzysowe.</p>
<p style="text-align: right;"><em>Z recenzji dr. hab. Andrzeja Urbanka, prof. AP</em></p>
