{"id":46190,"date":"2023-03-30T11:05:32","date_gmt":"2023-03-30T11:05:32","guid":{"rendered":"https:\/\/wydawnictwo.ug.edu.pl\/ksiegarnia-online\/uncategorized\/nauczyciele-polscy-w-przestrzeni-zawodowej-spolecznej-i-politycznej-lat-1945-1999\/"},"modified":"2026-02-11T13:14:49","modified_gmt":"2026-02-11T13:14:49","slug":"nauczyciele-polscy-w-przestrzeni-zawodowej-spolecznej-i-politycznej-lat-1945-1999","status":"publish","type":"product","link":"https:\/\/wydawnictwo.ug.edu.pl\/en\/ksiegarnia-online\/historia\/nauczyciele-polscy-w-przestrzeni-zawodowej-spolecznej-i-politycznej-lat-1945-1999\/","title":{"rendered":"Nauczyciele polscy w przestrzeni zawodowej, spo\u0142ecznej i politycznej lat 1945-1999"},"content":{"rendered":"","protected":false},"excerpt":{"rendered":"<p>W wielu o\u015brodkach akademickich prowadzi si\u0119 systematyczne badania dotycz\u0105ce poszczeg\u00f3lnych etap\u00f3w rozwoju szkolnictwa, a w szczeg\u00f3lno\u015bci kierunk\u00f3w zmian, jakie dokonywa\u0142y si\u0119 w latach 1945\u20131999 w Polsce, i ich uwarunkowa\u0144 ideologicznych zwi\u0105zanych z funkcjonowaniem systemu w\u0142adzy pa\u0144stwowej. Zainteresowania naukowc\u00f3w dotycz\u0105 r\u00f3wnie\u017c krytycznej oceny bazy materialnej, znajduj\u0105cej si\u0119 w zasobach szkolnictwa w Polsce, oraz \u015brodk\u00f3w dydaktycznych, kt\u00f3re mia\u0142y istotny wp\u0142yw nie tylko na proces kszta\u0142cenia, ale i formowanie postaw wa\u017cnych dla w\u0142adzy. Si\u0119gaj\u0105c po zr\u00f3\u017cnicowane metody badawcze oraz szerok\u0105 podstaw\u0119 \u017ar\u00f3d\u0142ow\u0105, naukowcy w niniejszej publikacji uzupe\u0142niaj\u0105 dotychczasowe ustalenia, co pozwala spojrze\u0107 na badane zagadnienia z nowej perspektywy.<\/p>\n<p style=\"text-align: right;\"><em>Ze Wst\u0119pu<\/em><\/p>\n","protected":false},"featured_media":24222,"template":"","meta":{"_acf_changed":false},"journal":[],"rodzaj":[7074],"seria":[],"product_brand":[],"product_cat":[6958],"product_tag":[7702,7692],"class_list":{"0":"post-46190","1":"product","2":"type-product","3":"status-publish","4":"has-post-thumbnail","6":"rodzaj-ksiazki","7":"product_cat-historia","8":"product_tag-anna-siekierska","9":"product_tag-arnold-klonczynski","11":"first","12":"instock","13":"taxable","14":"shipping-taxable","15":"purchasable","16":"product-type-simple"},"acf":[],"_links":{"self":[{"href":"https:\/\/wydawnictwo.ug.edu.pl\/en\/wp-json\/wp\/v2\/product\/46190","targetHints":{"allow":["GET"]}}],"collection":[{"href":"https:\/\/wydawnictwo.ug.edu.pl\/en\/wp-json\/wp\/v2\/product"}],"about":[{"href":"https:\/\/wydawnictwo.ug.edu.pl\/en\/wp-json\/wp\/v2\/types\/product"}],"wp:featuredmedia":[{"embeddable":true,"href":"https:\/\/wydawnictwo.ug.edu.pl\/en\/wp-json\/wp\/v2\/media\/24222"}],"wp:attachment":[{"href":"https:\/\/wydawnictwo.ug.edu.pl\/en\/wp-json\/wp\/v2\/media?parent=46190"}],"wp:term":[{"taxonomy":"journal","embeddable":true,"href":"https:\/\/wydawnictwo.ug.edu.pl\/en\/wp-json\/wp\/v2\/journal?post=46190"},{"taxonomy":"rodzaj","embeddable":true,"href":"https:\/\/wydawnictwo.ug.edu.pl\/en\/wp-json\/wp\/v2\/rodzaj?post=46190"},{"taxonomy":"seria","embeddable":true,"href":"https:\/\/wydawnictwo.ug.edu.pl\/en\/wp-json\/wp\/v2\/seria?post=46190"},{"taxonomy":"product_brand","embeddable":true,"href":"https:\/\/wydawnictwo.ug.edu.pl\/en\/wp-json\/wp\/v2\/product_brand?post=46190"},{"taxonomy":"product_cat","embeddable":true,"href":"https:\/\/wydawnictwo.ug.edu.pl\/en\/wp-json\/wp\/v2\/product_cat?post=46190"},{"taxonomy":"product_tag","embeddable":true,"href":"https:\/\/wydawnictwo.ug.edu.pl\/en\/wp-json\/wp\/v2\/product_tag?post=46190"}],"curies":[{"name":"wp","href":"https:\/\/api.w.org\/{rel}","templated":true}]}}

Nauczyciele polscy w przestrzeni zawodowej, społecznej i politycznej lat 1945-1999

<p>W wielu ośrodkach akademickich prowadzi się systematyczne badania dotyczące poszczególnych etapów rozwoju szkolnictwa, a w szczególności kierunków zmian, jakie dokonywały się w latach 1945–1999 w Polsce, i ich uwarunkowań ideologicznych związanych z funkcjonowaniem systemu władzy państwowej. Zainteresowania naukowców dotyczą również krytycznej oceny bazy materialnej, znajdującej się w zasobach szkolnictwa w Polsce, oraz środków dydaktycznych, które miały istotny wpływ nie tylko na proces kształcenia, ale i formowanie postaw ważnych dla władzy. Sięgając po zróżnicowane metody badawcze oraz szeroką podstawę źródłową, naukowcy w niniejszej publikacji uzupełniają dotychczasowe ustalenia, co pozwala spojrzeć na badane zagadnienia z nowej perspektywy.</p>
<p style="text-align: right;"><em>Ze Wstępu</em></p>
