{"id":46188,"date":"2023-04-03T10:19:45","date_gmt":"2023-04-03T10:19:45","guid":{"rendered":"https:\/\/wydawnictwo.ug.edu.pl\/ksiegarnia-online\/uncategorized\/lex-metropolitana-rozwoj-ustawodawstwa-metropolitalnego-w-trzeciej-rzeczypospolitej-polskiej\/"},"modified":"2026-02-11T13:14:44","modified_gmt":"2026-02-11T13:14:44","slug":"lex-metropolitana-rozwoj-ustawodawstwa-metropolitalnego-w-trzeciej-rzeczypospolitej-polskiej","status":"publish","type":"product","link":"https:\/\/wydawnictwo.ug.edu.pl\/en\/ksiegarnia-online\/prawo-i-administracja\/lex-metropolitana-rozwoj-ustawodawstwa-metropolitalnego-w-trzeciej-rzeczypospolitej-polskiej\/","title":{"rendered":"Lex metropolitana. Rozw\u00f3j ustawodawstwa metropolitalnego w Trzeciej Rzeczypospolitej Polskiej"},"content":{"rendered":"","protected":false},"excerpt":{"rendered":"<p style=\"text-align: left;\">Prawodawca nie jest w stanie \u2013 pomimo presji strony samorz\u0105dowej czy \u015brodowisk naukowo-eksperckich \u2013 przeprowadzi\u0107 reformy metropolitalnej. Proces ten, w du\u017cym uproszczeniu, sprowadza si\u0119 do opracowania, uchwalenia i wdro\u017cenia ustawy metropolitalnej. Nie mog\u0105c wyrazi\u0107 si\u0119 pro\u015bciej i dosadniej, elity polityczne s\u0105 od dekad pora\u017caj\u0105co bezskuteczne w zakresie tworzenia system\u00f3w zarz\u0105dzania najwi\u0119kszymi obszarami zurbanizowanymi. Nie wdaj\u0105c si\u0119 w dywagacje na temat przyczyn takiego stanu rzeczy \u2013 te s\u0105 niew\u0105tpliwie z\u0142o\u017cone i \u201ezakorzenione\u201d w uwarunkowaniach politycznych i kulturowych \u2013 nale\u017cy wspomnie\u0107, \u017ce Rzeczpospolita Polska jest koncepcyjnie gotowa na reform\u0119 metropolitaln\u0105. Oznacza to, \u017ce istnieje wiele \u201eprzepis\u00f3w na metropoli\u0119\u201d, tylko brakuje \u2013 znowu upraszczaj\u0105c \u2013 wi\u0119kszo\u015bci parlamentarnej i pozytywnej decyzji (ustawy). Wskazane koncepcje przybieraj\u0105 nie tylko posta\u0107 publikacji naukowych i eksperckich, lecz tak\u017ce \u201edokument\u00f3w przedlegislacyjnych\u201d czy wr\u0119cz \u201eprojekt\u00f3w ustaw\u201d. S\u0105 wi\u0119c, tak\u017ce na p\u0142aszczy\u017anie techniki prawodawczej, dalece opracowane. W szczeg\u00f3lno\u015bci projekty ustaw stanowi\u0105 cenny dorobek, o kt\u00f3rym warto pami\u0119ta\u0107, zw\u0142aszcza gdy przydarzy si\u0119 polityczna okazja. S\u0105 to bowiem \u201egotowce\u201d. W zasadzie nale\u017ca\u0142oby postawi\u0107 tez\u0119, \u017ce polska ustawa metropolitalna istnieje, zosta\u0142a opracowana i napisana, a mo\u017ce nawet i spo\u0142ecznie skonsultowana. Trzeba j\u0105 tylko wyj\u0105\u0107 z szafy, nieco od\u015bwie\u017cy\u0107, zaadaptowa\u0107 do dynamicznie zmieniaj\u0105cej si\u0119 rzeczywisto\u015bci, \u201epu\u015bci\u0107 w obieg\u201d i przeg\u0142osowa\u0107.<\/p>\n<p style=\"text-align: right;\"><em>Od Autora<\/em><\/p>\n<p>Patronat: Wydawnictwo Uniwersytetu Gda\u0144skiego, <a href=\"https:\/\/metropolie.pl\/\">Unia Metropolii Polskich im. Paw\u0142a Adamowicza<\/a>, <a href=\"https:\/\/www.im.edu.pl\/\">Instytut Metropolitalny<\/a>.<\/p>\n<p><img fetchpriority=\"high\" decoding=\"async\" class=\"wp-image-24215 aligncenter\" src=\"https:\/\/wydawnictwo.ug.edu.pl\/wp-content\/uploads\/2023\/03\/Nowy-projekt.png\" alt=\"\" width=\"457\" height=\"117\" srcset=\"https:\/\/wydawnictwo.ug.edu.pl\/wp-content\/uploads\/2023\/03\/Nowy-projekt.png 702w, https:\/\/wydawnictwo.ug.edu.pl\/wp-content\/uploads\/2023\/03\/Nowy-projekt-600x154.png 600w, https:\/\/wydawnictwo.ug.edu.pl\/wp-content\/uploads\/2023\/03\/Nowy-projekt-300x77.png 300w, https:\/\/wydawnictwo.ug.edu.pl\/wp-content\/uploads\/2023\/03\/Nowy-projekt-640x164.png 640w, https:\/\/wydawnictwo.ug.edu.pl\/wp-content\/uploads\/2023\/03\/Nowy-projekt-400x103.png 400w\" sizes=\"(max-width: 457px) 100vw, 457px\" \/><\/p>\n","protected":false},"featured_media":24201,"template":"","meta":{"_acf_changed":false},"journal":[],"rodzaj":[7074],"seria":[],"product_brand":[],"product_cat":[6932],"product_tag":[7501],"class_list":{"0":"post-46188","1":"product","2":"type-product","3":"status-publish","4":"has-post-thumbnail","6":"rodzaj-ksiazki","7":"product_cat-prawo-i-administracja","8":"product_tag-jakub-szlachetko","10":"first","11":"instock","12":"taxable","13":"shipping-taxable","14":"purchasable","15":"product-type-simple"},"acf":[],"_links":{"self":[{"href":"https:\/\/wydawnictwo.ug.edu.pl\/en\/wp-json\/wp\/v2\/product\/46188","targetHints":{"allow":["GET"]}}],"collection":[{"href":"https:\/\/wydawnictwo.ug.edu.pl\/en\/wp-json\/wp\/v2\/product"}],"about":[{"href":"https:\/\/wydawnictwo.ug.edu.pl\/en\/wp-json\/wp\/v2\/types\/product"}],"wp:featuredmedia":[{"embeddable":true,"href":"https:\/\/wydawnictwo.ug.edu.pl\/en\/wp-json\/wp\/v2\/media\/24201"}],"wp:attachment":[{"href":"https:\/\/wydawnictwo.ug.edu.pl\/en\/wp-json\/wp\/v2\/media?parent=46188"}],"wp:term":[{"taxonomy":"journal","embeddable":true,"href":"https:\/\/wydawnictwo.ug.edu.pl\/en\/wp-json\/wp\/v2\/journal?post=46188"},{"taxonomy":"rodzaj","embeddable":true,"href":"https:\/\/wydawnictwo.ug.edu.pl\/en\/wp-json\/wp\/v2\/rodzaj?post=46188"},{"taxonomy":"seria","embeddable":true,"href":"https:\/\/wydawnictwo.ug.edu.pl\/en\/wp-json\/wp\/v2\/seria?post=46188"},{"taxonomy":"product_brand","embeddable":true,"href":"https:\/\/wydawnictwo.ug.edu.pl\/en\/wp-json\/wp\/v2\/product_brand?post=46188"},{"taxonomy":"product_cat","embeddable":true,"href":"https:\/\/wydawnictwo.ug.edu.pl\/en\/wp-json\/wp\/v2\/product_cat?post=46188"},{"taxonomy":"product_tag","embeddable":true,"href":"https:\/\/wydawnictwo.ug.edu.pl\/en\/wp-json\/wp\/v2\/product_tag?post=46188"}],"curies":[{"name":"wp","href":"https:\/\/api.w.org\/{rel}","templated":true}]}}

Lex metropolitana. Rozwój ustawodawstwa metropolitalnego w Trzeciej Rzeczypospolitej Polskiej

<p style="text-align: left;">Prawodawca nie jest w stanie – pomimo presji strony samorządowej czy środowisk naukowo-eksperckich – przeprowadzić reformy metropolitalnej. Proces ten, w dużym uproszczeniu, sprowadza się do opracowania, uchwalenia i wdrożenia ustawy metropolitalnej. Nie mogąc wyrazić się prościej i dosadniej, elity polityczne są od dekad porażająco bezskuteczne w zakresie tworzenia systemów zarządzania największymi obszarami zurbanizowanymi. Nie wdając się w dywagacje na temat przyczyn takiego stanu rzeczy – te są niewątpliwie złożone i „zakorzenione” w uwarunkowaniach politycznych i kulturowych – należy wspomnieć, że Rzeczpospolita Polska jest koncepcyjnie gotowa na reformę metropolitalną. Oznacza to, że istnieje wiele „przepisów na metropolię”, tylko brakuje – znowu upraszczając – większości parlamentarnej i pozytywnej decyzji (ustawy). Wskazane koncepcje przybierają nie tylko postać publikacji naukowych i eksperckich, lecz także „dokumentów przedlegislacyjnych” czy wręcz „projektów ustaw”. Są więc, także na płaszczyźnie techniki prawodawczej, dalece opracowane. W szczególności projekty ustaw stanowią cenny dorobek, o którym warto pamiętać, zwłaszcza gdy przydarzy się polityczna okazja. Są to bowiem „gotowce”. W zasadzie należałoby postawić tezę, że polska ustawa metropolitalna istnieje, została opracowana i napisana, a może nawet i społecznie skonsultowana. Trzeba ją tylko wyjąć z szafy, nieco odświeżyć, zaadaptować do dynamicznie zmieniającej się rzeczywistości, „puścić w obieg” i przegłosować.</p>
<p style="text-align: right;"><em>Od Autora</em></p>
<p>Patronat: Wydawnictwo Uniwersytetu Gdańskiego, <a href="https://metropolie.pl/">Unia Metropolii Polskich im. Pawła Adamowicza</a>, <a href="https://www.im.edu.pl/">Instytut Metropolitalny</a>.</p>
<p><img fetchpriority="high" decoding="async" class="wp-image-24215 aligncenter" src="https://wydawnictwo.ug.edu.pl/wp-content/uploads/2023/03/Nowy-projekt.png" alt="" width="457" height="117" srcset="https://wydawnictwo.ug.edu.pl/wp-content/uploads/2023/03/Nowy-projekt.png 702w, https://wydawnictwo.ug.edu.pl/wp-content/uploads/2023/03/Nowy-projekt-600x154.png 600w, https://wydawnictwo.ug.edu.pl/wp-content/uploads/2023/03/Nowy-projekt-300x77.png 300w, https://wydawnictwo.ug.edu.pl/wp-content/uploads/2023/03/Nowy-projekt-640x164.png 640w, https://wydawnictwo.ug.edu.pl/wp-content/uploads/2023/03/Nowy-projekt-400x103.png 400w" sizes="(max-width: 457px) 100vw, 457px" /></p>
